NOAA-Style Climate Reports


Report for 2015 November

Daily noaa report



                            MONTHLY CLIMATOLOGICAL SUMMARY for NOV. 2015

NAME: Rockcreek-Hillcrest   CITY: Superior STATE: Colorado
ELEV: 5581 LAT: 039:55:38 LONG: 0105:09:26

                            TEMPERATURE ( °F), RAIN (in.), WIND SPEED (mph)

                                               HEAT     COOL           AVG
      MEAN                                     DEG      DEG            WIND                       DOM
DAY   TEMP    HIGH   TIME     LOW    TIME      DAYS     DAYS    RAIN   SPEED    HIGH    TIME      DIR
--------------------------------------------------------------------------------------------------------
01    61.5   071.5   13:46    51.9   22:54     03.5     00.0   00.00   05.3     26.4    03:51     WSW
02    56.6   069.7   15:02    47.0   06:58     08.3     00.0   00.00   01.4     10.3    23:49      SW
03    58.7   075.0   14:04    40.5   04:17     06.3     00.0   00.00   02.6     20.7    14:47     SSE
04    49.1   056.1   02:27    35.5   00:00     15.8     00.0   00.40   03.1     14.9    14:29      N 
05    40.0   048.5   14:23    34.0   02:04     24.9     00.0   00.07   06.5     34.5    15:03     WSW
06    37.2   046.6   15:16    29.5   00:00     27.7     00.0   00.00   03.2     26.4    01:40      W 
07    36.8   053.8   14:42    22.5   06:52     28.2     00.0   00.00   00.4     10.3    11:54      SW
08    46.2   065.2   12:38    29.9   04:08     18.7     00.0   00.00   00.8     08.1    19:27     WSW
09    45.2   060.8   15:34    35.0   01:38     19.7     00.0   00.00   00.9     10.3    09:50     WSW
10    48.7   060.9   11:42    37.4   00:00     16.2     00.0   00.00   05.7     31.1    23:39      N 
11    37.3   041.8   11:39    32.4   01:48     27.7     00.0   00.30   12.1     51.8    20:17     WNW
12    39.1   047.2   14:28    29.2   23:46     25.8     00.0   00.00   05.3     38.0    01:40      W 
13    40.6   059.0   15:18    25.6   03:34     24.3     00.0   00.00   00.8     12.7    12:47      S 
14    48.4   064.0   15:39    34.9   02:28     16.5     00.0   00.00   00.7     09.2    13:58      S 
15    48.9   062.6   13:24    37.2   04:51     16.0     00.0   00.00   01.2     10.3    11:09     SSW
16    39.6   046.7   12:52    32.9   23:56     25.4     00.0   00.25   03.1     23.0    23:00      N 
17    38.0   048.9   14:32    32.6   02:10     26.9     00.0   00.03   08.3     33.4    23:50      NW
18    40.8   050.9   12:13    28.3   00:00     24.2     00.0   00.01   15.7     69.0    08:30     WNW
19    36.4   049.4   15:19    24.7   05:37     28.5     00.0   00.00   02.2     19.6    01:00      S 
20    38.4   055.7   09:10    22.6   23:10     26.5     00.0   00.00   06.1     36.8    09:36     WNW
21    33.3   046.1   15:17    16.0   04:47     31.6     00.0   00.03   04.7     32.2    13:55      W 
22    47.9   059.6   14:36    36.1   01:05     17.1     00.0   00.00   09.5     36.8    09:26     WNW
23    44.8   057.6   14:30    33.7   02:55     20.1     00.0   00.00   00.9     10.3    12:44     WNW
24    49.0   061.2   12:32    38.3   01:11     15.9     00.0   00.00   03.9     27.6    13:28     WNW
25    34.8   046.9   09:07    25.7   00:00     30.1     00.0   00.00   02.6     20.7    10:23     ENE
26    20.4   025.7   00:11    14.3   23:24     44.5     00.0   00.00   02.0     10.3    08:19     ENE
27    15.6   019.6   14:17    11.7   06:07     49.4     00.0   00.00   00.0     03.5    02:44     NNE
28    18.8   024.1   11:53    13.4   06:52     46.2     00.0   00.03   00.0     03.5    21:22     NNE
29    22.2   026.3   13:18    19.3   00:49     42.7     00.0   00.00   00.0     05.8    20:49      NW
30    25.6   030.8   13:05    19.1   06:18     39.3     00.0   00.00   03.8     40.3    23:31     WNW
--------------------------------------------------------------------------------------------------------
40.0 (40.4)   75.0  day 03     11.7  day 27   748.1    000.0   01.13   03.8     69.0   day 18     WNW
Max