NOAA-Style Climate Reports


Report for 2015 December

Daily noaa report



                            MONTHLY CLIMATOLOGICAL SUMMARY for DEC. 2015

NAME: Rockcreek-Hillcrest   CITY: Superior STATE: Colorado
ELEV: 5581 LAT: 039:55:38 LONG: 0105:09:26

                            TEMPERATURE ( °F), RAIN (in.), WIND SPEED (mph)

                                               HEAT     COOL           AVG
      MEAN                                     DEG      DEG            WIND                       DOM
DAY   TEMP    HIGH   TIME     LOW    TIME      DAYS     DAYS    RAIN   SPEED    HIGH    TIME      DIR
--------------------------------------------------------------------------------------------------------
01    34.4   039.7   13:40    27.2   00:20     30.6     00.0   00.00   10.6     47.1    01:13      W 
02    36.4   050.9   14:57    27.6   07:11     28.6     00.0   00.00   01.2     18.4    13:50      SW
03    39.0   051.1   14:50    28.8   23:42     25.9     00.0   00.00   02.1     17.3    11:41     SSE
04    39.9   053.6   14:08    27.3   03:50     25.1     00.0   00.00   00.9     12.7    21:35      W 
05    38.8   047.2   01:07    27.6   23:54     26.1     00.0   00.00   02.2     19.6    19:34      W 
06    40.4   054.6   22:45    26.8   00:53     24.5     00.0   00.00   01.4     26.4    22:17      W 
07    56.1   061.5   14:13    50.5   02:43     08.8     00.0   00.00   12.4     49.5    22:33      W 
08    53.0   057.0   12:53    48.3   05:50     11.9     00.0   00.00   13.5     49.5    06:42     WNW
09    61.0   069.1   13:36    50.3   00:01     03.9     00.0   00.00   11.5     44.9    22:34      W 
10    53.6   061.3   14:45    43.3   07:45     11.4     00.0   00.00   05.7     36.8    00:04      W 
11    44.4   058.4   00:18    35.9   00:00     20.6     00.0   00.00   03.1     25.3    02:00     SSW
12    29.9   035.9   00:01    26.5   00:00     35.1     00.0   00.00   01.4     09.2    15:45     NNW
13    31.5   046.0   15:35    22.4   07:08     33.5     00.0   00.10   00.5     09.2    05:22     WSW
14    32.1   040.9   13:59    25.2   07:08     32.8     00.0   00.01   01.8     19.6    23:32     NNE
15    22.1   028.4   00:01    18.9   19:11     42.9     00.0   00.00   06.0     32.2    08:51     NNE
16    27.4   032.6   10:35    21.1   21:01     37.6     00.0   00.00   05.8     26.4    08:03     WNW
17    17.5   031.5   23:53    09.1   22:43     47.4     00.0   00.00   01.8     20.7    23:35      W 
18    34.9   051.2   14:54    11.0   02:16     30.1     00.0   00.00   04.1     34.5    14:03     WSW
19    43.0   056.5   12:17    31.5   07:46     21.9     00.0   00.00   01.2     17.3    21:07      SW
20    42.2   050.6   09:48    32.9   18:29     22.7     00.0   00.00   03.5     25.3    21:36      W 
21    38.1   046.8   13:44    28.2   21:42     26.9     00.0   00.00   05.0     34.5    16:43      W 
22    38.7   049.6   13:34    28.3   00:00     26.3     00.0   00.00   02.6     24.1    07:30      SE
23    30.9   040.5   13:41    23.3   03:49     34.0     00.0   00.00   05.8     29.9    19:14      W 
24    29.3   036.5   11:58    24.6   07:04     35.6     00.0   00.00   07.4     33.4    05:09      W 
25    22.9   029.0   01:08    16.2   06:58     42.0     00.0   00.00   00.6     10.3    20:52      NW
26    17.0   024.5   12:53    09.5   23:36     48.0     00.0   00.01   00.4     11.5    14:42      SW
27    16.3   024.9   15:25    09.7   01:27     48.6     00.0   00.00   00.4     06.9    23:47      W 
28    16.3   029.6   13:38    07.0   05:39     48.6     00.0   00.00   00.3     08.1    00:15      SW
29    17.0   022.9   14:03    10.1   20:52     47.9     00.0   00.00   00.4     08.1    12:25     ENE
30    16.2   026.3   13:32    09.1   04:39     48.8     00.0   00.00   00.4     08.1    14:23      W 
31    17.1   026.9   14:47    09.9   02:55     47.8     00.0   00.00   00.4     08.1    13:33     WNW
--------------------------------------------------------------------------------------------------------
33.5 (33.9)   69.1  day 09     07.0  day 28   975.8    000.0   00.12   03.7     49.5   day 08      W 
Max