NOAA-Style Climate Reports


Report for 2016 January

Daily noaa report



                            MONTHLY CLIMATOLOGICAL SUMMARY for JAN. 2016

NAME: Rockcreek-Hillcrest   CITY: Superior STATE: Colorado
ELEV: 5581 LAT: 039:55:38 LONG: 0105:09:26

                            TEMPERATURE ( °F), RAIN (in.), WIND SPEED (mph)

                                               HEAT     COOL           AVG
      MEAN                                     DEG      DEG            WIND                       DOM
DAY   TEMP    HIGH   TIME     LOW    TIME      DAYS     DAYS    RAIN   SPEED    HIGH    TIME      DIR
--------------------------------------------------------------------------------------------------------
01    22.1   039.0   16:09    07.7   05:01     42.8     00.0   00.00   00.8     12.7    12:45      SW
02    30.2   044.9   12:14    17.3   03:45     34.7     00.0   00.00   00.5     09.2    08:07      W 
03    33.2   046.9   12:37    22.1   04:01     31.7     00.0   00.00   00.8     08.1    22:56     WSW
04    32.5   042.5   13:17    25.2   05:33     32.4     00.0   00.00   00.6     06.9    22:14      W 
05    37.9   047.6   14:51    29.0   01:29     27.0     00.0   00.00   01.8     19.6    23:28      NW
06    35.6   044.7   13:47    28.2   06:07     29.4     00.0   00.00   00.5     10.3    00:18     WNW
07    33.6   039.3   12:01    30.3   04:23     31.3     00.0   00.00   00.6     09.2    13:24      E 
08    24.4   031.1   00:01    20.0   23:59     40.5     00.0   00.00   01.1     11.5    14:12      E 
09    21.0   031.1   13:27    13.7   06:47     43.9     00.0   00.06   00.5     10.3    13:00     NNW
10    21.0   033.9   12:50    11.7   06:13     44.0     00.0   00.00   00.7     11.5    23:50     WNW
11    30.4   042.4   12:28    16.6   03:27     34.6     00.0   00.02   04.0     34.5    22:07     WNW
12    40.9   051.5   14:21    29.3   20:54     24.0     00.0   00.00   08.7     43.7    07:02     WNW
13    45.9   054.9   15:15    31.4   05:56     19.1     00.0   00.00   03.8     27.6    14:08     WNW
14    41.2   047.2   01:24    34.0   22:23     23.7     00.0   00.00   13.7     55.2    12:44     WNW
15    30.1   037.6   13:45    22.1   19:55     34.9     00.0   00.00   03.9     34.5    01:57     WNW
16    27.4   038.3   14:52    17.9   06:40     37.5     00.0   00.00   03.2     34.5    14:06     WNW
17    28.8   041.3   15:59    17.6   06:38     36.1     00.0   00.00   01.4     26.4    22:08     NNW
18    40.4   053.7   14:41    28.6   06:59     24.5     00.0   00.00   03.7     28.8    19:46     WNW
19    36.8   044.6   16:39    26.9   00:00     28.1     00.0   00.01   02.2     25.3    03:11      SW
20    40.8   048.4   12:44    26.8   00:05     24.1     00.0   00.01   07.9     31.1    03:20     WNW
21    33.9   041.8   11:29    25.8   00:00     31.0     00.0   00.00   04.0     17.3    01:44     WNW
22    38.7   053.3   11:17    25.0   00:26     26.3     00.0   00.00   01.1     11.5    10:44     WSW
23    47.4   063.1   16:27    33.3   23:59     17.6     00.0   00.00   02.4     29.9    01:56      W 
24    37.4   046.1   12:19    29.4   05:17     27.6     00.0   00.00   02.4     23.0    13:27      NE
25    31.6   039.1   13:07    23.2   21:34     33.3     00.0   00.00   02.0     18.4    15:52     ESE
26    31.4   045.7   14:42    21.7   05:47     33.5     00.0   00.00   01.4     13.8    13:17      SW
27    39.0   054.8   14:45    25.2   01:19     25.9     00.0   00.00   01.0     16.1    15:33      W 
28    45.2   060.8   15:16    29.7   06:28     19.7     00.0   00.00   02.3     19.6    15:47     WSW
29    51.9   055.6   00:45    46.3   09:20     13.0     00.0   00.00   13.8     47.1    23:26      W 
30    46.3   064.8   14:24    30.1   23:55     18.7     00.0   00.00   05.0     35.6    09:08      W 
--------------------------------------------------------------------------------------------------------
35.2 (35.5)   64.8  day 30     07.7  day 01   891.1    000.0   00.10   03.2     55.2   day 14     WNW
Max  0.8in)