NOAA-Style Climate Reports


Report for 2016 February

Daily noaa report



                            MONTHLY CLIMATOLOGICAL SUMMARY for FEB. 2016

NAME: Rockcreek-Hillcrest   CITY: Superior STATE: Colorado
ELEV: 5581 LAT: 039:55:38 LONG: 0105:09:26

                            TEMPERATURE ( °F), RAIN (in.), WIND SPEED (mph)

                                               HEAT     COOL           AVG
      MEAN                                     DEG      DEG            WIND                       DOM
DAY   TEMP    HIGH   TIME     LOW    TIME      DAYS     DAYS    RAIN   SPEED    HIGH    TIME      DIR
--------------------------------------------------------------------------------------------------------
01    25.3   027.8   12:59    22.3   00:00     39.6     00.0   00.00   01.5     14.9    22:52     NNE
02    19.9   022.6   16:07    15.4   23:14     45.0     00.0   00.00   03.4     20.7    10:51      N 
03    19.8   026.9   14:00    11.5   03:49     45.1     00.0   00.01   08.1     34.5    23:03     WNW
04    25.4   035.3   10:01    20.7   04:43     39.5     00.0   00.01   04.8     31.1    01:46     WNW
05    31.1   041.0   11:31    23.9   07:30     33.8     00.0   00.03   02.7     18.4    19:04      W 
06    41.2   050.3   20:48    23.7   04:02     23.7     00.0   00.01   07.8     38.0    17:00      W 
07    34.1   048.9   00:03    19.9   21:33     30.9     00.0   00.00   05.5     35.6    03:20      W 
08    35.3   047.5   15:54    20.9   07:11     29.6     00.0   00.00   02.3     17.3    03:12      S 
09    46.6   059.3   14:39    36.3   01:27     18.3     00.0   00.00   02.8     29.9    23:20      W 
10    56.7   067.1   13:09    49.6   00:05     08.2     00.0   00.00   11.4     38.0    04:07      W 
11    53.8   063.1   13:57    42.1   22:16     11.1     00.0   00.00   05.9     33.4    11:08     WNW
12    41.5   051.0   16:55    32.9   07:10     23.4     00.0   00.00   00.9     14.9    13:04      N 
13    45.4   064.0   12:35    26.3   07:36     19.5     00.0   00.00   09.3     57.5    20:19     WNW
14    44.2   052.3   09:56    34.2   04:27     20.8     00.0   00.00   10.1     39.1    08:33     WNW
15    49.6   056.4   16:01    34.7   00:26     15.3     00.0   00.00   11.9     46.0    06:02     WNW
16    46.3   058.6   15:35    30.6   07:10     18.7     00.0   00.00   05.9     34.5    15:06     WNW
17    51.5   062.1   15:51    39.4   08:45     13.4     00.0   00.00   01.0     19.6    00:57     NNE
18    58.6   072.5   14:33    42.4   21:53     06.3     00.0   00.03   12.7     56.4    22:51     WNW
19    50.9   063.0   12:48    39.2   07:13     14.0     00.0   00.00   09.7     50.6    01:11      W 
20    51.0   063.2   14:37    37.0   23:56     14.0     00.0   00.00   05.0     29.9    14:38     WNW
21    36.5   045.1   15:58    27.0   06:56     28.4     00.0   00.00   03.1     20.7    09:04     SSE
22    34.8   047.3   12:15    26.1   06:33     30.1     00.0   00.00   02.1     21.9    17:59     NNE
23    31.5   038.0   16:30    27.8   04:06     33.5     00.0   00.13   01.9     17.3    23:29     WNW
24    38.1   051.6   15:17    27.1   23:27     26.8     00.0   00.00   03.9     27.6    05:13     WSW
25    32.9   050.0   17:15    19.3   06:09     32.1     00.0   00.00   01.4     14.9    13:41      S 
26    46.4   062.2   16:30    31.8   02:29     18.6     00.0   00.00   02.5     19.6    10:09     SSW
27    55.0   066.6   16:22    38.1   05:11     09.9     00.0   00.00   07.2     39.1    20:58     WNW
28    50.9   060.6   15:27    44.6   04:50     14.0     00.0   00.00   07.6     33.4    00:58     WNW
--------------------------------------------------------------------------------------------------------
41.2 (41.1)   72.5  day 18     11.5  day 03   663.9    000.0   00.23   05.4     57.5   day 13     WNW
Max