NOAA-Style Climate Reports


Report for 2016 March

Daily noaa report



                            MONTHLY CLIMATOLOGICAL SUMMARY for MAR. 2016

NAME: Rockcreek-Hillcrest   CITY: Superior STATE: Colorado
ELEV: 5581 LAT: 039:55:38 LONG: 0105:09:26

                            TEMPERATURE ( °F), RAIN (in.), WIND SPEED (mph)

                                               HEAT     COOL           AVG
      MEAN                                     DEG      DEG            WIND                       DOM
DAY   TEMP    HIGH   TIME     LOW    TIME      DAYS     DAYS    RAIN   SPEED    HIGH    TIME      DIR
--------------------------------------------------------------------------------------------------------
01    43.7   055.6   16:09    29.1   04:46     21.2     00.0   00.00   03.9     32.2    12:45     WSW
02    52.2   056.9   14:22    43.5   23:32     12.7     00.0   00.00   12.7     49.5    12:17     WNW
03    46.9   062.1   16:04    34.1   05:14     18.1     00.0   00.00   02.3     18.4    00:15     SSW
04    49.8   057.1   13:32    38.9   20:56     15.1     00.0   00.00   02.9     17.3    11:56     NNE
05    46.6   061.9   15:56    32.9   07:03     18.3     00.0   00.00   01.2     11.5    00:00     WNW
06    56.4   066.1   13:17    47.8   23:38     08.5     00.0   00.00   04.2     19.6    18:50      W 
07    43.7   052.0   09:48    32.3   00:00     21.3     00.0   00.00   05.5     38.0    11:55      W 
08    39.1   047.7   17:07    31.0   04:54     25.9     00.0   00.00   02.5     18.4    21:01      S 
09    42.5   055.3   15:33    29.1   04:15     22.4     00.0   00.00   03.0     21.9    14:13      W 
10    47.8   067.7   15:40    30.4   02:55     17.1     00.0   00.00   01.4     12.7    12:48     WSW
11    53.4   069.6   16:12    37.8   06:30     11.5     00.0   00.00   01.1     11.5    15:35     NNW
12    52.3   064.1   13:46    39.0   06:28     12.7     00.0   00.00   03.8     31.1    18:43      NW
13    55.4   063.0   18:21    46.3   00:00     09.5     00.0   00.00   07.5     34.5    05:36     WNW
14    48.9   059.6   14:17    41.3   06:42     16.0     00.0   00.00   11.0     50.6    11:27      W 
15    38.1   043.4   16:06    32.2   07:33     26.9     00.0   00.00   10.8     34.5    12:58     WNW
16    36.9   043.4   16:45    28.3   07:44     28.1     00.0   00.00   09.1     36.8    13:49      W 
17    30.7   036.3   00:01    27.8   06:53     34.2     00.0   00.01   01.4     12.7    01:08     NNE
18    24.7   029.6   16:19    21.2   07:28     40.3     00.0   00.24   01.8     18.4    04:10     NNE
19    26.6   033.9   18:12    19.7   04:55     38.4     00.0   00.05   01.1     11.5    09:20     WSW
20    37.6   059.0   17:03    19.8   04:05     27.4     00.0   00.01   01.1     12.7    13:03      SW
21    59.4   071.4   17:40    37.7   00:03     05.6     00.0   00.00   05.4     29.9    08:25      W 
22    57.5   070.1   14:27    46.0   04:22     07.5     00.0   00.00   03.3     29.9    23:36     WNW
23    31.5   047.1   00:06    24.4   21:24     33.5     00.0   00.29   01.1     20.7    00:24      N 
24    34.6   047.3   17:36    19.2   04:17     30.4     00.0   00.37   03.1     27.6    12:27      W 
25    39.8   047.3   14:35    31.3   23:32     25.2     00.0   00.00   03.9     26.4    10:06      W 
26    29.3   037.1   15:30    24.0   08:05     35.6     00.0   00.05   01.3     13.8    02:10     SSE
27    38.8   054.0   16:35    23.6   03:27     26.1     00.0   00.00   02.3     17.3    11:31      SW
28    46.0   059.4   12:11    32.8   05:44     18.9     00.0   00.00   01.4     19.6    22:42      W 
29    44.4   053.5   14:30    38.5   06:48     20.5     00.0   00.01   02.4     20.7    18:43     NNW
30    37.6   047.4   12:07    29.9   00:00     27.4     00.0   00.01   04.9     29.9    15:17     NNE
--------------------------------------------------------------------------------------------------------
43.1 (43.1)   71.4  day 21     19.2  day 24   656.2    000.0   01.05   03.9     50.6   day 02     WNW
Max  0.8in)