NOAA-Style Climate Reports


Report for 2016 April

Daily noaa report



                            MONTHLY CLIMATOLOGICAL SUMMARY for APR. 2016

NAME: Rockcreek-Hillcrest   CITY: Superior STATE: Colorado
ELEV: 5581 LAT: 039:55:38 LONG: 0105:09:26

                            TEMPERATURE ( °F), RAIN (in.), WIND SPEED (mph)

                                               HEAT     COOL           AVG
      MEAN                                     DEG      DEG            WIND                       DOM
DAY   TEMP    HIGH   TIME     LOW    TIME      DAYS     DAYS    RAIN   SPEED    HIGH    TIME      DIR
--------------------------------------------------------------------------------------------------------
01    38.8   052.9   18:13    25.9   06:18     26.2     00.0   00.00   02.0     17.3    20:35      W 
02    51.2   065.2   18:38    37.8   02:19     13.7     00.0   00.00   04.9     19.6    23:50     WSW
03    57.6   068.3   16:08    47.2   04:45     07.4     00.0   00.00   06.2     25.3    13:39     WNW
04    58.6   072.8   17:22    44.8   02:51     06.3     00.0   00.00   02.0     14.9    11:06      SW
05    52.4   064.5   11:50    44.4   21:13     12.5     00.0   00.00   11.0     52.9    14:27     WNW
06    56.3   068.4   16:09    43.1   00:13     08.6     00.0   00.00   12.2     34.5    19:13     WNW
07    53.3   065.9   17:38    38.6   06:47     11.6     00.0   00.00   02.2     21.9    01:21     ESE
08    51.7   066.8   15:40    38.1   06:24     13.3     00.0   00.00   01.5     12.7    17:14     SSW
09    55.3   070.8   14:24    38.8   07:11     09.6     00.0   00.00   09.4     47.1    18:45      W 
10    55.6   066.8   15:21    38.9   23:36     09.4     00.0   00.11   09.5     40.3    04:10      NW
11    45.3   057.8   17:56    38.6   03:14     19.6     00.0   00.00   00.4     10.3    14:35      SE
12    54.0   068.1   14:04    41.6   05:17     11.0     00.0   00.00   03.1     25.3    17:42      W 
13    59.8   071.3   14:12    49.0   05:58     05.2     00.0   00.00   02.5     26.4    15:54      SW
14    61.6   075.1   15:28    48.6   07:02     03.4     00.0   00.00   03.5     24.1    18:02     SSW
15    45.4   054.0   00:01    35.5   00:00     19.5     00.0   00.15   03.4     19.6    09:03     ENE
16    33.2   035.5   00:16    32.3   11:19     31.7     00.0   00.42   03.4     24.1    04:04      N 
17    33.7   037.5   14:29    30.9   06:21     31.3     00.0   00.72   01.6     17.3    11:53     NNE
18    36.3   043.0   16:58    31.8   06:59     28.6     00.0   00.10   01.6     11.5    19:31      SW
19    41.5   052.3   14:55    33.8   02:34     23.4     00.0   00.00   02.1     11.5    22:36     SSW
20    45.9   056.7   16:31    35.1   04:55     19.1     00.0   00.00   01.7     11.5    13:25     WSW
21    53.2   067.4   17:34    40.3   06:34     11.7     00.0   00.00   02.5     13.8    15:22     SSW
22    59.5   078.7   16:08    40.1   06:31     05.4     00.0   00.00   02.7     16.1    21:11     SSW
23    61.2   076.7   15:38    51.3   06:13     03.7     00.0   00.00   06.1     35.6    19:01      SW
24    55.1   062.3   17:26    48.4   05:18     09.8     00.0   00.00   11.0     40.3    11:37      W 
25    54.3   066.2   15:32    39.7   06:40     10.6     00.0   00.00   02.6     25.3    20:05      NW
26    42.9   050.2   00:01    34.3   00:00     22.0     00.0   00.01   03.7     24.1    10:57      NE
27    41.9   055.0   15:27    31.3   06:26     23.0     00.0   00.01   02.7     18.4    15:56     ESE
28    36.6   039.3   00:01    35.0   13:35     28.4     00.0   00.04   02.1     12.7    10:08     ESE
29    33.9   036.3   00:48    32.8   12:34     31.1     00.0   00.48   00.5     08.1    02:30      E 
--------------------------------------------------------------------------------------------------------
49.2 (49.5)   78.7  day 22     25.9  day 01   457.1    000.0   02.05   04.1     52.9   day 05      W 
Min  .008in) 6 (> .08in) 0 (> 0.8in)