NOAA-Style Climate Reports


Report for 2016 May

Daily noaa report



                            MONTHLY CLIMATOLOGICAL SUMMARY for MAY. 2016

NAME: Rockcreek-Hillcrest   CITY: Superior STATE: Colorado
ELEV: 5612 ft LAT: 039:55:38 LONG: 0105:09:26

                            TEMPERATURE ( °F), RAIN (in.), WIND SPEED (mph)

                                               HEAT     COOL           AVG
      MEAN                                     DEG      DEG            WIND                       DOM
DAY   TEMP    HIGH   TIME     LOW    TIME      DAYS     DAYS    RAIN   SPEED    HIGH    TIME      DIR
--------------------------------------------------------------------------------------------------------
01    36.1   042.2   16:56    32.8   08:21     28.9     00.0   00.08   01.1     14.9    04:03     NNW
02    45.6   061.8   16:55    28.9   05:21     19.3     00.0   00.00   01.2     11.5    17:56     WSW
03    53.4   065.0   16:29    37.9   03:59     11.5     00.0   00.00   03.4     19.6    10:14      N 
04    59.9   072.7   12:57    46.7   06:25     05.0     00.0   00.00   02.0     14.9    14:30     ENE
05    65.4   081.0   13:47    49.4   05:58     00.0     00.5   00.00   02.7     17.3    16:01     SSE
06    63.0   077.5   13:53    50.7   07:04     01.9     00.0   00.00   02.5     18.4    19:40     NNW
07    49.8   058.7   00:02    41.6   23:54     15.1     00.0   00.45   05.4     26.4    09:34      N 
08    47.8   060.0   12:59    38.4   06:24     17.1     00.0   00.00   02.4     21.9    17:45      NW
09    54.8   065.3   14:56    40.0   06:25     10.1     00.0   00.02   03.6     34.5    15:29     WNW
10    55.3   065.1   14:50    46.3   00:00     09.7     00.0   00.02   04.2     25.3    01:58     SSE
11    50.7   061.2   15:05    39.0   06:03     14.3     00.0   00.00   02.7     19.6    12:07     ESE
12    55.7   075.3   17:18    36.8   05:21     09.2     00.0   00.00   01.9     12.7    22:44     SSE
13    59.3   071.4   10:53    48.7   00:00     05.7     00.0   00.00   04.6     26.4    02:17      NE
14    43.7   048.7   00:08    38.7   09:05     21.3     00.0   00.00   01.9     16.1    17:38     NNE
15    45.1   052.1   17:25    38.7   06:34     19.8     00.0   00.21   01.4     18.4    14:14      N 
16    42.3   047.1   00:03    37.7   00:00     22.6     00.0   00.25   02.7     16.1    16:37      NE
17    41.6   047.4   16:26    37.2   04:47     23.3     00.0   00.08   00.7     09.2    12:44     ENE
18    52.5   065.5   14:44    42.4   05:57     12.5     00.0   00.02   01.3     12.7    14:18     NNE
19    61.5   075.1   17:08    47.7   06:04     03.5     00.0   00.00   02.5     18.4    16:11     SSW
20    65.6   082.6   16:21    50.1   02:18     00.0     00.7   00.00   02.6     16.1    23:40     SSW
21    65.4   080.1   16:41    48.0   06:23     00.0     00.5   00.00   02.2     18.4    15:08     NNW
22    61.6   070.6   14:48    50.4   06:21     03.3     00.0   00.00   03.3     24.1    21:06     NNE
23    55.9   065.6   11:59    44.9   06:25     09.0     00.0   00.00   02.4     19.6    16:06     SSE
24    57.1   069.7   13:08    43.8   04:47     07.8     00.0   00.00   01.7     17.3    13:39      E 
25    59.4   070.2   16:14    45.1   05:02     05.5     00.0   00.00   02.7     16.1    11:14     ESE
26    53.8   064.4   10:49    47.2   23:29     11.1     00.0   00.00   02.0     19.6    16:33     NNW
27    52.4   058.3   14:05    46.7   01:42     12.6     00.0   00.00   03.7     29.9    10:46     NNE
28    60.0   069.6   11:27    43.0   04:50     04.9     00.0   00.02   05.0     16.1    09:42     SSE
29    60.8   079.2   15:26    46.9   06:04     04.2     00.0   00.01   01.6     24.1    16:49     WSW
30    62.8   079.7   14:18    48.4   03:28     02.2     00.0   00.01   02.5     27.6    18:23     WNW
31    57.0   065.4   12:44    48.6   07:32     07.9     00.0   00.00   02.5     26.4    01:19      NE
--------------------------------------------------------------------------------------------------------
54.7 (54.7)   82.6  day 20     28.9  day 02   319.4    001.7   01.17   02.6     34.5   day 09      NE
Min  .008in) 5 (> .08in) 0 (> 0.8in)