NOAA-Style Climate Reports


Report for 2016 June

Daily noaa report



                            MONTHLY CLIMATOLOGICAL SUMMARY for JUN. 2016

NAME: Rockcreek-Hillcrest   CITY: Superior STATE: Colorado
ELEV: 5612 ft LAT: 039:55:38 LONG: 0105:09:26

                            TEMPERATURE ( °F), RAIN (in.), WIND SPEED (mph)

                                               HEAT     COOL           AVG
      MEAN                                     DEG      DEG            WIND                       DOM
DAY   TEMP    HIGH   TIME     LOW    TIME      DAYS     DAYS    RAIN   SPEED    HIGH    TIME      DIR
--------------------------------------------------------------------------------------------------------
01    60.1   073.3   13:14    48.3   06:17     04.9     00.0   00.50   01.9     14.9    17:49      NE
02    67.2   085.4   16:19    49.2   05:24     00.0     02.3   00.00   01.9     16.1    18:36     SSE
03    69.6   078.3   14:52    63.0   00:00     00.0     04.7   00.00   03.2     16.1    15:30      SE
04    65.4   080.2   17:52    56.5   06:05     00.0     00.5   00.00   01.4     12.7    15:12     NNE
05    68.1   084.5   16:10    55.2   04:56     00.0     03.2   00.00   01.9     13.8    17:06     NNE
06    68.2   082.8   12:17    56.5   06:14     00.0     03.2   00.08   03.3     28.8    16:31      S 
07    65.7   081.7   14:22    53.1   05:21     00.0     00.8   00.00   01.8     26.4    16:37     WNW
08    69.5   082.0   13:52    59.1   04:02     00.0     04.6   00.00   02.7     33.4    16:38     WNW
09    75.6   089.9   13:46    61.6   03:20     00.0     10.7   00.07   02.7     28.8    20:07     WSW
10    79.0   093.5   13:04    61.9   04:42     00.0     14.1   00.00   02.4     24.1    16:26     SSW
11    76.1   092.3   15:06    60.8   05:30     00.0     11.1   00.01   02.9     24.1    15:43      S 
12    70.7   089.1   16:46    59.9   23:01     00.0     05.7   00.04   02.3     33.4    18:03      W 
13    63.5   073.1   13:36    54.7   06:35     01.4     00.0   00.04   01.8     31.1    20:29     WNW
14    69.0   083.5   19:53    53.3   05:11     00.0     04.0   00.01   05.7     42.5    00:22      W 
15    74.7   089.4   15:36    58.3   05:23     00.0     09.7   00.00   03.1     16.1    17:12     SSE
16    77.9   091.3   15:07    59.8   06:20     00.0     12.9   00.00   02.5     16.1    14:12     ENE
17    76.0   089.0   14:43    64.1   06:43     00.0     11.0   00.00   02.1     17.3    16:27      NE
18    76.6   093.9   16:37    60.8   05:51     00.0     11.7   00.00   02.6     19.6    23:50     SSE
19    80.6   096.9   15:47    62.7   06:14     00.0     15.7   00.00   01.8     19.6    16:59      E 
20    69.5   074.3   19:26    63.6   06:24     00.0     04.5   00.00   02.3     18.4    09:41      N 
21    80.2   102.9   17:36    57.2   06:27     00.0     15.3   00.00   01.6     34.5    21:33     SSW
22    74.3   082.3   03:16    66.1   20:59     00.0     09.4   00.01   04.8     39.1    21:21      W 
23    73.9   087.5   17:10    59.3   05:56     00.0     08.9   00.00   02.1     25.3    17:24     NNE
24    76.0   091.8   14:08    62.1   05:00     00.0     11.0   00.00   01.9     28.8    16:43     SSW
25    72.8   081.7   14:39    59.4   00:00     00.0     07.9   00.02   02.5     18.4    15:16      SE
26    74.2   090.4   15:10    58.2   01:57     00.0     09.3   00.00   01.9     13.8    18:29     NNE
27    75.9   088.5   15:19    63.9   06:10     00.0     11.0   00.00   02.9     19.6    19:04     NNE
28    72.3   093.0   16:43    60.2   06:21     00.0     07.3   00.27   02.5     28.8    17:55      S 
29    71.8   088.1   15:31    53.4   05:48     00.0     06.9   00.00   02.1     23.0    16:09     NNW
30    69.9   080.3   13:05    60.2   06:18     00.0     04.9   00.01   02.4     17.3    15:18      N 
--------------------------------------------------------------------------------------------------------
72.1 (72.6)   102.9  day 21     48.3  day 01   006.3    222.3   01.06   02.5     42.6   day 14      W 
Max >=  86: 16
Min  .008in) 3 (> .08in) 0 (> 0.8in)