NOAA-Style Climate Reports


Report for 2016 July

Daily noaa report



                            MONTHLY CLIMATOLOGICAL SUMMARY for JUL. 2016

NAME: Rockcreek-Hillcrest   CITY: Superior STATE: Colorado
ELEV: 5612 ft LAT: 039:55:38 LONG: 0105:09:26

                            TEMPERATURE ( °F), RAIN (in.), WIND SPEED (mph)

                                               HEAT     COOL           AVG
      MEAN                                     DEG      DEG            WIND                       DOM
DAY   TEMP    HIGH   TIME     LOW    TIME      DAYS     DAYS    RAIN   SPEED    HIGH    TIME      DIR
--------------------------------------------------------------------------------------------------------
01    66.4   077.6   14:13    60.1   06:41     00.0     01.4   00.04   01.3     20.7    18:44      S 
02    68.2   079.4   16:18    61.1   04:38     00.0     03.3   00.02   01.7     14.9    14:47     WSW
03    73.0   086.9   13:24    60.1   06:20     00.0     08.1   00.00   02.9     27.6    15:43      W 
04    79.7   092.0   15:19    71.9   06:39     00.0     14.7   00.00   04.9     31.1    20:38     WSW
05    77.0   088.7   13:21    62.3   00:00     00.0     12.1   00.00   02.8     28.8    14:07      SW
06    76.2   092.0   17:36    57.4   06:35     00.0     11.3   00.00   02.4     17.3    18:59     WSW
07    75.4   089.4   18:08    62.9   06:17     00.0     10.4   00.00   02.2     19.6    13:19      E 
08    73.4   091.6   14:21    57.9   05:49     00.0     08.4   00.01   02.0     26.4    16:58      S 
09    80.2   096.9   17:27    58.1   05:38     00.0     15.2   00.00   01.6     14.9    14:06      SW
10    84.4   098.3   15:49    70.9   00:45     00.0     19.5   00.00   03.8     21.9    21:21     WSW
11    75.1   086.9   18:18    63.2   06:49     00.0     10.2   00.00   03.9     23.0    09:49     SSE
12    77.3   090.4   16:32    59.8   07:07     00.0     12.3   00.00   02.4     14.9    16:10     SSE
13    75.8   092.0   16:24    58.5   06:20     00.0     10.9   00.00   02.8     19.6    11:04     SSE
14    71.0   083.8   17:33    56.3   05:47     00.0     06.0   00.00   01.8     16.1    14:56      NE
15    69.7   085.0   11:03    58.8   04:53     00.0     04.8   00.10   02.7     23.0    16:34      NE
16    72.1   090.9   16:07    56.2   06:09     00.0     07.1   00.00   01.2     14.9    16:14     NNE
17    75.9   089.2   16:36    62.1   06:54     00.0     10.9   00.00   03.1     27.6    20:18     ESE
18    72.2   091.3   15:43    61.0   06:49     00.0     07.3   00.05   02.0     26.4    17:54     NNW
19    73.9   090.4   16:43    63.0   04:41     00.0     08.9   00.00   03.5     27.6    19:02     WSW
20    78.2   091.6   14:21    67.7   02:05     00.0     13.2   00.00   03.5     25.3    17:52     WSW
21    80.2   094.1   14:38    67.7   04:43     00.0     15.2   00.00   03.6     26.4    22:53      W 
22    81.3   093.7   17:41    69.6   06:38     00.0     16.3   00.00   02.6     25.3    19:30      SW
23    82.2   096.4   14:24    69.9   05:01     00.0     17.3   00.01   03.6     25.3    19:49     SSW
24    74.0   086.5   13:24    61.0   05:13     00.0     09.0   00.00   02.3     20.7    15:43     NNE
25    72.1   087.6   18:10    55.2   06:31     00.0     07.2   00.00   02.0     17.3    20:34      NE
26    77.1   089.6   14:47    59.0   06:11     00.0     12.1   00.00   02.7     28.8    19:12     WSW
27    74.3   090.4   16:35    56.6   06:10     00.0     09.4   00.00   01.9     19.6    19:17     ENE
28    70.4   079.3   15:38    58.9   06:11     00.0     05.5   00.00   03.1     23.0    13:22     NNE
29    72.8   086.4   16:05    64.2   06:24     00.0     07.9   00.00   01.4     20.7    20:38      NE
30    73.2   089.0   15:17    56.3   06:29     00.0     08.2   00.00   01.7     16.1    17:16      NE
31    76.4   088.8   11:33    68.3   04:47     00.0     11.5   00.00   03.9     34.5    17:10      W 
--------------------------------------------------------------------------------------------------------
75.1 (75.5)   98.3  day 10     55.2  day 25   000.0    315.7   00.23   02.6     34.5   day 31     WSW
Max >=  86: 26
Min  .008in) 1 (> .08in) 0 (> 0.8in)