NOAA-Style Climate Reports


Report for 2016 August

Daily noaa report



                            MONTHLY CLIMATOLOGICAL SUMMARY for AUG. 2016

NAME: Rockcreek-Hillcrest   CITY: Superior STATE: Colorado
ELEV: 5612 ft LAT: 039:55:38 LONG: 0105:09:26

                            TEMPERATURE ( °F), RAIN (in.), WIND SPEED (mph)

                                               HEAT     COOL           AVG
      MEAN                                     DEG      DEG            WIND                       DOM
DAY   TEMP    HIGH   TIME     LOW    TIME      DAYS     DAYS    RAIN   SPEED    HIGH    TIME      DIR
--------------------------------------------------------------------------------------------------------
01    78.9   091.3   16:16    62.9   05:03     00.0     14.0   00.00   02.2     19.6    15:54     NNE
02    76.9   091.4   14:18    66.5   00:00     00.0     12.0   00.00   02.9     19.6    15:59     NNE
03    76.2   093.7   17:19    59.4   05:51     00.0     11.3   00.04   02.0     24.1    20:05     ENE
04    66.4   072.7   00:08    60.2   21:38     00.0     01.4   00.01   02.0     20.7    08:01      N 
05    65.1   073.3   14:48    58.4   06:28     00.0     00.1   00.01   00.7     11.5    17:13      N 
06    67.3   081.9   17:44    58.7   06:56     00.0     02.3   00.09   01.7     16.1    19:49     NNE
07    71.8   089.1   17:32    58.0   04:23     00.0     06.9   00.00   02.1     18.4    20:31     SSW
08    75.5   087.7   17:32    63.4   06:58     00.0     10.6   00.00   03.8     24.1    15:25     SSW
09    77.5   094.4   14:40    60.1   06:25     00.0     12.5   00.00   03.5     41.4    18:45     WSW
10    76.0   092.7   16:25    64.5   02:47     00.0     11.1   00.00   02.5     31.1    13:35      W 
11    74.8   088.7   15:24    62.6   00:00     00.0     09.8   00.06   02.3     19.6    18:37      NE
12    67.8   080.5   15:50    52.1   06:32     00.0     02.8   00.00   01.4     14.9    16:23     ESE
13    70.4   083.9   16:58    54.4   05:42     00.0     05.4   00.00   02.5     23.0    18:56      NE
14    72.7   089.3   16:25    55.7   06:55     00.0     07.8   00.00   01.9     17.3    18:07      SE
15    76.3   089.5   15:31    63.0   00:22     00.0     11.4   00.00   03.7     26.4    16:30      NW
16    70.6   085.2   15:40    56.3   06:22     00.0     05.6   00.10   03.9     32.2    21:47     NNW
17    72.9   086.8   16:18    56.0   06:52     00.0     08.0   00.00   01.7     17.3    14:22     NNE
18    70.1   083.2   13:42    60.1   00:00     00.0     05.2   00.00   03.2     26.4    16:32     NNW
19    59.7   076.6   14:18    49.4   23:08     05.2     00.0   00.17   02.2     27.6    16:51      NE
20    60.8   075.9   19:12    46.7   07:05     04.2     00.0   00.01   01.2     13.8    16:19      S 
21    70.2   090.0   15:35    52.0   04:35     00.0     05.3   00.00   02.4     16.1    13:48      S 
22    74.0   087.9   15:13    61.1   06:17     00.0     09.1   00.00   02.1     23.0    17:33     WNW
23    74.3   082.4   14:03    66.8   00:00     00.0     09.3   00.00   06.3     32.2    21:28     WNW
24    63.0   067.4   02:58    54.8   00:00     02.0     00.0   00.04   02.8     21.9    16:46     SSW
25    56.4   068.1   13:33    49.4   06:24     08.5     00.0   00.12   01.8     25.3    15:26     NNW
26    63.1   077.5   15:46    52.6   06:39     01.8     00.0   00.00   02.1     20.7    16:40      SW
27    66.7   081.9   14:54    50.3   05:37     00.0     01.8   00.00   02.2     18.4    16:02      S 
28    71.3   084.4   15:30    61.4   06:01     00.0     06.4   00.00   03.1     26.4    16:17      W 
29    66.8   081.7   13:53    60.2   23:14     00.0     01.9   00.22   04.2     26.4    18:03      W 
30    67.1   079.0   14:58    58.1   04:18     00.0     02.2   00.00   02.9     19.6    20:09     WNW
31    65.4   078.2   16:57    55.4   06:50     00.0     00.5   00.00   02.2     11.5    12:22     NNE
--------------------------------------------------------------------------------------------------------
69.9 (70.6)   94.4  day 09     46.7  day 20   021.7    174.5   00.87   02.6     41.4   day 09     WNW
Max >=  86: 13
Min  .008in) 5 (> .08in) 0 (> 0.8in)