NOAA-Style Climate Reports


Report for 2016 September

Daily noaa report



                            MONTHLY CLIMATOLOGICAL SUMMARY for SEP. 2016

NAME: Rockcreek-Hillcrest   CITY: Superior STATE: Colorado
ELEV: 5612 ft LAT: 039:55:38 LONG: 0105:09:26

                            TEMPERATURE ( °F), RAIN (in.), WIND SPEED (mph)

                                               HEAT     COOL           AVG
      MEAN                                     DEG      DEG            WIND                       DOM
DAY   TEMP    HIGH   TIME     LOW    TIME      DAYS     DAYS    RAIN   SPEED    HIGH    TIME      DIR
--------------------------------------------------------------------------------------------------------
01    66.8   086.2   16:37    53.0   06:29     00.0     01.8   00.01   02.0     26.4    20:25     WSW
02    70.8   083.5   18:07    60.7   06:25     00.0     05.8   00.02   02.3     29.9    08:50     WSW
03    69.4   084.3   12:47    57.9   05:24     00.0     04.5   00.00   02.5     24.1    15:32     WNW
04    67.9   084.0   15:35    55.8   04:47     00.0     02.9   00.08   01.4     17.3    15:43     NNE
05    65.4   070.3   00:00    52.6   06:57     00.0     00.4   00.00   01.7     08.1    01:46     ENE
06    67.7   075.1   16:03    59.1   08:49     00.0     02.8   00.00   03.4     16.1    22:46      NE
07    68.4   084.9   17:40    53.9   07:26     00.0     03.5   00.00   01.7     14.9    15:56      SE
08    71.8   088.2   15:25    52.7   06:56     00.0     06.8   00.00   03.0     17.3    17:28      W 
09    63.0   072.3   00:48    47.1   00:00     02.0     00.0   00.00   04.0     24.1    16:46     NNE
10    60.2   083.5   17:15    40.2   06:38     04.8     00.0   00.00   01.0     12.7    12:32     SSW
11    72.8   088.5   14:59    58.6   07:01     00.0     07.8   00.00   03.9     26.4    16:24     WNW
12    64.7   074.2   00:01    52.4   00:00     00.3     00.0   00.00   03.3     20.7    01:15      E 
13    51.4   057.4   17:48    47.5   09:50     13.5     00.0   00.21   01.4     19.6    16:54     NNE
14    57.3   070.3   13:52    49.0   06:56     07.6     00.0   00.15   01.6     39.1    18:08      N 
15    59.6   072.0   14:14    47.9   06:46     05.3     00.0   00.00   01.5     19.6    16:49     NNE
16    57.0   070.6   16:34    43.4   07:18     07.9     00.0   00.00   01.5     12.7    13:12     ENE
17    61.2   076.2   17:11    46.4   04:32     03.7     00.0   00.00   01.8     18.4    22:49     NNW
18    74.7   087.8   16:43    61.7   02:00     00.0     09.8   00.00   03.7     26.4    08:41     WNW
19    75.7   088.2   15:56    62.5   23:57     00.0     10.7   00.00   03.1     19.6    14:31      W 
20    74.1   087.5   15:56    61.2   05:41     00.0     09.1   00.00   01.9     16.1    23:29     WSW
21    72.6   082.7   16:05    62.9   22:57     00.0     07.7   00.00   01.8     16.1    05:51      W 
22    61.7   069.8   16:24    54.1   06:39     03.2     00.0   00.00   00.9     11.5    14:12      NE
23    63.6   084.3   15:07    52.2   07:39     01.3     00.0   00.00   03.7     36.8    23:52      NW
24    55.4   065.4   12:06    41.0   07:49     09.5     00.0   00.00   05.7     35.6    00:46     WNW
25    55.5   068.5   15:33    46.5   07:42     09.5     00.0   00.00   02.1     17.3    10:41      S 
26    59.2   074.9   16:12    43.5   07:07     05.7     00.0   00.00   01.4     12.7    11:59     SSW
27    63.6   081.2   16:40    45.1   07:15     01.3     00.0   00.00   01.3     11.5    21:30      W 
28    66.6   080.4   15:37    56.4   06:29     00.0     01.7   00.00   02.5     16.1    16:47      N 
29    62.3   077.2   16:21    47.6   06:55     02.7     00.0   00.00   01.6     11.5    16:22     NNW
30    62.0   073.3   15:40    55.5   23:22     02.9     00.0   00.00   01.5     11.5    19:14      W 
--------------------------------------------------------------------------------------------------------
64.7 (65.2)   88.5  day 11     40.2  day 10   081.2    075.5   00.47   02.3     39.1   day 24      NW
Max >=  86: 6
Min  .008in) 3 (> .08in) 0 (> 0.8in)