NOAA-Style Climate Reports


Report for 2016 October

Daily noaa report



                            MONTHLY CLIMATOLOGICAL SUMMARY for OCT. 2016

NAME: Rockcreek-Hillcrest   CITY: Superior STATE: Colorado
ELEV: 5612 ft LAT: 039:55:38 LONG: 0105:09:26

                            TEMPERATURE ( °F), RAIN (in.), WIND SPEED (mph)

                                               HEAT     COOL           AVG
      MEAN                                     DEG      DEG            WIND                       DOM
DAY   TEMP    HIGH   TIME     LOW    TIME      DAYS     DAYS    RAIN   SPEED    HIGH    TIME      DIR
--------------------------------------------------------------------------------------------------------
01    64.8   079.3   15:55    52.0   04:05     00.1     00.0   00.00   02.0     13.8    11:44      SW
02    66.3   077.8   14:39    54.6   06:18     00.0     01.3   00.00   02.0     18.4    14:39      SE
03    61.1   079.0   13:45    49.1   07:20     03.8     00.0   00.00   10.5     44.9    18:19     WNW
04    52.8   059.2   14:46    45.8   23:01     12.1     00.0   00.00   12.0     41.4    09:31     WNW
05    53.5   064.2   14:07    39.8   04:12     11.4     00.0   00.00   02.9     19.6    13:50      NW
06    45.2   054.3   16:46    37.5   00:00     19.7     00.0   00.26   01.4     18.4    11:57      NE
07    48.9   065.9   18:07    33.0   07:15     16.1     00.0   00.01   01.8     16.1    13:31      S 
08    56.2   073.1   16:21    40.9   07:31     08.7     00.0   00.00   01.3     12.7    13:44      SW
09    58.3   074.6   16:28    42.2   07:27     06.6     00.0   00.00   01.7     13.8    23:24     WSW
10    67.7   077.2   14:51    58.8   06:53     00.0     02.8   00.00   05.8     31.1    10:06      NW
11    63.2   072.9   14:03    49.9   00:00     01.7     00.0   00.01   04.3     33.4    04:08     WNW
12    39.7   049.9   00:02    35.0   06:58     25.2     00.0   00.11   01.0     16.1    00:42      E 
13    58.2   076.1   16:11    39.9   01:36     06.8     00.0   00.00   01.8     19.6    14:05     WNW
14    68.0   081.8   16:36    55.2   01:34     00.0     03.1   00.00   02.2     20.7    03:31      W 
15    69.3   081.4   16:10    58.3   21:19     00.0     04.3   00.00   03.6     26.4    08:33     WSW
16    66.5   085.2   15:06    51.8   02:31     00.0     01.6   00.00   02.9     25.3    16:05     WNW
17    49.6   051.9   00:01    44.2   04:24     15.3     00.0   00.00   00.8     08.1    06:32      S 
18    52.1   059.9   17:07    51.1   14:59     12.9     00.0   00.00   01.2     12.7    21:06     SSE
19    51.5   057.5   15:01    36.3   23:53     13.4     00.0   00.00   02.3     23.0    16:06     NNW
20    44.7   061.2   17:36    32.4   07:10     20.2     00.0   00.00   01.4     20.7    10:41     SSW
21    57.3   077.7   16:47    40.0   04:15     07.7     00.0   00.00   04.6     31.1    12:54     WNW
22    64.0   080.5   15:32    43.7   03:47     00.9     00.0   00.00   06.3     31.1    11:15      NW
23    56.7   070.4   16:52    46.3   23:45     08.2     00.0   00.00   00.9     10.3    15:26     NNW
24    59.9   077.7   16:05    44.1   03:23     05.1     00.0   00.00   02.1     19.6    12:26     WSW
25    61.9   071.0   15:41    51.5   01:45     03.1     00.0   00.00   07.6     34.5    16:48      NW
26    58.2   072.4   15:41    45.8   04:53     06.8     00.0   00.00   02.1     19.6    12:40     WSW
27    62.5   081.8   17:21    45.2   03:09     02.5     00.0   00.00   02.1     14.9    12:43     WSW
28    68.1   080.0   15:13    59.8   00:00     00.0     03.2   00.00   01.9     17.3    16:38      W 
29    64.5   073.6   15:54    49.3   00:00     00.5     00.0   00.00   06.5     34.5    09:31      NW
30    54.8   069.9   14:08    41.6   02:49     10.1     00.0   00.00   00.9     11.5    23:30      NW
31    63.9   078.1   15:31    50.9   23:07     01.1     00.0   00.00   06.3     34.5    14:42     WNW
--------------------------------------------------------------------------------------------------------
58.4 (58.7)   85.2  day 16     32.4  day 20   220.0    016.3   00.39   03.4     44.9   day 03     WNW
Min  .008in) 2 (> .08in) 0 (> 0.8in)