NOAA-Style Climate Reports


Report for 2016 November

Daily noaa report



                            MONTHLY CLIMATOLOGICAL SUMMARY for NOV. 2016

NAME: Rockcreek-Hillcrest   CITY: Superior STATE: Colorado
ELEV: 5612 ft LAT: 039:55:38 LONG: 0105:09:26

                            TEMPERATURE ( °F), RAIN (in.), WIND SPEED (mph)

                                               HEAT     COOL           AVG
      MEAN                                     DEG      DEG            WIND                       DOM
DAY   TEMP    HIGH   TIME     LOW    TIME      DAYS     DAYS    RAIN   SPEED    HIGH    TIME      DIR
--------------------------------------------------------------------------------------------------------
01    52.9   062.2   15:56    43.9   08:03     12.1     00.0   00.00   02.9     26.4    22:20      N 
02    50.1   060.4   14:53    42.8   23:37     14.9     00.0   00.00   01.5     23.0    01:14     NNE
03    51.0   068.5   15:29    37.1   07:51     13.9     00.0   00.00   01.0     11.5    12:30     WSW
04    53.1   069.1   15:53    38.8   07:48     11.9     00.0   00.00   01.1     10.3    17:04     WNW
05    53.8   066.4   15:50    43.2   02:48     11.1     00.0   00.00   01.5     11.5    12:51     WSW
06    55.7   067.8   13:59    42.0   07:01     09.3     00.0   00.00   04.0     19.6    23:17     WNW
07    52.4   061.5   15:03    40.4   22:58     12.5     00.0   00.00   01.3     14.9    12:50     NNW
08    49.3   064.5   14:47    36.6   05:38     15.6     00.0   00.00   01.3     11.5    10:51      SW
09    52.6   069.9   15:19    38.5   06:46     12.4     00.0   00.00   01.2     11.5    12:52      W 
10    54.3   066.2   13:33    40.1   00:00     10.6     00.0   00.00   02.5     19.6    12:09      N 
11    46.0   059.3   15:37    35.3   05:22     18.9     00.0   00.00   01.1     11.5    13:14      NW
12    50.6   067.3   15:16    35.0   02:25     14.3     00.0   00.00   01.5     12.7    20:25     WNW
13    56.9   064.6   14:05    47.1   23:12     08.0     00.0   00.00   04.7     20.7    14:24      NW
14    58.9   069.6   13:33    41.5   06:51     06.1     00.0   00.00   04.9     26.4    12:05      NW
15    65.1   076.7   13:43    54.6   19:11     00.0     00.1   00.00   06.0     36.8    03:29      NW
16    63.4   077.8   12:58    43.4   00:00     01.6     00.0   00.00   07.1     38.0    16:22      NW
17    32.4   043.4   00:05    21.8   23:46     32.5     00.0   00.00   02.6     24.1    17:00     NNE
18    26.1   033.9   14:57    20.4   05:07     38.8     00.0   00.10   00.9     12.7    08:51      SW
19    32.3   052.6   00:00    20.2   07:33     32.7     00.0   00.01   00.6     10.3    23:33     WSW
20    59.2   069.1   13:58    46.6   00:00     05.8     00.0   00.01   03.4     36.8    01:48     WNW
21    52.2   062.6   14:16    44.0   05:14     12.7     00.0   00.00   02.0     14.9    13:46     WNW
22    39.5   046.7   02:04    34.0   23:06     25.4     00.0   00.09   02.3     18.4    06:22     NNE
23    36.2   046.4   15:15    26.8   07:07     28.8     00.0   00.00   00.8     11.5    02:17     WNW
24    39.1   046.8   14:30    29.8   23:39     25.8     00.0   00.00   07.8     48.3    05:49     WNW
25    42.0   061.0   15:34    24.9   04:30     22.9     00.0   00.00   01.7     17.3    23:28     WSW
26    47.2   059.5   14:19    37.6   21:26     17.7     00.0   00.00   02.3     21.9    05:04      W 
27    41.4   048.8   11:12    31.9   06:13     23.6     00.0   00.00   09.7     47.1    08:03      NW
28    38.1   042.5   14:06    29.9   00:00     26.9     00.0   00.00   05.9     32.2    10:44     WNW
29    33.2   040.7   13:05    25.0   02:09     31.8     00.0   00.00   05.3     21.9    23:37     WNW
30    31.9   038.8   13:07    26.2   05:09     33.0     00.0   00.00   05.8     26.4    14:01     WNW
--------------------------------------------------------------------------------------------------------
47.2 (47.4)   77.8  day 16     20.2  day 19   531.5    000.1   00.21   03.2     48.3   day 24      NW
Min  .08in) 0 (> 0.8in)