NOAA-Style Climate Reports


Report for 2016 December

Daily noaa report



                            MONTHLY CLIMATOLOGICAL SUMMARY for DEC. 2016

NAME: Rockcreek-Hillcrest   CITY: Superior STATE: Colorado
ELEV: 5612 ft LAT: 039:55:38 LONG: 0105:09:26

                            TEMPERATURE ( °F), RAIN (in.), WIND SPEED (mph)

                                               HEAT     COOL           AVG
      MEAN                                     DEG      DEG            WIND                       DOM
DAY   TEMP    HIGH   TIME     LOW    TIME      DAYS     DAYS    RAIN   SPEED    HIGH    TIME      DIR
--------------------------------------------------------------------------------------------------------
01    29.6   039.9   13:02    22.6   07:09     35.4     00.0   00.00   00.5     10.3    16:16      NW
02    27.2   031.5   11:22    21.4   23:43     37.7     00.0   00.00   00.6     13.8    12:15      N 
03    28.9   040.6   15:17    18.3   02:58     36.0     00.0   00.00   03.5     28.8    23:47      NW
04    42.0   053.9   15:59    25.9   07:12     23.0     00.0   00.00   05.9     33.4    14:29     WNW
05    40.2   052.9   05:00    22.7   00:00     24.7     00.0   00.00   11.8     39.1    04:55     WNW
06    20.9   028.1   12:17    14.1   06:44     44.0     00.0   00.00   03.6     23.0    00:19     NNW
07    09.9   017.4   00:09    00.3   21:11     55.1     00.0   00.00   01.4     17.3    05:47     ENE
08    07.6   013.4   12:41    01.8   07:19     57.4     00.0   00.00   00.1     06.9    23:10     NNW
09    26.9   049.6   14:43    04.2   00:20     38.0     00.0   00.12   02.6     32.2    11:17     WNW
10    40.9   058.3   13:06    21.7   05:56     24.0     00.0   00.00   03.2     34.5    12:15      NW
11    34.8   044.6   00:18    26.0   22:59     30.2     00.0   00.08   02.5     26.4    16:24      NW
12    31.9   041.0   15:46    23.7   04:15     33.1     00.0   00.00   01.5     13.8    20:29     NNW
13    37.2   047.0   14:09    25.6   07:46     27.7     00.0   00.00   07.1     34.5    03:20     WNW
14    20.6   030.5   01:57    13.3   08:36     44.3     00.0   00.00   00.9     14.9    05:13     ENE
15    40.1   066.3   14:44    15.1   01:27     24.9     00.0   00.00   05.1     42.5    18:03      NW
16    31.1   054.7   05:10    05.4   00:00     33.9     00.0   00.00   04.7     28.8    05:04      N 
17   -00.5   005.4   00:02   -07.3   22:24     65.4     00.0   00.00   01.7     13.8    02:00     ENE
18    08.3   024.9   11:01   -06.1   00:01     56.6     00.0   00.00   01.3     21.9    10:51     WNW
19    37.7   049.4   21:07    11.1   04:30     27.2     00.0   00.12   07.8     34.5    22:19     WNW
20    51.6   058.9   15:09    46.0   19:21     13.3     00.0   00.00   11.7     44.9    01:56     WNW
21    42.2   056.0   01:14    31.2   00:00     22.8     00.0   00.00   06.9     38.0    03:35      W 
22    30.9   039.5   14:54    25.1   07:57     34.0     00.0   00.00   00.5     10.3    09:18      N 
23    40.5   055.4   14:06    28.4   03:22     24.4     00.0   00.00   03.9     33.4    07:26     WNW
24    35.8   051.0   12:53    26.1   06:56     29.1     00.0   00.00   00.6     10.3    11:55     WNW
25    35.1   039.6   17:10    29.2   07:48     29.9     00.0   00.03   17.3     74.8    14:28     WNW
26    32.6   040.7   14:57    16.7   07:39     32.3     00.0   00.00   08.8     43.7    00:03     WNW
27    41.7   055.4   15:46    26.1   08:22     23.3     00.0   00.00   07.5     39.1    00:57     WNW
28    44.8   051.5   00:03    29.0   23:56     20.1     00.0   00.01   14.5     56.4    06:31     WNW
29    32.7   049.8   23:59    20.6   07:40     32.3     00.0   00.00   03.2     31.1    23:56      W 
30    54.2   062.8   14:16    44.7   00:00     10.7     00.0   00.00   14.7     41.4    02:14      W 
31    29.0   044.6   00:01    22.7   21:42     35.9     00.0   00.00   01.1     24.1    00:54      E 
--------------------------------------------------------------------------------------------------------
31.8 (31.6)   66.3  day 15    -07.3  day 17   1026.7    000.0   00.00   05.1     74.8   day 25     WNW
Max