NOAA-Style Climate Reports


Report for 2017 January

Daily noaa report



                            MONTHLY CLIMATOLOGICAL SUMMARY for JAN. 2017

NAME: Rockcreek-Hillcrest   CITY: Superior STATE: Colorado
ELEV: 5612 ft LAT: 039:55:38 LONG: 0105:09:26

                            TEMPERATURE ( °F), RAIN (in.), WIND SPEED (mph)

                                               HEAT     COOL           AVG
      MEAN                                     DEG      DEG            WIND                       DOM
DAY   TEMP    HIGH   TIME     LOW    TIME      DAYS     DAYS    RAIN   SPEED    HIGH    TIME      DIR
--------------------------------------------------------------------------------------------------------
01    34.5   046.2   16:12    24.4   01:18     30.4     00.0   00.00   01.5     25.3    15:53     NNW
02    30.5   049.5   11:02    15.7   00:00     34.5     00.0   00.00   02.3     25.3    12:22      SE
03    18.9   029.3   15:02    12.7   23:44     46.1     00.0   00.00   00.8     10.3    18:44      SE
04    09.3   013.0   00:11    03.9   23:48     55.7     00.0   00.00   01.1     16.1    17:12     ENE
05    04.7   008.1   13:27    00.6   00:00     60.2     00.0   00.00   00.1     08.1    19:55     NNE
06    09.3   025.4   15:45   -03.3   05:42     55.6     00.0   00.00   00.6     11.5    13:38      W 
07    18.4   025.8   00:55    10.8   06:14     46.6     00.0   00.00   00.5     17.3    00:38     WNW
10    37.5   050.2   22:43    18.0   00:57     27.5     00.0   00.00   04.3     32.2    18:08      N 
11    42.0   054.9   12:20    24.9   19:23     22.9     00.0   00.00   10.7     40.3    02:47      N 
12    32.0   042.7   11:18    22.0   00:00     33.0     00.0   00.00   03.6     26.4    00:36     NNE
13    27.9   038.7   15:33    20.5   05:05     37.0     00.0   00.00   00.6     09.2    13:59     SSE
14    31.7   042.3   13:02    24.3   04:07     33.2     00.0   00.00   00.4     05.8    13:45      SE
15    31.5   036.7   15:35    25.3   04:51     33.5     00.0   00.00   00.6     09.2    21:38     SSE
16    32.3   037.3   14:30    28.8   05:10     32.6     00.0   00.00   00.4     09.2    23:01     SSW
17    32.8   045.4   14:04    21.6   05:35     32.1     00.0   00.00   00.5     08.1    01:50     SSW
18    38.6   055.8   15:48    24.4   06:18     26.3     00.0   00.00   00.9     11.5    19:51     WSW
19    41.4   053.4   15:11    32.0   00:20     23.6     00.0   00.00   01.1     17.3    01:09     NNW
20    38.3   045.7   14:07    31.4   23:53     26.6     00.0   00.00   02.6     20.7    13:51      SE
21    32.1   040.2   15:28    23.5   06:40     32.9     00.0   00.00   01.1     11.5    13:51     SSE
22    37.2   046.1   15:12    32.1   03:30     27.7     00.0   00.00   04.5     28.8    07:05     WNW
23    38.8   049.9   14:34    29.5   03:55     26.2     00.0   00.00   01.9     23.0    15:36      NW
24    24.9   032.1   00:01    19.7   00:00     40.0     00.0   00.00   01.1     11.5    10:23     ESE
25    21.5   028.7   16:22    13.8   07:28     43.4     00.0   00.00   01.3     11.5    23:54      S 
26    21.4   030.2   15:33    14.0   07:30     43.6     00.0   00.00   02.2     21.9    15:35     WSW
27    29.3   041.8   16:21    19.2   05:57     35.6     00.0   00.00   03.3     19.6    18:48      W 
28    38.9   046.6   14:01    23.7   01:22     26.0     00.0   00.00   07.9     28.8    15:25      NW
29    48.8   058.9   12:45    38.7   00:51     16.1     00.0   00.00   10.4     27.6    22:06      NW
30    52.8   059.0   13:35    47.1   02:05     12.2     00.0   00.00   10.9     41.4    04:22     NNW
31    55.0   062.3   16:03    39.2   23:37     10.0     00.0   00.00   11.7     42.5    18:02     WNW
--------------------------------------------------------------------------------------------------------
31.5 (31.6)   62.3  day 31    -03.3  day 06   970.9    000.0   00.00   03.1     42.6   day 31      NW
Max