NOAA-Style Climate Reports


Report for 2017 February

Daily noaa report



                            MONTHLY CLIMATOLOGICAL SUMMARY for FEB. 2017

NAME: Rockcreek-Hillcrest   CITY: Superior STATE: Colorado
ELEV: 5612 ft LAT: 039:55:38 LONG: 0105:09:26

                            TEMPERATURE ( °F), RAIN (in.), WIND SPEED (mph)

                                               HEAT     COOL           AVG
      MEAN                                     DEG      DEG            WIND                       DOM
DAY   TEMP    HIGH   TIME     LOW    TIME      DAYS     DAYS    RAIN   SPEED    HIGH    TIME      DIR
--------------------------------------------------------------------------------------------------------
01    26.0   037.5   00:01    20.5   00:00     38.9     00.0   00.00   01.4     14.9    00:25      E 
02    21.6   023.9   20:47    19.8   07:52     43.3     00.0   00.00   00.0     00.0    00:00     ESE
03    21.8   047.8   00:00    14.1   04:52     43.2     00.0   00.00   01.3     43.7    00:00     NNW
04    50.1   057.0   15:01    39.5   01:16     14.8     00.0   00.00   13.3     62.1    03:22      NW
05    45.8   058.7   16:10    33.8   07:29     19.1     00.0   00.00   03.1     25.3    23:03     NNW
06    51.7   058.9   12:09    43.5   04:12     13.3     00.0   00.00   09.5     35.6    13:12      N 
07    51.1   062.0   12:59    39.9   05:34     13.9     00.0   00.00   07.5     39.1    00:13     NNW
08    51.4   056.2   22:27    42.1   05:58     13.5     00.0   00.00   12.1     44.9    12:17      N 
09    59.9   067.3   15:54    49.3   05:55     05.1     00.0   00.00   05.2     32.2    22:56     NNW
10    66.3   074.6   14:17    53.3   00:00     00.0     01.3   00.00   09.2     46.0    07:11      N 
11    47.3   053.1   00:01    34.6   00:00     17.6     00.0   00.00   03.1     23.0    10:23      E 
12    37.0   047.0   15:51    31.9   04:34     27.9     00.0   00.00   01.2     11.5    11:30     SSW
13    38.8   048.0   15:55    29.0   03:50     26.2     00.0   00.00   01.5     13.8    10:45     ENE
14    35.7   047.9   16:18    24.2   05:45     29.2     00.0   00.00   01.7     18.4    14:38      NE
15    47.4   065.3   15:34    28.1   04:58     17.6     00.0   00.00   04.6     21.9    17:23     NNW
16    58.3   072.4   17:10    47.4   07:05     06.7     00.0   00.00   04.4     40.3    23:18      N 
17    52.6   065.3   14:42    38.6   21:39     12.3     00.0   00.00   04.8     44.9    00:30     NNE
18    48.1   063.8   14:13    38.4   04:20     16.9     00.0   00.00   01.6     14.9    15:04     NNE
19    48.5   059.0   13:27    36.3   06:00     16.5     00.0   00.00   01.6     14.9    19:05     NNE
20    49.3   058.7   15:56    38.2   04:41     15.6     00.0   00.00   04.9     38.0    12:59      N 
21    59.2   069.2   14:27    44.7   01:06     05.8     00.0   00.00   13.2     64.4    02:49      N 
22    45.9   055.3   15:30    30.8   00:00     19.1     00.0   00.00   02.7     17.3    18:07     ENE
23    26.1   031.9   01:44    16.6   22:48     38.8     00.0   00.00   02.7     23.0    14:38     NNE
24    20.2   026.1   12:33    16.7   22:11     44.7     00.0   00.00   00.3     10.3    14:01      E 
25    26.9   033.9   12:41    17.9   01:33     38.0     00.0   00.00   05.7     31.1    14:39      N 
26    29.2   041.2   16:58    18.5   06:14     35.8     00.0   00.00   01.4     21.9    15:05      N 
27    35.5   050.8   16:19    17.7   05:39     29.5     00.0   00.00   01.9     25.3    16:40     NNE
28    31.4   037.8   13:17    26.7   22:51     33.6     00.0   00.00   03.6     24.1    18:57      N 
--------------------------------------------------------------------------------------------------------
42.2 (42.2)   74.6  day 10     14.1  day 03   636.7    001.3   00.00   04.4     64.4   day 21      N 
Max  0.8in)