NOAA-Style Climate Reports


Report for 2017 March

Daily noaa report



                            MONTHLY CLIMATOLOGICAL SUMMARY for MAR. 2017

NAME: Rockcreek-Hillcrest   CITY: Superior STATE: Colorado
ELEV: 5612 ft LAT: 039:55:38 LONG: 0105:09:26

                            TEMPERATURE ( °F), RAIN (in.), WIND SPEED (mph)

                                               HEAT     COOL           AVG
      MEAN                                     DEG      DEG            WIND                       DOM
DAY   TEMP    HIGH   TIME     LOW    TIME      DAYS     DAYS    RAIN   SPEED    HIGH    TIME      DIR
--------------------------------------------------------------------------------------------------------
01    34.9   042.9   13:29    28.6   03:24     30.0     00.0   00.00   13.6     42.5    04:45      N 
02    41.1   051.0   15:30    31.0   05:02     23.8     00.0   00.00   05.9     26.4    13:53      N 
03    49.7   063.9   16:11    37.6   22:46     15.2     00.0   00.00   06.8     35.6    04:22      N 
04    51.7   067.5   16:53    37.3   03:55     13.3     00.0   00.00   02.4     19.6    17:24     NNE
05    52.4   064.1   14:22    40.7   02:16     12.5     00.0   00.00   02.8     21.9    21:35     NNE
06    35.6   050.7   00:38    25.5   22:38     29.3     00.0   00.00   12.2     50.6    08:15      N 
07    39.1   050.4   14:37    27.5   00:20     25.8     00.0   00.00   10.8     42.5    06:27      N 
08    54.1   064.2   16:01    43.0   00:28     10.9     00.0   00.00   11.1     42.5    15:12      N 
09    55.5   067.0   12:39    36.5   00:00     09.4     00.0   00.00   08.5     34.5    11:35      N 
10    42.6   060.8   15:30    24.6   06:26     22.4     00.0   00.00   01.2     12.7    14:18      NE
11    41.3   048.1   03:26    34.3   00:00     23.6     00.0   00.00   01.2     14.9    05:38     NNE
12    46.3   060.1   14:29    33.1   05:26     18.6     00.0   00.00   07.0     44.9    11:58      N 
13    43.1   058.0   23:47    25.1   07:27     21.8     00.0   00.00   03.6     26.4    23:37     NNE
14    59.5   069.8   15:05    50.1   22:47     05.4     00.0   00.00   04.7     27.6    13:40      N 
15    59.2   074.6   16:41    42.9   02:07     05.8     00.0   00.00   04.2     24.1    17:21      N 
16    64.9   074.6   16:41    54.2   02:00     00.0     00.0   00.00   08.9     32.2    15:22      N 
17    57.3   067.9   15:46    47.0   04:02     07.6     00.0   00.00   03.9     25.3    00:26      N 
18    58.7   078.2   17:01    38.2   07:15     06.2     00.0   00.00   02.1     18.4    14:12      N 
19    65.5   075.5   15:37    54.0   06:12     00.0     00.6   00.00   07.5     27.6    12:34      N 
20    64.1   072.8   16:15    52.7   00:00     00.8     00.0   00.00   04.8     25.3    12:33      N 
21    48.8   056.9   18:30    36.7   07:06     16.2     00.0   00.00   01.6     18.4    00:32      N 
22    49.7   064.1   17:04    33.0   07:37     15.2     00.0   00.00   00.8     10.3    10:46      N 
23    58.4   073.0   15:10    40.1   00:00     06.6     00.0   00.00   08.2     40.3    20:55      N 
24    43.7   052.9   14:53    35.1   00:00     21.2     00.0   00.00   08.5     38.0    03:21      N 
25    47.5   064.3   15:52    31.2   07:19     17.5     00.0   00.00   02.4     19.6    23:56      N 
26    45.3   050.3   00:01    40.2   23:19     19.6     00.0   00.00   02.0     17.3    13:51      N 
27    47.4   062.1   17:02    34.1   07:12     17.5     00.0   00.00   01.5     14.9    13:36      N 
28    42.6   045.5   02:40    38.0   00:00     22.3     00.0   00.00   06.2     27.6    22:09      N 
29    44.2   057.4   18:47    36.2   05:04     20.7     00.0   00.00   02.2     19.6    13:33      N 
30    50.4   066.2   15:37    35.1   05:54     14.5     00.0   00.00   01.5     17.3    17:27      N 
31    38.9   047.9   00:02    32.7   23:37     26.1     00.0   00.00   03.9     18.4    09:38      N 
--------------------------------------------------------------------------------------------------------
49.5 (49.3)   78.2  day 18     24.6  day 10   480.0    000.6   00.00   05.2     50.6   day 06     N
Min  .008in) 0 (> .08in) 0 (> 0.8in)