NOAA-Style Climate Reports


Report for 2017 April

Daily noaa report



                            MONTHLY CLIMATOLOGICAL SUMMARY for APR. 2017

NAME: Rockcreek-Hillcrest   CITY: Superior STATE: Colorado
ELEV: 5612 ft LAT: 039:55:38 LONG: 0105:09:26

                            TEMPERATURE ( °F), RAIN (in.), WIND SPEED (mph)

                                               HEAT     COOL           AVG
      MEAN                                     DEG      DEG            WIND                       DOM
DAY   TEMP    HIGH   TIME     LOW    TIME      DAYS     DAYS    RAIN   SPEED    HIGH    TIME      DIR
--------------------------------------------------------------------------------------------------------
01    36.4   041.4   14:41    32.5   01:23     28.5     00.0   00.00   00.5     10.3    20:28     NNE
02    47.6   061.4   14:04    32.0   03:53     17.3     00.0   00.00   01.7     20.7    19:07      N 
03    45.8   056.1   16:11    37.1   05:07     19.1     00.0   00.00   08.4     35.6    09:54      N 
04    33.9   040.7   16:20    30.8   06:45     31.1     00.0   00.00   00.9     18.4    16:26      N 
05    39.9   057.4   18:16    25.3   04:44     25.0     00.0   00.00   01.1     14.9    16:50      N 
06    51.0   066.9   17:42    35.3   07:12     14.0     00.0   00.00   01.9     14.9    15:24      N 
07    61.1   074.8   15:00    44.3   00:41     03.9     00.0   00.00   04.7     26.4    16:47      N 
08    62.8   075.1   16:05    49.7   07:21     02.1     00.0   00.00   04.3     31.1    17:03      N 
09    47.8   053.5   11:21    42.0   23:55     17.2     00.0   00.00   12.6     48.3    20:52      N 
10    45.8   058.9   15:56    33.2   06:52     19.1     00.0   00.00   05.3     36.8    02:31      N 
11    50.8   067.2   16:38    33.0   07:13     14.1     00.0   00.00   02.3     31.1    15:17      N 
12    56.2   072.3   17:22    39.6   05:06     08.7     00.0   00.00   02.3     18.4    14:52     NNE
13    58.8   076.5   16:12    41.2   06:51     06.1     00.0   00.00   03.9     26.4    16:29      N 
14    59.7   074.0   14:37    42.3   07:00     05.2     00.0   00.00   02.1     16.1    14:06      N 
15    55.6   068.3   16:29    42.6   06:50     09.3     00.0   00.00   03.4     19.6    12:42      N 
16    56.1   072.5   16:02    40.5   04:38     08.9     00.0   00.00   01.7     14.9    16:06      N 
17    58.7   076.4   17:04    38.2   06:54     06.2     00.0   00.00   02.3     19.6    18:58      N 
18    60.3   074.3   15:57    47.7   07:00     04.6     00.0   00.00   02.9     19.6    17:32     NNE
19    56.0   066.1   13:41    46.5   02:24     08.9     00.0   00.00   09.4     42.5    19:09      N 
20    48.4   059.7   12:36    35.7   06:38     16.5     00.0   00.00   02.3     19.6    16:50      N 
21    41.6   047.0   12:07    38.2   22:50     23.3     00.0   00.00   03.8     26.4    14:08      N 
22    44.7   058.4   17:48    36.9   06:00     20.2     00.0   00.00   01.1     11.5    16:54     NNE
23    54.2   075.2   16:49    36.8   04:12     10.7     00.0   00.00   02.0     19.6    12:43      N 
24    56.1   064.6   13:25    44.6   23:43     08.9     00.0   00.00   04.7     36.8    03:52      N 
25    46.1   055.3   14:43    32.9   00:00     18.9     00.0   00.00   04.7     25.3    10:15      N 
26    44.7   058.8   15:03    29.4   06:37     20.3     00.0   00.00   03.8     34.5    15:36      N 
27    44.5   053.6   17:30    38.2   06:39     20.5     00.0   00.00   02.0     21.9    18:43     NNE
28    39.4   052.9   12:27    28.9   00:00     25.5     00.0   00.00   06.4     27.6    16:48      N 
29    28.8   030.9   14:53    23.7   23:21     36.2     00.0   00.00   03.6     19.6    16:51     NNE
30    40.6   060.5   17:05    23.4   00:13     24.3     00.0   00.00   03.0     26.4    17:26      N 
--------------------------------------------------------------------------------------------------------
49.1 (49.2)   76.5  day 13     23.4  day 30   474.7    000.0   00.00   03.6     48.3   day 09     N
Max  .08in) 0 (> 0.8in)