NOAA-Style Climate Reports


Report for 2017 May

Daily noaa report



                            MONTHLY CLIMATOLOGICAL SUMMARY for MAY. 2017

NAME: Rockcreek-Hillcrest   CITY: Superior STATE: Colorado
ELEV: 5612 ft LAT: 039:55:38 LONG: 0105:09:26

                            TEMPERATURE ( °F), RAIN (in.), WIND SPEED (mph)

                                               HEAT     COOL           AVG
      MEAN                                     DEG      DEG            WIND                       DOM
DAY   TEMP    HIGH   TIME     LOW    TIME      DAYS     DAYS    RAIN   SPEED    HIGH    TIME      DIR
--------------------------------------------------------------------------------------------------------
01    53.1   063.1   17:21    41.3   04:19     11.9     00.0   00.00   07.9     24.1    11:08      N 
02    49.8   060.5   14:11    43.0   06:29     15.1     00.0   00.00   04.2     21.9    17:19      NE
03    44.4   056.3   18:18    35.5   08:20     20.5     00.0   00.00   02.5     23.0    05:04     NNE
04    54.3   072.1   15:27    35.2   05:29     10.6     00.0   00.00   02.0     11.5    16:22     ENE
05    63.2   078.7   14:26    46.1   06:08     01.8     00.0   00.00   04.0     11.5    18:14     NNE
06    68.4   088.3   14:24    51.0   06:16     00.0     03.5   00.00   05.6     31.1    17:09      N 
07    65.1   080.8   14:13    54.4   23:24     00.0     00.2   00.00   03.8     38.0    15:18      N 
08    56.9   065.8   12:19    50.7   01:00     08.1     00.0   00.01   05.2     18.4    10:17      N 
09    58.5   064.3   18:11    49.9   02:21     06.4     00.0   00.00   02.2     14.9    20:29      N 
10    50.8   055.9   00:03    46.3   03:00     14.1     00.0   00.00   04.1     16.1    13:04     NNE
11    56.5   065.1   18:04    45.3   03:15     08.5     00.0   00.00   02.4     10.3    15:20     NNE
12    62.4   078.3   16:02    43.3   05:28     02.5     00.0   00.00   02.8     19.6    18:14     NNE
13    59.6   079.7   12:19    47.4   05:13     05.4     00.0   00.00   01.8     14.9    12:18     ENE
14    66.4   074.5   15:19    58.4   23:28     00.0     01.5   00.00   07.8     13.8    13:19      N 
15    64.0   077.4   15:04    50.3   04:11     00.9     00.0   00.00   05.6     25.3    23:25      N 
16    56.5   070.5   12:13    46.7   22:47     08.4     00.0   00.02   03.8     24.1    15:03      N 
17    53.8   070.4   14:11    39.9   00:00     11.2     00.0   00.57   04.6     33.4    18:49      N 
18    34.1   039.9   00:03    33.0   22:01     30.8     00.0   01.11   03.5     23.0    15:09      N 
19    36.3   040.3   13:16    33.1   06:09     28.6     00.0   00.47   02.1     20.7    11:30      N 
20    47.4   062.9   18:12    31.4   06:03     17.6     00.0   00.00   01.5     19.6    14:24     NNW
21    51.7   066.7   15:37    38.5   05:21     13.2     00.0   00.30   02.3     26.4    16:20     NNE
22    50.9   066.7   13:39    42.1   19:04     14.1     00.0   00.19   02.7     32.2    16:26      N 
23    51.2   063.3   15:53    39.7   03:57     13.8     00.0   00.00   01.9     18.4    10:51     NNE
24    63.0   082.4   15:49    40.4   06:07     01.9     00.0   00.00   03.8     41.4    11:18      N 
25    63.5   071.8   12:40    50.0   22:06     01.4     00.0   00.03   03.7     26.4    03:47      N 
26    54.6   068.3   17:31    44.9   03:41     10.3     00.0   00.20   02.9     34.5    21:52      N 
27    50.5   058.9   16:44    45.3   23:45     14.5     00.0   00.18   01.6     19.6    17:22     NNW
28    58.7   072.4   18:52    45.3   05:53     06.3     00.0   00.00   02.7     25.3    21:01      N 
29    57.6   067.7   13:00    46.2   05:47     07.3     00.0   00.03   01.8     17.3    13:56      N 
30    61.7   074.5   15:19    45.7   06:04     03.3     00.0   00.01   02.4     34.5    21:39      N 
31    66.0   081.4   18:21    49.5   05:34     00.0     01.1   00.00   01.8     14.9    20:32      N 
--------------------------------------------------------------------------------------------------------
55.5 (56.3)   88.3  day 06     31.4  day 20   307.6    006.3   03.13   03.3     41.4   day 07     N
Max >=  86: 1
Min  .008in) 7 (> .08in) 1 (> 0.8in)