NOAA-Style Climate Reports


Report for 2017 June

Daily noaa report



                            MONTHLY CLIMATOLOGICAL SUMMARY for JUN. 2017

NAME: Rockcreek-Hillcrest   CITY: Superior STATE: Colorado
ELEV: 5612 ft LAT: 039:55:38 LONG: 0105:09:26

                            TEMPERATURE ( °F), RAIN (in.), WIND SPEED (mph)

                                               HEAT     COOL           AVG
      MEAN                                     DEG      DEG            WIND                       DOM
DAY   TEMP    HIGH   TIME     LOW    TIME      DAYS     DAYS    RAIN   SPEED    HIGH    TIME      DIR
--------------------------------------------------------------------------------------------------------
01    64.2   081.1   13:25    48.6   06:07     00.7     00.0   00.01   02.0     25.3    14:56     NNW
02    63.4   075.0   15:08    53.4   06:00     01.5     00.0   00.54   01.9     32.2    15:23      N 
03    65.2   077.8   17:10    49.6   05:50     00.0     00.3   00.00   01.5     13.8    15:33     NNE
04    67.1   083.0   16:37    51.1   05:52     00.0     02.2   00.00   01.2     12.7    15:14     NNE
05    67.2   081.9   14:53    54.7   03:57     00.0     02.2   00.00   02.2     32.2    15:38      N 
06    66.6   076.1   17:04    57.2   01:43     00.0     01.7   00.00   01.6     11.5    12:36      N 
07    67.6   079.7   18:08    53.6   05:03     00.0     02.7   00.02   02.5     19.6    14:16      N 
08    67.1   083.7   13:51    52.9   05:25     00.0     02.1   00.01   01.2     19.6    18:56      N 
09    77.1   093.0   16:54    60.6   03:39     00.0     12.1   00.00   02.6     19.6    14:21     NNW
10    76.8   091.8   12:41    58.4   05:03     00.0     11.8   00.00   03.3     20.7    12:50      N 
11    69.3   080.4   18:13    62.2   08:53     00.0     04.3   00.00   02.0     16.1    07:56      N 
12    74.5   092.0   17:12    60.3   02:54     00.0     09.5   00.00   04.0     35.6    17:25      N 
13    65.8   078.3   16:18    49.8   04:45     00.0     00.9   00.00   04.5     28.8    22:20      N 
14    64.3   077.0   20:05    60.6   00:00     00.6     00.0   00.00   04.9     26.4    04:45      N 
15    72.5   090.1   15:36    57.9   05:48     00.0     07.5   00.00   02.3     12.7    14:25      N 
16    76.9   091.6   16:04    59.7   04:48     00.0     11.9   00.00   04.5     28.8    11:16      N 
17    70.0   076.7   04:15    60.6   00:00     00.0     05.1   00.00   02.7     19.6    16:03      N 
18    69.7   086.1   17:19    55.4   06:36     00.0     04.8   00.00   01.6     17.3    22:04     NNE
19    70.4   086.3   16:19    55.6   05:11     00.0     05.5   00.00   02.0     16.1    13:12     NNE
20    79.2   096.7   15:52    56.7   05:48     00.0     14.3   00.00   02.9     29.9    22:39      N 
21    84.6   097.6   16:58    73.4   01:41     00.0     19.6   00.00   04.0     25.3    20:19      N 
22    76.4   091.7   10:37    66.2   22:32     00.0     11.5   00.00   03.9     31.1    04:43      N 
23    56.0   066.5   00:01    47.0   07:47     08.9     00.0   00.29   02.0     26.4    06:03      N 
24    60.8   074.6   16:50    47.7   04:34     04.1     00.0   00.00   01.7     13.8    16:55     NNE
25    61.6   073.2   18:15    52.1   05:47     03.4     00.0   00.00   01.5     11.5    14:49     NNE
26    69.4   087.4   15:17    53.1   05:52     00.0     04.5   00.00   01.6     12.7    14:23     ENE
27    74.4   095.1   16:11    53.1   05:59     00.0     09.5   00.00   03.2     29.9    17:05      N 
28    72.1   083.8   17:52    58.1   02:41     00.0     07.2   00.00   02.5     19.6    09:33      N 
29    69.0   080.3   12:58    55.7   05:12     00.0     04.1   00.02   02.3     24.1    16:12      N 
30    61.8   076.0   18:36    53.7   04:40     03.1     00.0   00.01   01.4     16.1    00:37      N 
--------------------------------------------------------------------------------------------------------
69.4 (69.7)   97.6  day 21     47.0  day 23   022.5    155.2   00.91   02.5     35.7   day 22     N
Max >=  86: 12
Min  .008in) 2 (> .08in) 0 (> 0.8in)