NOAA-Style Climate Reports


Report for 2017 July

Daily noaa report



                            MONTHLY CLIMATOLOGICAL SUMMARY for JUL. 2017

NAME: Rockcreek-Hillcrest   CITY: Superior STATE: Colorado
ELEV: 5612 ft LAT: 039:55:38 LONG: 0105:09:26

                            TEMPERATURE ( °F), RAIN (in.), WIND SPEED (mph)

                                               HEAT     COOL           AVG
      MEAN                                     DEG      DEG            WIND                       DOM
DAY   TEMP    HIGH   TIME     LOW    TIME      DAYS     DAYS    RAIN   SPEED    HIGH    TIME      DIR
--------------------------------------------------------------------------------------------------------
01    70.8   086.2   17:10    53.0   03:33     00.0     05.8   00.00   02.6     14.9    18:36      N 
02    75.0   089.5   14:24    55.7   06:00     00.0     10.1   00.00   03.0     31.1    20:15      N 
03    74.1   088.6   13:52    58.0   06:48     00.0     09.2   00.00   03.0     33.4    15:21      N 
04    75.9   090.3   15:35    60.1   06:09     00.0     10.9   00.00   02.3     36.8    13:21      N 
05    79.4   097.5   17:37    58.3   03:57     00.0     14.4   00.00   01.5     11.5    17:39      N 
06    78.6   092.9   15:20    63.6   06:35     00.0     13.6   00.00   02.0     21.9    16:19      N 
07    72.7   082.8   19:14    63.8   03:29     00.0     07.7   00.00   02.1     14.9    16:26      N 
08    72.9   085.1   14:16    57.4   05:53     00.0     08.0   00.01   02.2     17.3    15:39      N 
09    77.7   092.9   15:44    62.4   05:48     00.0     12.8   00.00   01.9     25.3    17:43      N 
10    77.6   090.6   14:39    63.9   04:06     00.0     12.6   00.00   02.3     26.4    15:40      N 
11    78.7   091.4   15:04    65.5   06:16     00.0     13.8   00.00   02.7     26.4    19:33      N 
12    69.4   072.6   16:32    62.1   00:00     00.0     04.5   00.02   02.1     14.9    20:33      N 
13    71.1   085.3   17:03    56.0   03:02     00.0     06.2   00.00   01.7     17.3    18:01      N 
14    73.0   086.6   16:53    60.2   06:08     00.0     08.1   00.00   02.1     29.9    17:21      N 
15    69.5   081.7   14:11    62.5   05:47     00.0     04.6   00.06   02.9     23.0    18:27      N 
16    72.2   086.5   16:01    57.1   06:26     00.0     07.3   00.00   01.6     13.8    13:43      N 
17    76.0   092.3   13:53    60.0   06:05     00.0     11.0   00.00   02.6     28.8    17:34      N 
18    78.7   090.9   17:30    66.0   06:31     00.0     13.8   00.00   02.9     21.9    15:13      N 
19    79.6   094.7   14:23    66.4   06:16     00.0     14.7   00.00   03.5     32.2    18:04      N 
20    77.0   089.2   13:58    63.8   06:25     00.0     12.1   00.00   01.9     29.9    20:44      N 
21    74.6   090.8   12:46    63.0   00:00     00.0     09.7   00.07   03.2     25.3    16:18      N 
22    74.3   088.0   17:33    59.7   04:53     00.0     09.4   00.00   01.6     17.3    00:57      N 
23    76.1   092.7   16:17    58.9   06:25     00.0     11.2   00.00   02.3     19.6    18:10     NNE
24    79.0   094.9   14:56    62.1   05:04     00.0     14.0   00.00   02.1     23.0    15:40      N 
25    74.8   090.9   14:11    65.6   23:50     00.0     09.8   00.22   02.5     29.9    08:56     NNW
26    68.5   078.8   13:59    62.6   21:14     00.0     03.6   00.46   01.8     20.7    19:16      N 
27    72.4   088.7   16:45    59.6   06:39     00.0     07.5   00.00   01.8     11.5    19:54     NNW
28    74.0   090.8   14:48    63.1   06:28     00.0     09.1   00.01   02.8     24.1    17:58     NNW
29    70.8   079.3   17:34    65.6   07:03     00.0     05.8   00.00   01.8     19.6    19:29     NNW
30    70.3   082.1   13:20    61.7   05:19     00.0     05.4   00.00   02.0     21.9    17:22     NNW
31    72.9   086.0   15:21    58.4   06:39     00.0     08.0   00.00   02.3     19.6    15:51      N 
--------------------------------------------------------------------------------------------------------
74.4 (74.6)   97.5  day 05     53.0  day 01   000.0    294.6   00.85   02.3     36.8   day 04      N 
Max >=  86: 23
Min  .008in) 2 (> .08in) 0 (> 0.8in)