NOAA-Style Climate Reports


Report for 2017 August

Daily noaa report



                            MONTHLY CLIMATOLOGICAL SUMMARY for AUG. 2017

NAME: Rockcreek-Hillcrest   CITY: Superior STATE: Colorado
ELEV: 5612 ft LAT: 039:55:38 LONG: 0105:09:26

                            TEMPERATURE ( °F), RAIN (in.), WIND SPEED (mph)

                                               HEAT     COOL           AVG
      MEAN                                     DEG      DEG            WIND                       DOM
DAY   TEMP    HIGH   TIME     LOW    TIME      DAYS     DAYS    RAIN   SPEED    HIGH    TIME      DIR
--------------------------------------------------------------------------------------------------------
01    74.1   088.4   15:51    59.1   06:38     00.0     09.2   00.00   02.1     16.1    16:15     NNW
02    69.7   084.2   17:22    56.8   06:54     00.0     04.7   00.00   02.4     19.6    17:52      N 
03    59.5   066.4   01:46    55.5   10:18     05.4     00.0   00.08   02.5     20.7    17:48      N 
04    68.4   090.0   18:08    53.5   03:50     00.0     03.5   00.08   02.4     38.0    18:41      N 
05    69.8   082.4   15:41    57.2   00:00     00.0     04.9   00.13   02.7     32.2    19:41      N 
06    62.9   072.5   16:38    54.2   05:12     02.0     00.0   00.00   02.3     14.9    20:26      N 
07    57.5   063.6   00:22    55.1   07:56     07.5     00.0   00.76   03.3     16.1    06:05      N 
08    63.2   073.3   14:21    53.9   05:55     01.7     00.0   00.04   01.8     23.0    15:01      N 
09    64.0   075.6   14:09    55.4   05:30     00.9     00.0   00.00   02.0     25.3    16:41      N 
10    61.1   072.9   14:44    55.2   02:38     03.8     00.0   00.09   02.0     26.4    16:35      N 
11    64.7   078.1   15:44    53.8   06:47     00.3     00.0   00.00   01.7     14.9    22:06      N 
12    66.4   081.6   13:52    54.0   06:46     00.0     01.4   00.04   02.1     18.4    15:59      N 
13    69.6   086.0   13:54    58.0   06:48     00.0     04.6   00.19   01.7     27.6    14:30     NNW
14    72.6   086.6   14:09    59.8   06:27     00.0     07.6   00.00   02.2     20.7    16:28     NNW
15    67.0   081.8   17:24    57.4   00:00     00.0     02.1   00.10   02.3     31.1    19:27      N 
16    64.8   075.2   17:23    56.2   07:07     00.1     00.0   00.04   01.5     12.7    12:11      N 
17    71.6   085.1   18:54    55.7   03:32     00.0     06.7   00.01   02.0     21.9    15:51      N 
18    72.1   090.4   16:39    55.9   06:38     00.0     07.1   00.00   01.4     12.7    23:46      N 
19    77.8   093.0   15:41    63.2   02:20     00.0     12.8   00.00   03.0     24.1    12:37      N 
20    76.2   086.0   15:12    67.3   05:27     00.0     11.2   00.00   02.4     18.4    19:24      N 
21    73.6   083.7   14:52    60.6   06:33     00.0     08.7   00.00   01.7     14.9    14:03      N 
22    69.3   080.3   13:47    57.3   06:29     00.0     04.3   00.00   01.4     18.4    21:30      N 
23    71.4   085.5   14:28    62.4   23:01     00.0     06.5   00.00   02.5     24.1    19:30      N 
24    69.0   083.0   13:53    58.7   07:13     00.0     04.1   00.00   04.1     34.5    15:42      N 
25    75.4   090.5   15:28    62.9   04:29     00.0     10.5   00.00   02.5     16.1    12:23      N 
26    76.2   091.3   14:39    58.4   05:41     00.0     11.2   00.00   02.1     14.9    12:20      N 
27    73.9   084.9   16:07    63.9   07:04     00.0     08.9   00.00   02.8     13.8    14:15      N 
28    72.4   089.0   16:22    56.0   05:52     00.0     07.5   00.00   01.8     13.8    14:25      N 
29    74.9   092.1   14:13    59.1   06:59     00.0     10.0   00.00   02.0     18.4    15:22      N 
30    73.1   086.3   12:42    59.3   06:48     00.0     08.2   00.00   02.2     18.4    17:46      N 
31    69.0   082.4   12:38    56.0   06:04     00.0     04.1   00.00   01.6     21.9    17:56      N 
--------------------------------------------------------------------------------------------------------
69.4 (70.2)   93.0  day 19     53.5  day 04   021.7    159.9   01.56   02.2     38.0   day 24      N 
Max >=  86: 12
Min  .008in) 6 (> .08in) 0 (> 0.8in)