NOAA-Style Climate Reports


Report for 2017 September

Daily noaa report



                            MONTHLY CLIMATOLOGICAL SUMMARY for SEP. 2017

NAME: Rockcreek-Hillcrest   CITY: Superior STATE: Colorado
ELEV: 5612 ft LAT: 039:55:38 LONG: 0105:09:26

                            TEMPERATURE ( °F), RAIN (in.), WIND SPEED (mph)

                                               HEAT     COOL           AVG
      MEAN                                     DEG      DEG            WIND                       DOM
DAY   TEMP    HIGH   TIME     LOW    TIME      DAYS     DAYS    RAIN   SPEED    HIGH    TIME      DIR
--------------------------------------------------------------------------------------------------------
01    71.9   084.4   16:46    60.2   04:56     00.0     07.0   00.00   02.5     20.7    14:04      N 
02    73.3   087.8   16:59    59.2   06:09     00.0     08.3   00.00   01.9     12.7    16:09      N 
03    79.7   094.0   13:52    62.5   05:47     00.0     14.8   00.00   02.6     14.9    16:06      N 
04    73.5   090.5   13:11    61.7   06:06     00.0     08.5   00.00   03.6     26.4    13:47      N 
05    60.4   068.1   16:52    52.7   00:00     04.5     00.0   00.00   01.8     13.8    03:01      N 
06    63.8   079.6   17:16    50.1   05:14     01.1     00.0   00.01   01.5     11.5    15:45     NNE
07    66.9   083.3   15:52    50.8   07:34     00.0     02.0   00.00   01.3     11.5    14:23      N 
08    68.1   081.2   17:45    52.4   07:18     00.0     03.1   00.00   01.9     16.1    15:33      N 
09    73.1   087.0   13:50    60.3   06:20     00.0     08.1   00.00   02.6     24.1    15:41      N 
10    74.3   086.9   15:03    62.4   05:49     00.0     09.4   00.00   02.1     21.9    17:10      N 
11    72.8   084.8   14:43    61.7   06:49     00.0     07.8   00.00   02.4     13.8    22:03      N 
12    74.7   089.8   15:18    60.2   06:49     00.0     09.8   00.00   02.2     13.8    15:25      N 
13    75.3   087.1   10:51    63.2   23:57     00.0     10.3   00.00   02.2     21.9    00:07      N 
14    73.7   085.4   15:15    63.5   03:54     00.0     08.8   00.00   04.0     26.4    16:43      N 
15    68.0   080.9   14:58    54.7   04:52     00.0     03.1   00.00   02.4     29.9    21:19      N 
16    55.1   066.3   16:48    49.5   06:58     09.8     00.0   00.00   01.5     11.5    14:47      N 
17    57.4   069.0   15:51    45.3   06:16     07.5     00.0   00.00   01.7     14.9    16:03      N 
18    66.0   080.1   16:35    49.1   05:58     00.0     01.1   00.00   03.1     17.3    15:33      N 
19    65.8   084.6   15:19    51.1   00:00     00.0     00.9   00.00   03.8     35.6    18:04      N 
20    57.1   074.0   17:40    43.5   07:20     07.8     00.0   00.00   01.2     11.5    15:48     NNW
21    67.4   086.2   16:11    45.4   07:00     00.0     02.4   00.00   03.1     24.1    23:39      N 
22    61.2   072.9   00:05    49.5   07:28     03.8     00.0   00.01   02.3     26.4    17:26      N 
23    48.0   054.3   00:04    44.2   23:31     16.9     00.0   00.69   01.1     14.9    17:53      N 
24    45.8   047.9   13:15    44.5   05:13     19.1     00.0   00.07   01.1     11.5    22:38      NE
25    46.0   052.0   13:53    41.7   08:40     18.9     00.0   00.01   00.9     10.3    08:09     NNE
26    50.5   059.1   14:49    44.2   07:26     14.4     00.0   00.04   00.8     09.2    14:57      N 
27    50.1   051.4   15:00    48.3   11:55     14.9     00.0   00.08   00.3     05.8    12:49     NNW
28    51.4   057.0   13:52    48.3   07:26     13.6     00.0   00.28   02.1     14.9    21:41      N 
29    51.0   061.0   16:32    42.1   04:57     14.0     00.0   00.02   00.9     11.5    17:35      N 
30    55.6   070.6   15:47    41.8   07:08     09.3     00.0   00.03   04.2     27.6    21:46      N 
--------------------------------------------------------------------------------------------------------
63.3 (63.7)   94.0  day 03     41.7  day 25   155.6    105.5   01.24   02.1     35.7   day 19     N
Max >=  86: 8
Min  .008in) 3 (> .08in) 0 (> 0.8in)