NOAA-Style Climate Reports


Report for 2017 October

Daily noaa report



                            MONTHLY CLIMATOLOGICAL SUMMARY for OCT. 2017

NAME: Rockcreek-Hillcrest   CITY: Superior STATE: Colorado
ELEV: 5612 ft LAT: 039:55:38 LONG: 0105:09:26

                            TEMPERATURE ( °F), RAIN (in.), WIND SPEED (mph)

                                               HEAT     COOL           AVG
      MEAN                                     DEG      DEG            WIND                       DOM
DAY   TEMP    HIGH   TIME     LOW    TIME      DAYS     DAYS    RAIN   SPEED    HIGH    TIME      DIR
--------------------------------------------------------------------------------------------------------
01    57.5   068.5   13:13    46.6   00:00     07.5     00.0   00.13   04.2     34.5    06:07      N 
02    40.1   046.6   00:03    36.3   18:50     24.8     00.0   00.93   00.6     10.3    15:14      N 
03    45.3   054.4   16:30    35.6   05:13     19.6     00.0   00.00   02.0     16.1    11:27      N 
04    51.9   065.6   15:53    39.4   07:12     13.1     00.0   00.00   01.2     12.7    16:50      N 
05    56.7   064.9   15:37    48.4   07:35     08.3     00.0   00.00   01.5     12.7    01:48      N 
06    55.3   066.9   13:50    50.7   01:08     09.7     00.0   00.00   07.5     51.8    15:08      N 
07    62.1   076.3   16:23    53.1   06:21     02.8     00.0   00.00   08.6     33.4    02:51      N 
08    54.1   066.2   00:05    34.2   00:00     10.9     00.0   00.16   04.2     27.6    21:00      N 
09    33.4   039.6   16:47    29.4   22:59     31.5     00.0   00.36   01.0     17.3    12:38      N 
10    40.5   059.5   16:51    25.9   05:48     24.5     00.0   00.01   00.6     10.3    15:43      W 
11    50.6   068.7   15:18    34.6   07:28     14.3     00.0   00.00   00.7     09.2    22:12      N 
12    59.4   075.6   15:35    45.4   00:16     05.6     00.0   00.00   02.2     19.6    18:46      NE
13    49.1   064.1   16:19    36.5   06:23     15.8     00.0   00.00   01.4     11.5    15:16      N 
14    47.5   059.2   12:44    40.1   07:37     17.4     00.0   00.02   08.7     57.5    15:46      N 
15    44.1   062.4   17:52    28.1   07:00     20.8     00.0   00.00   00.6     11.5    03:17      NE
16    58.6   073.3   14:17    38.6   00:58     06.3     00.0   00.00   03.4     25.3    10:31      N 
17    60.0   077.0   15:48    42.3   07:18     05.0     00.0   00.00   01.6     18.4    11:51      N 
18    64.4   078.6   14:10    48.2   23:59     00.6     00.0   00.00   02.5     27.6    05:08      N 
19    55.9   073.0   15:20    40.4   06:46     09.1     00.0   00.00   01.0     11.5    14:58      N 
20    62.6   077.0   15:53    47.4   03:11     02.3     00.0   00.00   03.3     34.5    23:12     NNW
21    47.0   057.9   00:03    37.6   22:19     18.0     00.0   00.00   11.5     49.5    04:58      N 
22    57.0   067.2   17:06    39.2   07:09     08.0     00.0   00.00   07.9     42.5    22:37      N 
23    49.1   063.7   00:04    38.3   22:26     15.8     00.0   00.00   03.6     29.9    02:10      N 
24    47.4   062.6   17:20    34.8   07:32     17.6     00.0   00.00   02.6     23.0    09:18      NW
25    64.8   081.8   14:14    48.7   00:46     00.1     00.0   00.00   10.0     47.1    19:48      N 
26    45.3   066.7   00:01    29.4   20:23     19.6     00.0   00.00   04.8     27.6    04:31      N 
27    33.2   043.4   16:19    22.2   07:26     31.8     00.0   00.05   00.7     11.5    14:50     SSW
28    48.0   058.2   15:57    39.2   03:03     16.9     00.0   00.00   02.5     17.3    22:34     WSW
29    57.2   072.2   15:04    40.7   00:00     07.7     00.0   00.00   07.0     27.6    11:11      NW
30    30.9   040.6   00:03    27.9   09:49     34.0     00.0   00.01   01.3     14.9    02:42      E 
31    40.1   058.6   22:20    26.6   08:22     24.8     00.0   00.02   04.9     42.5    23:37      W 
--------------------------------------------------------------------------------------------------------
50.6 (51.2)   81.8  day 25     22.2  day 27   444.2    000.0   01.69   03.7     57.5   day 14      N 
Min  .08in) 1 (> 0.8in)