NOAA-Style Climate Reports


Report for 2017 November

Daily noaa report



                            MONTHLY CLIMATOLOGICAL SUMMARY for NOV. 2017

NAME: Rockcreek-Hillcrest   CITY: Superior STATE: Colorado
ELEV: 5612 ft LAT: 039:55:38 LONG: 0105:09:26

                            TEMPERATURE ( °F), RAIN (in.), WIND SPEED (mph)

                                               HEAT     COOL           AVG
      MEAN                                     DEG      DEG            WIND                       DOM
DAY   TEMP    HIGH   TIME     LOW    TIME      DAYS     DAYS    RAIN   SPEED    HIGH    TIME      DIR
--------------------------------------------------------------------------------------------------------
01    62.3   069.8   15:40    57.8   01:32     02.7     00.0   00.00   09.4     52.9    01:05     NNW
02    40.1   063.0   00:01    33.0   23:44     24.8     00.0   00.00   01.2     16.1    03:31     ESE
03    41.7   055.6   15:09    33.8   00:03     23.3     00.0   00.00   01.1     12.7    07:58      S 
04    56.0   068.0   12:34    41.1   00:01     09.0     00.0   00.00   07.9     35.6    14:39      NW
05    39.8   047.3   15:08    34.6   00:00     25.1     00.0   00.00   00.6     11.5    06:38      SE
06    35.4   040.2   15:03    32.8   05:45     29.6     00.0   00.03   00.8     10.3    16:22     ENE
07    27.6   034.1   00:09    24.2   07:17     37.3     00.0   00.01   01.0     16.1    01:16     ESE
08    36.2   048.3   12:33    26.8   07:40     28.8     00.0   00.14   01.0     11.5    12:28     ENE
09    33.1   041.8   14:51    28.4   07:32     31.9     00.0   00.00   01.0     10.3    10:09      NE
10    38.7   055.0   14:07    26.3   05:06     26.2     00.0   00.00   00.8     09.2    08:43      SW
11    45.8   058.4   14:26    34.7   04:45     19.2     00.0   00.00   04.3     24.1    17:48     NNW
12    40.3   055.4   15:15    28.5   07:00     24.6     00.0   00.00   00.2     08.1    00:21      W 
13    55.2   072.1   14:25    37.8   00:02     09.7     00.0   00.00   03.0     23.0    06:44      W 
14    56.2   067.6   15:04    41.6   00:00     08.8     00.0   00.00   03.3     31.1    17:32     WNW
15    39.3   051.4   15:17    30.2   07:20     25.6     00.0   00.00   01.2     12.7    01:02     WNW
16    57.0   073.7   13:28    36.0   05:26     07.9     00.0   00.00   04.6     34.5    11:13      NW
17    52.7   061.3   03:07    38.0   00:00     12.3     00.0   00.08   08.3     52.9    16:01     NNW
18    37.4   046.5   13:29    27.5   04:44     27.6     00.0   00.00   07.2     25.3    15:33     NNW
19    45.8   058.6   12:42    28.6   02:33     19.2     00.0   00.00   05.7     35.6    21:31     NNW
20    58.4   064.4   14:52    52.9   00:01     06.6     00.0   00.00   16.5     50.6    13:03      NW
21    43.1   056.6   00:07    33.2   23:18     21.9     00.0   00.01   04.3     34.5    00:44     NNW
22    52.0   066.9   12:56    34.4   00:12     13.0     00.0   00.00   05.8     36.8    14:15      NW
23    62.6   067.8   12:23    55.9   06:49     02.3     00.0   00.00   09.8     32.2    21:52     WNW
24    59.5   069.1   10:40    41.2   00:00     05.4     00.0   00.00   07.2     39.1    14:41     WNW
25    47.0   060.1   15:18    37.2   05:54     17.9     00.0   00.00   01.5     19.6    07:02      NE
26    56.7   073.0   13:38    40.5   04:20     08.3     00.0   00.00   03.1     25.3    10:28     WNW
27    60.3   073.4   14:08    40.7   00:00     04.6     00.0   00.00   03.2     27.6    23:20     WNW
28    37.8   045.7   15:31    29.8   00:00     27.2     00.0   00.00   01.0     18.4    00:03      SW
29    47.1   064.6   13:40    27.6   04:19     17.9     00.0   00.00   05.6     34.5    14:46      W 
30    39.3   053.5   14:20    28.3   05:38     25.7     00.0   00.00   00.8     11.5    18:51     SSW
--------------------------------------------------------------------------------------------------------
46.8 (47.1)   73.7  day 16     24.2  day 07   544.1    000.0   00.27   04.0     52.9   day 17      NW
Min  .008in) 2 (> .08in) 0 (> 0.8in)