NOAA-Style Climate Reports


Report for 2017 December

Daily noaa report



                            MONTHLY CLIMATOLOGICAL SUMMARY for DEC. 2017

NAME: Rockcreek-Hillcrest   CITY: Superior STATE: Colorado
ELEV: 5612 ft LAT: 039:55:38 LONG: 0105:09:26

                            TEMPERATURE ( °F), RAIN (in.), WIND SPEED (mph)

                                               HEAT     COOL           AVG
      MEAN                                     DEG      DEG            WIND                       DOM
DAY   TEMP    HIGH   TIME     LOW    TIME      DAYS     DAYS    RAIN   SPEED    HIGH    TIME      DIR
--------------------------------------------------------------------------------------------------------
01    37.2   039.0   21:05    35.6   22:43     27.7     00.0   00.00   00.2     03.5    22:55      W 
02    50.8   060.8   13:22    37.6   09:01     14.2     00.0   00.00   01.6     11.5    13:23      S 
03    53.4   060.9   12:02    38.8   00:59     11.5     00.0   00.00   04.2     25.3    23:16     WSW
04    33.9   047.3   00:04    24.5   20:57     31.1     00.0   00.03   10.3     56.4    07:48      NW
05    34.0   049.9   14:00    18.2   04:40     31.0     00.0   00.00   05.0     31.1    00:38      NW
06    29.3   037.8   13:32    22.1   00:00     35.7     00.0   00.00   02.3     24.1    13:04      N 
07    29.0   038.8   23:38    14.9   05:00     36.0     00.0   00.00   01.8     18.4    18:24      W 
08    46.1   057.0   15:04    38.5   00:01     18.8     00.0   00.00   06.2     20.7    17:42     WNW
09    48.4   058.2   13:17    40.8   00:46     16.6     00.0   00.00   08.6     26.4    11:42     WNW
10    50.3   060.7   14:57    40.5   06:52     14.6     00.0   00.00   05.6     25.3    22:43     WNW
11    47.3   056.1   14:46    35.6   23:27     17.6     00.0   00.00   02.9     24.1    06:57      W 
12    51.1   066.2   13:46    34.8   04:42     13.8     00.0   00.00   06.8     36.8    23:50     WNW
13    47.6   057.7   02:29    31.9   00:00     17.4     00.0   00.00   04.4     34.5    01:11     WNW
14    31.4   038.1   15:28    24.8   23:04     33.6     00.0   00.05   01.7     13.8    20:43      SW
15    49.7   059.6   14:48    27.2   00:02     15.3     00.0   00.00   10.3     35.6    10:55     WNW
16    42.8   053.1   03:06    30.0   00:00     22.1     00.0   00.00   01.4     12.7    21:04      E 
17    31.1   039.3   15:47    23.3   23:59     33.8     00.0   00.00   01.0     14.9    12:37      S 
18    39.4   054.1   15:48    23.3   04:40     25.5     00.0   00.00   01.2     16.1    16:39     WSW
19    38.5   048.6   15:09    31.1   06:45     26.4     00.0   00.00   01.0     09.2    12:30      NW
20    50.3   064.1   14:33    36.0   07:53     14.7     00.0   00.00   04.3     27.6    05:33     WSW
21    20.5   040.9   00:08    12.9   21:38     44.5     00.0   00.00   02.6     20.7    00:05     NNE
22    26.1   042.7   13:07    11.2   01:53     38.9     00.0   00.03   00.9     14.9    14:26      W 
23    21.8   042.1   12:34    09.6   23:05     43.2     00.0   00.00   02.5     29.9    18:25      NE
24    14.1   024.7   14:21    06.5   06:17     50.9     00.0   00.00   00.8     12.7    17:16     WSW
25    15.7   020.4   15:34    10.6   00:00     49.2     00.0   00.00   00.3     11.5    11:32      N 
26    09.6   011.6   14:26    06.3   00:00     55.3     00.0   00.00   00.1     11.5    19:33      NE
27    34.9   053.1   13:01    05.2   03:16     30.0     00.0   00.00   06.2     51.8    15:06     WNW
28    42.3   053.9   22:57    27.0   19:13     22.7     00.0   00.00   05.1     38.0    05:33      NW
29    49.1   062.6   14:39    14.2   23:51     15.8     00.0   00.00   08.2     56.4    05:22     NNW
30    18.7   033.9   15:49    11.6   02:35     46.3     00.0   00.00   01.8     29.9    18:19     NNE
31    18.4   026.3   00:14    12.0   12:34     46.5     00.0   00.00   00.7     13.8    07:59     NNE
--------------------------------------------------------------------------------------------------------
36.4 (35.4)   66.2  day 12     05.2  day 27   913.8    000.0   00.11   03.6     56.4   day 04     WNW
Max