NOAA-Style Climate Reports


Report for 2018 January

Daily noaa report



                            MONTHLY CLIMATOLOGICAL SUMMARY for JAN. 2018

NAME: Rockcreek-Hillcrest   CITY: Superior STATE: Colorado
ELEV: 5612 ft LAT: 039:55:38 LONG: 0105:09:26

                            TEMPERATURE ( °F), RAIN (in.), WIND SPEED (mph)

                                               HEAT     COOL           AVG
      MEAN                                     DEG      DEG            WIND                       DOM
DAY   TEMP    HIGH   TIME     LOW    TIME      DAYS     DAYS    RAIN   SPEED    HIGH    TIME      DIR
--------------------------------------------------------------------------------------------------------
01    16.9   027.6   15:26    12.4   06:14     48.1     00.0   00.00   00.3     11.5    17:01     NNE
02    27.9   043.7   15:22    14.1   00:02     37.1     00.0   00.00   01.6     19.6    10:05     WSW
03    36.1   049.8   12:15    24.0   01:45     28.8     00.0   00.00   02.4     28.8    10:53     NNW
04    38.4   050.7   15:11    27.8   21:14     26.5     00.0   00.00   01.8     11.5    12:07      SW
05    41.0   059.4   15:07    28.4   02:16     24.0     00.0   00.00   01.7     29.9    15:14      NW
06    43.4   058.1   15:22    34.7   04:32     21.6     00.0   00.00   01.9     19.6    17:18      NW
07    41.0   052.5   15:17    31.5   07:46     24.0     00.0   00.00   03.2     25.3    15:25      NW
08    39.8   057.9   00:00    27.2   05:32     25.1     00.0   00.00   01.2     24.1    23:57      NW
09    56.8   065.2   13:52    47.9   06:48     08.1     00.0   00.00   08.8     33.4    10:34      NW
10    47.6   057.4   01:08    25.4   00:00     17.3     00.0   00.00   06.5     31.1    15:46      NW
11    33.6   044.1   23:45    23.3   07:24     31.3     00.0   00.00   06.1     31.1    22:29     WNW
12    40.3   046.5   11:12    31.7   00:00     24.6     00.0   00.00   04.1     34.5    03:58      NW
13    37.3   048.9   13:36    23.6   05:51     27.7     00.0   00.00   05.0     32.2    19:47      NW
14    37.0   055.2   13:39    27.9   04:23     27.9     00.0   00.00   01.3     19.6    13:06      NW
15    19.7   031.8   02:54    02.7   00:00     45.2     00.0   00.00   01.4     16.1    04:42      E 
16    18.1   035.7   15:33    02.3   00:41     46.8     00.0   00.00   00.6     10.3    13:08     WSW
17    33.2   051.4   16:29    17.1   03:01     31.8     00.0   00.00   00.9     11.5    14:33     WSW
18    46.2   065.5   15:15    29.1   02:34     18.7     00.0   00.00   01.8     11.5    15:17      W 
19    55.5   067.0   16:50    44.3   00:00     09.4     00.0   00.00   02.7     16.1    04:43      W 
20    39.9   050.3   09:32    29.2   00:00     25.0     00.0   00.00   02.9     17.3    10:53      N 
21    24.9   029.2   00:03    22.0   20:11     40.1     00.0   00.00   03.4     23.0    11:16     NNE
22    31.8   040.1   14:37    20.5   01:21     33.2     00.0   00.08   10.1     34.5    09:28     WNW
23    32.4   042.2   15:35    21.0   00:00     32.6     00.0   00.00   02.7     23.0    10:41     WNW
24    39.8   052.2   13:52    17.9   02:43     25.1     00.0   00.01   04.2     35.6    12:18      W 
25    43.1   057.3   14:42    33.4   20:30     21.8     00.0   00.00   00.9     17.3    23:31      W 
26    34.9   042.6   01:15    26.8   22:34     30.0     00.0   00.00   09.6     34.5    11:10     WNW
27    36.3   044.9   13:44    24.6   07:34     28.6     00.0   00.00   05.0     42.5    03:10      W 
28    38.6   048.4   15:36    27.0   22:35     26.3     00.0   00.00   06.5     34.5    12:17      W 
29    43.9   058.8   12:51    26.4   07:15     21.0     00.0   00.00   04.2     26.4    23:03      W 
30    56.1   064.4   14:56    40.8   06:17     08.9     00.0   00.00   09.9     50.6    21:23      W 
31    35.7   056.9   00:02    26.3   07:18     29.3     00.0   00.00   01.8     33.4    00:47      E 
--------------------------------------------------------------------------------------------------------
37.6 (37.9)   67.0  day 19     02.3  day 16   846.0    000.0   00.09   03.7     50.6   day 30     WNW
Max