NOAA-Style Climate Reports


Report for 2018 February

Daily noaa report



                            MONTHLY CLIMATOLOGICAL SUMMARY for FEB. 2018

NAME: Rockcreek-Hillcrest   CITY: Superior STATE: Colorado
ELEV: 5612 ft LAT: 039:55:38 LONG: 0105:09:26

                            TEMPERATURE ( °F), RAIN (in.), WIND SPEED (mph)

                                               HEAT     COOL           AVG
      MEAN                                     DEG      DEG            WIND                       DOM
DAY   TEMP    HIGH   TIME     LOW    TIME      DAYS     DAYS    RAIN   SPEED    HIGH    TIME      DIR
--------------------------------------------------------------------------------------------------------
01    26.6   030.6   17:03    24.3   23:50     38.3     00.0   00.00   00.9     10.3    10:28     SSE
02    34.8   050.0   14:39    24.5   06:31     30.2     00.0   00.01   01.5     14.9    15:07     SSE
03    49.5   056.0   14:36    41.1   20:06     15.5     00.0   00.01   07.6     46.0    13:12     WNW
04    27.9   051.5   23:35    14.2   09:40     37.1     00.0   00.00   03.6     39.1    01:57      NW
05    40.3   052.0   03:37    23.2   00:00     24.7     00.0   00.00   08.8     47.1    04:56      NW
06    33.0   047.9   16:17    22.1   05:15     32.0     00.0   00.00   02.3     20.7    20:17      N 
07    39.2   052.3   15:16    24.0   07:24     25.8     00.0   00.00   04.9     31.1    14:41     NNW
08    52.4   058.7   13:41    46.2   03:17     12.6     00.0   00.00   14.7     44.9    21:24      N 
09    28.8   055.0   01:07    13.4   00:00     36.2     00.0   00.00   03.3     34.5    00:17      N 
10    13.8   017.4   21:16    11.0   03:32     51.1     00.0   00.00   00.1     08.1    22:10      N 
11    26.6   042.8   13:19    11.6   00:23     38.3     00.0   00.12   01.3     17.3    06:43      NW
12    17.8   024.6   00:12    14.1   09:53     47.1     00.0   00.00   00.8     17.3    06:08      N 
13    39.5   058.5   15:57    16.2   03:23     25.4     00.0   00.00   02.5     24.1    16:32      NW
14    49.8   062.4   14:20    38.0   06:16     15.2     00.0   00.00   05.2     36.8    13:47     NNW
15    38.8   048.5   11:50    21.9   05:00     26.2     00.0   00.00   05.5     28.8    13:45     NNW
16    33.1   043.3   20:30    15.3   06:50     31.9     00.0   00.00   05.3     50.6    23:52     NNW
17    44.3   056.9   16:16    36.7   08:11     20.6     00.0   00.00   08.1     52.9    00:36      N 
18    48.0   065.2   15:39    22.2   00:00     17.0     00.0   00.00   06.2     42.5    12:34      N 
19    11.6   022.2   00:01    03.4   00:00     53.3     00.0   00.00   03.2     13.8    23:38      N 
20    05.0   013.6   16:56   -03.5   08:09     59.9     00.0   00.00   00.7     17.3    00:10      N 
21    10.5   021.8   13:16   -01.0   05:02     54.5     00.0   00.08   00.1     08.1    04:46      N 
22    17.9   024.5   15:38    09.7   05:10     47.1     00.0   00.02   00.1     04.6    13:06      N 
23    21.2   031.4   13:11    10.6   04:33     43.7     00.0   00.01   01.3     16.1    15:51      N 
24    26.2   032.5   14:08    19.3   05:29     38.7     00.0   00.00   09.0     41.4    11:11      N 
25    30.5   037.1   14:30    20.5   00:24     34.4     00.0   00.01   12.2     41.4    03:43      N 
26    35.9   050.9   15:06    21.5   04:26     29.1     00.0   00.00   01.0     16.1    00:19      NW
27    38.1   055.3   15:41    25.1   06:24     26.8     00.0   00.00   01.0     10.3    23:17     NNW
28    37.9   048.4   13:15    30.1   06:44     27.0     00.0   00.00   02.0     18.4    16:29      N 
--------------------------------------------------------------------------------------------------------
31.4 (31.6)   65.2  day 18    -03.5  day 20   939.6    000.0   00.26   04.0     52.9   day 16     NNW
Max