NOAA-Style Climate Reports


Report for 2018 March

Daily noaa report



                            MONTHLY CLIMATOLOGICAL SUMMARY for MAR. 2018

NAME: Rockcreek-Hillcrest   CITY: Superior STATE: Colorado
ELEV: 5612 ft LAT: 039:55:38 LONG: 0105:09:26

                            TEMPERATURE ( °F), RAIN (in.), WIND SPEED (mph)

                                               HEAT     COOL           AVG
      MEAN                                     DEG      DEG            WIND                       DOM
DAY   TEMP    HIGH   TIME     LOW    TIME      DAYS     DAYS    RAIN   SPEED    HIGH    TIME      DIR
--------------------------------------------------------------------------------------------------------
01    37.5   052.0   15:00    22.7   07:01     27.4     00.0   00.00   01.6     14.9    16:12      N 
02    49.3   067.3   14:56    34.0   06:41     15.7     00.0   00.00   02.5     14.9    14:11      N 
03    50.3   065.8   15:33    37.2   06:46     14.7     00.0   00.00   02.4     11.5    20:53     NNW
04    46.1   064.7   13:47    29.8   00:00     18.8     00.0   00.00   09.7     54.0    17:52      N 
05    31.7   037.6   15:13    27.5   05:45     33.2     00.0   00.00   14.6     51.8    10:33     NNW
06    34.5   046.8   15:20    24.4   22:48     30.4     00.0   00.00   04.6     33.4    05:58     NNW
07    34.3   050.2   16:00    18.2   06:40     30.6     00.0   00.00   01.5     12.7    15:43      N 
08    46.6   061.2   15:34    30.0   04:18     18.4     00.0   00.00   05.0     28.8    18:23     NNW
09    53.2   061.3   15:12    46.3   07:14     11.7     00.0   00.00   07.8     39.1    13:20     NNW
10    44.4   052.0   12:40    25.9   00:00     20.5     00.0   00.00   09.4     33.4    04:08     NNW
11    34.8   050.7   17:09    20.1   07:35     30.2     00.0   00.00   01.0     11.5    15:47     NNW
12    39.7   053.8   16:00    24.3   07:29     25.2     00.0   00.00   02.3     16.1    15:00      N 
13    40.6   057.7   16:34    23.9   07:35     24.4     00.0   00.00   02.0     13.8    20:38     NNW
14    49.1   065.0   16:07    32.0   07:08     15.9     00.0   00.00   02.6     16.1    16:06      N 
15    48.0   064.4   13:34    37.0   00:00     16.9     00.0   00.03   03.1     26.4    16:05      N 
16    39.6   051.2   17:35    36.0   15:15     25.4     00.0   00.00   02.4     39.1    15:24      N 
17    45.1   061.2   16:06    29.5   05:42     19.8     00.0   00.00   02.1     17.3    15:59      N 
18    39.7   049.8   12:03    30.7   05:11     25.2     00.0   00.08   02.5     27.6    16:37      N 
19    33.1   043.3   16:10    26.4   06:36     31.8     00.0   00.43   00.6     11.5    15:34      N 
20    39.8   048.4   15:37    29.5   01:05     25.1     00.0   00.00   07.9     32.2    11:58      N 
21    45.1   059.5   14:26    30.5   07:23     19.8     00.0   00.00   01.1     17.3    21:40     NNW
22    57.8   072.2   14:58    41.8   03:56     07.2     00.0   00.00   02.9     18.4    12:24      N 
23    56.2   068.2   10:40    48.2   00:00     08.7     00.0   00.00   06.9     48.3    18:06      N 
24    50.4   065.4   15:44    34.7   07:10     14.5     00.0   00.00   02.0     29.9    20:35      N 
25    47.3   060.6   16:13    32.4   07:17     17.6     00.0   00.04   03.1     23.0    20:41      N 
26    39.1   049.4   15:36    32.2   23:55     25.8     00.0   00.15   01.8     19.6    16:54      N 
27    37.8   049.8   16:51    27.6   06:59     27.2     00.0   00.52   01.4     17.3    14:32      N 
28    36.6   047.1   12:18    25.6   00:00     28.3     00.0   00.10   02.1     18.4    16:10      N 
29    33.1   046.3   14:34    23.5   04:51     31.9     00.0   00.14   02.4     24.1    14:49      N 
30    45.9   062.5   14:42    28.2   05:09     19.0     00.0   00.04   03.5     29.9    22:05      N 
31    43.0   057.3   15:58    28.5   23:37     21.9     00.0   00.00   03.1     21.9    17:08      N 
--------------------------------------------------------------------------------------------------------
42.9 (43.2)   72.2  day 22     18.2  day 07   683.3    000.0   01.53   03.7     54.1   day 23      N 
Min  .08in) 0 (> 0.8in)