NOAA-Style Climate Reports


Report for 2018 April

Daily noaa report



                            MONTHLY CLIMATOLOGICAL SUMMARY for APR. 2018

NAME: Rockcreek-Hillcrest   CITY: Superior STATE: Colorado
ELEV: 5612 ft LAT: 039:55:38 LONG: 0105:09:26

                            TEMPERATURE ( °F), RAIN (in.), WIND SPEED (mph)

                                               HEAT     COOL           AVG
      MEAN                                     DEG      DEG            WIND                       DOM
DAY   TEMP    HIGH   TIME     LOW    TIME      DAYS     DAYS    RAIN   SPEED    HIGH    TIME      DIR
--------------------------------------------------------------------------------------------------------
01    35.5   053.4   18:11    24.8   06:48     29.4     00.0   00.00   01.5     12.7    11:56      N 
02    54.3   071.1   13:44    34.5   04:19     10.7     00.0   00.00   07.6     33.4    11:59     NNW
03    40.4   051.7   18:18    31.0   07:45     24.5     00.0   00.00   08.3     47.1    04:10     NNW
04    45.9   061.9   14:57    24.7   06:16     19.0     00.0   00.00   04.2     29.9    15:05     NNW
05    55.4   064.6   14:56    46.9   05:53     09.5     00.0   00.00   06.3     33.4    09:35     NNW
06    31.0   049.0   00:03    22.5   21:02     34.0     00.0   00.00   03.1     21.9    10:31      N 
07    38.0   057.4   22:50    22.2   03:50     26.9     00.0   00.04   01.6     26.4    22:37      N 
08    52.6   059.2   17:28    45.5   23:27     12.3     00.0   00.00   08.9     36.8    09:46     NNW
09    44.5   058.1   17:33    33.4   08:08     20.4     00.0   00.06   02.4     20.7    00:41      N 
10    56.8   068.8   15:38    42.6   01:57     08.1     00.0   00.00   04.8     31.1    13:22      NW
11    65.3   077.9   17:01    53.3   02:43     00.0     00.4   00.00   07.8     54.0    13:52      NW
12    55.9   075.9   15:48    42.1   07:30     09.0     00.0   00.00   05.9     41.4    20:33     NNW
13    39.3   046.6   16:00    32.5   23:25     25.6     00.0   00.03   07.7     29.9    08:10     NNW
14    42.3   056.5   15:14    30.4   06:45     22.6     00.0   00.00   02.8     25.3    17:53      N 
15    46.7   061.3   16:24    29.2   06:40     18.3     00.0   00.00   01.7     13.8    15:29      N 
16    51.0   066.7   16:13    32.9   05:52     14.0     00.0   00.00   01.4     17.3    22:58      N 
17    53.4   068.2   11:10    36.9   23:29     11.6     00.0   00.02   15.2     66.7    14:23     NNW
18    43.7   055.9   16:08    29.5   06:43     21.2     00.0   00.00   01.8     19.6    00:16      N 
19    47.0   061.6   15:40    30.3   06:51     18.0     00.0   00.00   01.7     23.0    21:55      N 
20    43.2   050.3   14:09    33.3   00:00     21.7     00.0   00.10   02.9     18.4    13:21      N 
21    35.7   041.3   19:16    32.0   06:23     29.2     00.0   00.29   00.4     10.3    19:02      N 
22    47.8   063.9   17:02    31.6   06:08     17.1     00.0   00.00   01.5     16.1    13:09      N 
23    54.0   071.6   17:51    39.1   06:45     10.9     00.0   00.01   03.0     34.5    20:15      N 
24    34.7   041.0   00:09    32.7   06:44     30.2     00.0   00.32   02.1     12.7    00:50      N 
25    48.5   068.9   17:19    29.3   06:35     16.5     00.0   00.00   01.7     14.9    13:30      N 
26    50.5   059.3   19:29    41.2   00:00     14.4     00.0   00.00   03.7     33.4    03:39      N 
27    55.8   071.7   14:40    37.2   05:47     09.2     00.0   00.00   02.3     13.8    16:42      N 
28    59.2   075.1   16:06    39.6   05:25     05.7     00.0   00.00   02.6     19.6    20:58      N 
29    66.2   080.2   16:40    51.2   05:24     00.0     01.3   00.00   02.9     24.1    02:18      N 
30    59.0   070.5   16:28    48.1   06:26     05.9     00.0   00.00   02.9     20.7    20:26      N 
--------------------------------------------------------------------------------------------------------
48.5 (48.7)   80.2  day 29     22.2  day 07   496.0    001.7   00.87   04.0     66.7   day 17     NNW
Min  .08in) 0 (> 0.8in)