NOAA-Style Climate Reports


Report for 2018 May

Daily noaa report



                            MONTHLY CLIMATOLOGICAL SUMMARY for MAY. 2018

NAME: Rockcreek-Hillcrest   CITY: Superior STATE: Colorado
ELEV: 5612 ft LAT: 039:55:38 LONG: 0105:09:26

                            TEMPERATURE ( °F), RAIN (in.), WIND SPEED (mph)

                                               HEAT     COOL           AVG
      MEAN                                     DEG      DEG            WIND                       DOM
DAY   TEMP    HIGH   TIME     LOW    TIME      DAYS     DAYS    RAIN   SPEED    HIGH    TIME      DIR
--------------------------------------------------------------------------------------------------------
01    51.7   063.7   13:49    45.5   07:01     13.2     00.0   00.00   03.0     25.3    18:57      N 
02    45.1   047.5   00:04    42.4   00:00     19.9     00.0   00.34   02.1     12.7    22:22      N 
03    43.9   053.8   15:05    38.1   09:01     21.1     00.0   01.36   04.3     26.4    07:55      N 
04    57.2   070.7   18:07    45.2   06:11     07.7     00.0   00.00   02.9     14.9    03:45     NNW
05    62.6   076.0   15:09    52.8   03:25     02.4     00.0   00.00   03.0     20.7    16:52      N 
06    63.3   076.4   16:58    47.5   06:18     01.7     00.0   00.00   02.1     13.8    22:50     NNW
07    64.7   082.2   17:20    49.2   06:11     00.3     00.0   00.00   02.6     18.4    17:45      NW
08    65.0   076.1   16:55    52.0   06:47     00.0     00.0   00.00   02.6     16.1    14:24     NNE
09    64.2   075.6   15:45    50.3   06:15     00.8     00.0   00.00   02.1     13.8    00:05     NNW
10    65.1   082.5   15:09    47.9   06:08     00.0     00.2   00.00   02.6     21.9    22:09      N 
11    59.7   072.9   13:20    48.7   03:11     05.3     00.0   00.00   03.5     19.6    15:50      N 
12    52.0   055.6   14:55    49.4   10:43     12.9     00.0   00.59   02.1     17.3    18:59     NNE
13    52.0   057.5   16:51    48.7   23:53     12.9     00.0   00.07   02.3     14.9    21:01     NNE
14    54.6   065.8   15:47    49.0   00:10     10.3     00.0   00.28   01.6     19.6    18:25      N 
15    58.2   072.0   18:32    42.8   06:25     06.7     00.0   00.00   02.3     14.9    22:21     NNW
16    66.3   082.7   14:59    48.5   04:31     00.0     01.3   00.00   01.7     18.4    15:39      N 
17    66.4   077.3   16:09    51.5   06:32     00.0     01.4   00.00   02.3     20.7    20:18     NNW
18    55.9   066.9   00:01    48.1   23:05     09.0     00.0   00.35   02.4     25.3    02:28      N 
19    47.0   050.2   01:04    43.5   23:30     17.9     00.0   00.09   03.3     20.7    11:57      N 
20    47.0   053.6   13:55    41.4   06:20     17.9     00.0   00.09   01.2     17.3    19:13      N 
21    58.3   078.5   16:38    41.4   04:57     06.7     00.0   00.01   01.1     11.5    17:32     NNW
22    62.9   076.7   16:50    51.2   05:54     02.1     00.0   00.00   02.4     17.3    17:43      N 
23    64.2   077.5   15:26    51.2   06:32     00.7     00.0   00.00   02.2     18.4    12:37      N 
24    69.3   088.1   17:39    51.5   05:53     00.0     04.3   00.00   01.5     12.7    19:13      N 
25    72.6   090.9   15:00    54.4   04:31     00.0     07.7   00.00   01.5     13.8    14:07     NNW
26    72.9   087.5   13:27    55.6   06:33     00.0     08.0   00.00   01.9     16.1    13:05     NNW
27    70.6   081.9   17:23    60.8   06:58     00.0     05.6   00.00   04.3     29.9    18:41      N 
28    59.2   064.2   10:41    53.6   17:18     05.7     00.0   00.14   02.7     26.4    16:12      N 
29    62.8   074.1   18:32    52.8   07:00     02.2     00.0   00.00   02.8     25.3    17:25     NNW
30    65.4   081.2   14:41    49.3   05:33     00.0     00.5   00.00   01.7     28.8    17:48      N 
--------------------------------------------------------------------------------------------------------
60.0 (60.4)   91.0  day 31     38.1  day 03   177.4    029.0   03.33   02.4     29.9   day 30      N 
Max >=  86: 3
Min  .008in) 8 (> .08in) 1 (> 0.8in)