NOAA-Style Climate Reports


Report for 2018 June

Daily noaa report



                            MONTHLY CLIMATOLOGICAL SUMMARY for JUN. 2018

NAME: Rockcreek-Hillcrest   CITY: Superior STATE: Colorado
ELEV: 5612 ft LAT: 039:55:38 LONG: 0105:09:26

                            TEMPERATURE ( °F), RAIN (in.), WIND SPEED (mph)

                                               HEAT     COOL           AVG
      MEAN                                     DEG      DEG            WIND                       DOM
DAY   TEMP    HIGH   TIME     LOW    TIME      DAYS     DAYS    RAIN   SPEED    HIGH    TIME      DIR
--------------------------------------------------------------------------------------------------------
01    74.1   087.9   15:37    56.0   04:03     00.0     09.1   00.00   05.8     32.2    18:04     WNW
02    66.2   081.0   16:32    54.7   23:28     00.0     01.2   00.00   04.6     32.2    01:21     NNW
03    61.7   071.5   12:39    46.0   06:07     03.3     00.0   00.00   01.3     11.5    23:35     NNW
04    74.4   090.7   17:34    55.9   06:02     00.0     09.5   00.00   02.3     19.6    14:12     NNW
05    79.2   092.7   14:23    63.6   05:43     00.0     14.3   00.00   02.8     39.1    18:19     NNW
06    73.6   085.1   16:48    59.8   04:21     00.0     08.7   00.00   03.3     40.3    20:09     NNW
07    75.2   090.7   17:06    60.4   05:58     00.0     10.2   00.00   04.0     23.0    21:37     WNW
08    75.9   091.0   16:13    55.5   06:40     00.0     11.0   00.00   01.4     38.0    14:37      N 
09    74.9   092.7   16:07    60.0   06:28     00.0     09.9   00.00   02.1     19.6    19:11      N 
10    79.8   094.5   15:23    58.9   05:02     00.0     14.9   00.00   03.5     29.9    22:57     NNW
11    71.2   083.0   16:05    61.0   06:58     00.0     06.2   00.00   05.2     35.6    02:48     NNW
12    68.5   084.9   17:18    53.4   05:16     00.0     03.5   00.00   01.8     14.9    14:40      N 
13    73.9   091.3   15:53    55.8   05:20     00.0     08.9   00.00   01.8     16.1    21:28      N 
14    79.5   094.3   15:01    63.8   06:29     00.0     14.5   00.00   03.6     29.9    12:28     WNW
15    77.0   088.3   15:38    62.9   06:43     00.0     12.0   00.00   02.9     25.3    16:27     NNE
16    70.6   080.9   12:53    62.9   05:18     00.0     05.7   00.00   01.9     21.9    14:02     NNW
17    61.5   067.0   00:01    55.8   00:00     03.5     00.0   00.25   02.2     13.8    14:47      N 
18    60.9   074.7   15:43    54.5   07:01     04.1     00.0   00.21   01.3     20.7    19:39     NNE
19    63.5   074.6   13:20    57.6   05:43     01.4     00.0   00.05   03.8     27.6    18:18      N 
20    64.0   075.7   15:46    50.7   05:45     01.0     00.0   00.00   01.9     18.4    16:52      N 
21    68.0   082.4   15:01    53.9   05:38     00.0     03.0   00.00   01.3     19.6    17:10      N 
22    70.2   087.8   14:08    56.4   06:08     00.0     05.2   00.00   03.1     46.0    09:48     NNW
23    70.6   086.4   16:49    53.5   05:42     00.0     05.6   00.00   02.2     24.1    21:39      N 
24    60.8   069.5   11:05    54.6   00:00     04.2     00.0   00.02   02.3     24.1    00:14      N 
25    67.1   083.3   16:42    48.8   05:55     00.0     02.2   00.00   02.1     14.9    23:18      N 
26    77.6   098.5   16:04    52.8   05:22     00.0     12.7   00.00   01.5     18.4    16:30      N 
27    82.7   099.1   14:32    62.8   05:24     00.0     17.7   00.00   03.0     36.8    16:38      NW
28    83.4   099.3   12:07    63.8   02:37     00.0     18.5   00.00   01.9     20.7    15:48     NNW
29    81.3   091.8   14:34    72.8   23:24     00.0     16.4   00.00   03.7     29.9    19:07      N 
30    62.9   073.0   00:01    56.0   23:02     02.1     00.0   00.00   02.8     36.8    16:43      N 
--------------------------------------------------------------------------------------------------------
71.7 (71.5)   99.3  day 28     46.0  day 03   019.5    221.1   00.53   02.7     46.0   day 22     NNW
Max >=  86: 16
Min  .008in) 2 (> .08in) 0 (> 0.8in)