NOAA-Style Climate Reports


Report for 2018 July

Daily noaa report



                            MONTHLY CLIMATOLOGICAL SUMMARY for JUL. 2018

NAME: Rockcreek-Hillcrest   CITY: Superior STATE: Colorado
ELEV: 5612 ft LAT: 039:55:38 LONG: 0105:09:26

                            TEMPERATURE ( °F), RAIN (in.), WIND SPEED (mph)

                                               HEAT     COOL           AVG
      MEAN                                     DEG      DEG            WIND                       DOM
DAY   TEMP    HIGH   TIME     LOW    TIME      DAYS     DAYS    RAIN   SPEED    HIGH    TIME      DIR
--------------------------------------------------------------------------------------------------------
01    68.6   088.6   17:45    48.4   05:53     00.0     03.7   00.00   01.6     14.9    13:42      N 
02    77.6   094.5   15:40    60.6   05:25     00.0     12.6   00.00   02.7     26.4    22:19     NNW
03    78.4   093.5   16:20    61.9   06:01     00.0     13.4   00.00   02.4     34.5    14:52      NW
04    73.7   088.7   14:30    59.5   05:34     00.0     08.8   00.00   02.6     23.0    17:19      N 
05    71.0   082.8   13:46    61.1   06:11     00.0     06.0   00.17   04.4     25.3    21:10      N 
06    73.3   089.3   16:58    56.7   06:24     00.0     08.4   00.00   01.0     11.5    01:07      N 
07    78.7   097.2   15:25    64.6   06:24     00.0     13.8   00.00   02.1     26.4    16:08     NNW
08    81.3   093.9   15:32    65.3   05:52     00.0     16.3   00.00   02.9     23.0    19:17      N 
09    80.1   095.8   17:50    64.2   06:39     00.0     15.2   00.00   01.8     18.4    23:26      N 
10    80.2   097.7   17:26    63.0   06:29     00.0     15.3   00.00   02.5     19.6    22:53      N 
11    79.8   093.0   16:17    66.2   04:52     00.0     14.8   00.00   02.4     19.6    18:51      N 
12    71.9   081.7   13:06    65.2   00:00     00.0     07.0   00.00   03.5     23.0    13:58      N 
13    74.4   088.1   17:16    60.2   06:19     00.0     09.5   00.00   01.5     16.1    13:21      N 
14    78.5   093.9   16:55    61.2   05:31     00.0     13.6   00.00   02.0     19.6    20:44      N 
15    65.5   074.6   01:41    59.5   23:37     00.0     00.5   00.23   02.6     21.9    08:07      N 
16    69.8   087.1   17:01    56.5   05:52     00.0     04.8   00.01   01.3     17.3    17:49      N 
17    71.3   084.7   14:34    62.3   06:50     00.0     06.3   00.03   02.0     25.3    01:02      N 
18    77.8   092.3   15:33    62.7   05:03     00.0     12.9   00.00   02.0     16.1    13:32      N 
19    81.7   097.9   17:37    67.3   04:10     00.0     16.8   00.00   02.7     19.6    12:18      N 
20    80.7   095.9   17:35    65.2   05:54     00.0     15.8   00.00   03.3     19.6    20:13     NNW
21    79.0   094.1   15:27    65.8   06:15     00.0     14.1   00.00   02.0     27.6    16:19      NW
22    77.1   090.4   14:09    65.7   00:00     00.0     12.1   00.21   03.2     32.2    14:57      N 
23    67.9   077.3   13:00    64.0   00:00     00.0     02.9   00.48   01.4     16.1    13:49      N 
24    72.5   087.5   18:43    60.1   06:29     00.0     07.5   00.01   01.5     25.3    18:57      N 
25    69.1   078.8   16:08    60.7   20:31     00.0     04.1   00.04   02.7     26.4    19:15      N 
26    68.1   080.8   18:05    59.2   04:14     00.0     03.2   00.27   02.1     26.4    02:24      N 
27    65.9   076.4   12:20    58.4   02:27     00.0     01.0   00.02   02.2     20.7    15:07      N 
28    65.8   076.3   17:20    59.7   03:51     00.0     00.9   00.04   01.8     26.4    12:28      N 
29    63.5   077.8   16:40    56.3   05:33     01.4     00.0   00.00   01.9     21.9    18:40      N 
30    66.6   079.1   16:59    56.0   05:54     00.0     01.7   00.00   02.0     17.3    11:48      N 
31    68.8   084.6   18:30    50.8   06:38     00.0     03.9   00.00   01.2     13.8    15:55      N 
--------------------------------------------------------------------------------------------------------
73.5 (74.2)   97.9  day 19     48.4  day 01   001.4    266.9   01.51   02.2     34.5   day 03      N 
Max >=  86: 19
Min  .008in) 5 (> .08in) 0 (> 0.8in)