NOAA-Style Climate Reports


Report for 2018 August

Daily noaa report



                            MONTHLY CLIMATOLOGICAL SUMMARY for AUG. 2018

NAME: Rockcreek-Hillcrest   CITY: Superior STATE: Colorado
ELEV: 5612 ft LAT: 039:55:38 LONG: 0105:09:26

                            TEMPERATURE ( °F), RAIN (in.), WIND SPEED (mph)

                                               HEAT     COOL           AVG
      MEAN                                     DEG      DEG            WIND                       DOM
DAY   TEMP    HIGH   TIME     LOW    TIME      DAYS     DAYS    RAIN   SPEED    HIGH    TIME      DIR
--------------------------------------------------------------------------------------------------------
01    69.8   082.5   14:40    55.6   06:42     00.0     04.9   00.00   01.0     19.6    19:51      N 
02    74.4   088.7   15:34    57.0   06:50     00.0     09.4   00.00   01.0     13.8    14:54     NNW
03    72.9   080.0   22:07    68.4   04:05     00.0     08.0   00.02   05.4     48.3    22:17      NW
04    80.5   091.3   12:28    70.7   07:07     00.0     15.6   00.00   04.7     29.9    01:30      NW
05    73.2   086.6   16:56    61.9   05:24     00.0     08.3   00.07   02.6     27.6    06:30      N 
06    69.0   082.7   17:15    59.6   06:44     00.0     04.1   00.05   01.8     24.1    19:15      N 
07    70.7   087.2   15:00    57.0   05:24     00.0     05.8   00.00   02.0     31.1    17:44      N 
08    69.1   083.2   16:17    58.4   06:58     00.0     04.2   00.00   02.5     18.4    12:26      N 
09    73.7   087.1   15:24    58.0   06:28     00.0     08.7   00.00   01.9     19.6    12:24      N 
10    75.6   088.4   16:46    61.1   05:50     00.0     10.7   00.00   02.7     17.3    15:43      N 
11    75.0   091.1   17:09    57.1   06:03     00.0     10.0   00.00   02.2     18.4    21:17      N 
12    72.6   090.0   17:16    57.1   07:07     00.0     07.7   00.00   02.2     19.6    17:57      N 
13    70.8   086.8   17:25    55.4   05:41     00.0     05.8   00.00   01.0     13.8    16:02      N 
14    67.8   081.7   14:07    58.8   06:55     00.0     02.8   00.24   02.7     18.4    18:03      N 
15    71.9   086.1   16:39    58.7   06:34     00.0     07.0   00.00   01.7     14.9    15:21      N 
16    73.5   088.7   15:51    58.2   06:22     00.0     08.6   00.00   01.8     17.3    20:28      N 
17    72.4   087.0   15:09    58.4   05:27     00.0     07.5   00.00   01.8     21.9    19:47      N 
18    67.2   079.4   15:02    50.9   23:13     00.0     02.3   00.47   02.5     26.4    11:30      N 
19    61.9   070.9   14:35    53.7   05:05     03.0     00.0   00.02   02.7     24.1    15:17      N 
20    62.3   076.0   16:22    50.0   06:56     02.6     00.0   00.00   01.2     13.8    13:36      N 
21    59.6   065.5   19:01    54.3   01:48     05.3     00.0   00.00   02.1     28.8    08:22      N 
22    66.5   080.8   16:02    55.6   07:29     00.0     01.5   00.00   01.7     12.7    14:47      N 
23    73.6   084.8   15:45    60.1   04:11     00.0     08.6   00.00   07.7     38.0    13:13      NW
24    74.8   087.0   15:42    59.0   03:29     00.0     09.9   00.00   02.2     19.6    19:46     NNW
25    77.0   091.1   16:30    66.8   06:52     00.0     12.0   00.00   02.3     17.3    14:25      NW
26    76.3   091.2   14:42    60.1   06:47     00.0     11.4   00.00   05.2     28.8    11:54      NW
27    77.0   090.0   16:01    64.2   03:40     00.0     12.1   00.00   04.9     62.1    04:28     NNW
28    62.2   072.9   17:19    50.5   06:51     02.8     00.0   00.00   01.0     13.8    15:17      E 
29    68.0   087.1   16:49    49.0   07:08     00.0     03.0   00.00   01.9     16.1    14:26      N 
30    76.7   090.6   16:06    58.3   05:02     00.0     11.7   00.00   02.2     17.3    12:29      W 
31    74.6   085.7   14:04    62.3   06:19     00.0     09.6   00.00   03.5     27.6    21:07      NW
--------------------------------------------------------------------------------------------------------
71.3 (71.4)   91.3  day 04     49.0  day 29   013.7    211.2   00.87   02.6     62.1   day 27     NNW
Max >=  86: 18
Min  .008in) 2 (> .08in) 0 (> 0.8in)