NOAA-Style Climate Reports


Report for 2018 September

Daily noaa report



                            MONTHLY CLIMATOLOGICAL SUMMARY for SEP. 2018

NAME: Rockcreek-Hillcrest   CITY: Superior STATE: Colorado
ELEV: 5612 ft LAT: 039:55:38 LONG: 0105:09:26

                            TEMPERATURE ( °F), RAIN (in.), WIND SPEED (mph)

                                               HEAT     COOL           AVG
      MEAN                                     DEG      DEG            WIND                       DOM
DAY   TEMP    HIGH   TIME     LOW    TIME      DAYS     DAYS    RAIN   SPEED    HIGH    TIME      DIR
--------------------------------------------------------------------------------------------------------
01    69.8   083.6   14:15    55.9   07:08     00.0     04.9   00.00   02.1     18.4    13:32     NNW
02    65.0   077.7   14:56    52.8   06:35     00.0     00.1   00.00   01.5     19.6    09:42      N 
03    67.7   081.2   17:24    59.0   06:59     00.0     02.7   00.00   01.7     16.1    13:18     NNW
04    67.3   079.3   16:07    54.2   06:44     00.0     02.4   00.00   01.8     14.9    14:29      N 
05    59.3   067.7   13:56    54.9   05:10     05.6     00.0   00.64   02.7     21.9    03:29      N 
06    59.8   070.0   13:39    52.1   07:16     05.1     00.0   00.03   01.6     16.1    16:58      N 
07    63.5   074.5   17:25    53.6   03:30     01.4     00.0   00.00   01.5     14.9    14:07      N 
08    66.6   084.1   16:07    49.9   07:01     00.0     01.7   00.00   02.6     34.5    23:02     NNW
09    72.4   086.1   14:27    58.8   07:10     00.0     07.4   00.00   02.2     25.3    15:57     NNW
10    72.2   089.8   16:09    55.6   06:32     00.0     07.3   00.00   01.6     14.9    14:49     NNW
11    75.2   087.2   11:09    63.1   00:01     00.0     10.3   00.02   03.5     39.1    14:10     WNW
12    77.6   091.5   17:29    61.7   06:20     00.0     12.7   00.00   03.1     26.4    23:22      NW
13    79.4   092.6   16:41    64.3   05:33     00.0     14.4   00.00   04.0     31.1    22:10      NW
14    77.8   089.1   15:38    64.2   05:11     00.0     12.8   00.00   03.6     20.7    15:57      SE
15    74.2   091.7   16:37    55.7   07:03     00.0     09.3   00.00   01.8     16.1    22:06      S 
16    76.8   091.7   14:33    57.5   06:34     00.0     11.8   00.00   02.4     16.1    16:01      S 
17    77.0   090.2   15:33    61.7   07:15     00.0     12.1   00.00   02.5     18.4    10:12      W 
18    73.8   089.6   15:09    60.0   05:23     00.0     08.9   00.00   01.7     13.8    16:40      N 
19    68.6   079.7   11:25    60.0   05:05     00.0     03.6   00.02   02.7     34.5    17:19     NNW
20    67.2   081.9   15:33    55.2   00:00     00.0     02.3   00.01   03.3     28.8    16:28     NNW
21    61.7   076.4   16:45    50.5   06:44     03.3     00.0   00.00   01.2     16.1    10:37      NE
22    75.8   083.8   15:56    64.1   20:32     00.0     10.8   00.00   03.4     17.3    15:17      E 
23    73.1   086.5   14:39    58.4   06:16     00.0     08.1   00.00   02.9     19.6    10:58      NW
24    65.5   070.4   00:01    63.8   00:00     00.0     00.5   00.00   06.1     19.6    23:04      NW
25    52.5   063.6   00:01    42.7   06:44     12.4     00.0   00.00   01.4     19.6    03:19      NE
26    54.2   070.9   15:42    40.9   07:18     10.7     00.0   00.00   01.4     13.8    16:31      NW
27    62.7   076.3   15:28    47.9   01:21     02.3     00.0   00.00   03.0     19.6    22:55     NNE
28    45.9   052.4   00:01    42.5   08:26     19.0     00.0   00.00   01.0     12.7    00:09     NNE
29    57.8   083.3   17:59    37.3   03:43     07.2     00.0   00.00   02.1     20.7    20:17      N 
30    48.2   058.0   15:52    42.1   23:37     16.8     00.0   00.00   00.7     10.3    14:57     NNE
--------------------------------------------------------------------------------------------------------
67.0 (67.4)   92.6  day 13     37.3  day 29   083.7    144.1   00.00   02.4     39.1   day 08     NNW
Max >=  86: 11
Min  .008in) 1 (> .08in) 0 (> 0.8in)