NOAA-Style Climate Reports


Report for 2018 October

Daily noaa report



                            MONTHLY CLIMATOLOGICAL SUMMARY for OCT. 2018

NAME: Rockcreek-Hillcrest   CITY: Superior STATE: Colorado
ELEV: 5612 ft LAT: 039:55:38 LONG: 0105:09:26

                            TEMPERATURE ( °F), RAIN (in.), WIND SPEED (mph)

                                               HEAT     COOL           AVG
      MEAN                                     DEG      DEG            WIND                       DOM
DAY   TEMP    HIGH   TIME     LOW    TIME      DAYS     DAYS    RAIN   SPEED    HIGH    TIME      DIR
--------------------------------------------------------------------------------------------------------
01    53.8   066.3   16:57    41.4   00:04     11.1     00.0   00.00   01.2     11.5    15:26     NNW
02    64.9   079.9   15:28    51.6   07:19     00.0     00.0   00.00   01.9     18.4    12:29     NNW
03    69.0   083.5   14:43    51.0   00:00     00.0     04.1   00.01   06.1     33.4    09:45     NNW
04    51.9   061.9   17:43    46.3   07:45     13.0     00.0   00.00   01.6     18.4    14:06      N 
05    52.0   071.5   14:08    40.2   23:55     12.9     00.0   00.16   02.8     29.9    15:12      N 
06    44.5   052.3   17:08    37.8   03:48     20.5     00.0   00.07   00.9     11.5    14:53      N 
07    42.1   046.5   00:45    38.2   07:05     22.9     00.0   00.12   02.0     11.5    18:53      N 
08    37.9   040.7   00:07    36.8   11:38     27.0     00.0   00.18   01.6     11.5    09:07     ENE
09    36.0   037.8   00:52    34.2   00:00     28.9     00.0   00.04   01.0     11.5    23:19      E 
10    32.5   034.2   00:07    30.7   08:41     32.4     00.0   00.04   00.4     10.3    00:11      E 
11    37.1   042.1   17:29    33.3   00:05     27.8     00.0   00.02   00.3     08.1    21:14      E 
12    47.3   065.9   17:13    34.7   06:13     17.7     00.0   00.00   01.7     13.8    21:01     SSW
13    48.1   064.0   14:59    26.6   00:00     16.9     00.0   00.00   03.6     27.6    19:21      N 
14    23.2   026.7   16:15    19.8   09:33     41.8     00.0   00.10   01.8     16.1    00:08      N 
15    31.2   047.2   15:47    16.1   05:29     33.8     00.0   00.04   00.5     09.2    12:12     WNW
16    43.6   055.6   15:32    32.6   00:11     21.4     00.0   00.01   01.1     10.3    16:43     NNE
17    47.0   060.0   17:30    34.4   04:24     17.9     00.0   00.00   03.5     19.6    22:53      N 
18    50.6   066.3   14:47    34.5   07:35     14.4     00.0   00.00   02.6     26.4    21:14      N 
19    55.5   067.0   16:02    45.3   21:57     09.4     00.0   00.00   03.1     19.6    04:54     NNW
20    53.9   069.2   16:18    39.4   07:04     11.0     00.0   00.00   01.3     13.8    16:20      SE
21    57.4   073.9   14:30    44.1   04:50     07.5     00.0   00.00   01.5     13.8    14:42     ENE
22    58.3   073.9   14:27    44.0   07:54     06.6     00.0   00.00   02.0     13.8    19:00      N 
23    50.2   059.4   15:51    43.7   08:07     14.7     00.0   00.00   00.4     09.2    11:14      N 
24    52.7   062.3   15:59    46.8   07:32     12.3     00.0   00.00   01.0     12.7    22:48      N 
25    55.4   063.9   15:28    47.3   05:28     09.5     00.0   00.00   02.7     19.6    18:03      N 
26    57.8   067.8   16:28    44.5   07:55     07.2     00.0   00.00   04.7     21.9    19:58     NNW
27    61.4   071.5   17:18    44.6   00:00     03.5     00.0   00.00   07.1     32.2    04:15     NNW
28    57.7   075.6   16:50    38.6   06:16     07.2     00.0   00.00   03.0     21.9    21:51     WNW
29    63.5   078.0   14:46    45.0   00:00     01.5     00.0   00.00   04.0     28.8    19:22      NW
30    38.1   045.0   00:04    33.2   00:00     26.8     00.0   00.02   01.3     12.7    14:39      N 
--------------------------------------------------------------------------------------------------------
49.2 (49.4)   83.5  day 03     16.1  day 15   477.6    004.1   00.72   02.2     33.4   day 27      N 
Max  0.8in)