NOAA-Style Climate Reports


Report for 2018 November

Daily noaa report



                            MONTHLY CLIMATOLOGICAL SUMMARY for NOV. 2018

NAME: Rockcreek-Hillcrest   CITY: Superior STATE: Colorado
ELEV: 5612 ft LAT: 039:55:38 LONG: 0105:09:26

                            TEMPERATURE ( °F), RAIN (in.), WIND SPEED (mph)

                                               HEAT     COOL           AVG
      MEAN                                     DEG      DEG            WIND                       DOM
DAY   TEMP    HIGH   TIME     LOW    TIME      DAYS     DAYS    RAIN   SPEED    HIGH    TIME      DIR
--------------------------------------------------------------------------------------------------------
01    45.7   053.2   13:48    36.6   00:39     19.2     00.0   00.00   04.2     23.0    14:50      NW
02    48.5   061.6   13:39    33.2   05:46     16.5     00.0   00.02   06.4     41.4    22:08      NW
03    44.1   051.9   12:19    35.0   00:00     20.9     00.0   00.04   02.3     38.0    01:08     NNW
04    41.8   054.4   14:24    30.4   05:42     23.2     00.0   00.01   04.0     42.5    16:03     WNW
05    44.7   051.4   12:01    37.9   23:29     20.3     00.0   00.00   04.1     34.5    13:42      NW
06    40.7   048.8   11:43    30.8   00:00     24.2     00.0   00.00   04.2     34.5    11:53      NW
07    32.0   039.9   14:11    26.0   04:19     33.0     00.0   00.00   00.4     10.3    01:41     NNE
08    30.9   038.6   14:14    24.5   02:33     34.1     00.0   00.00   01.4     23.0    23:28     NNE
09    31.3   046.1   23:38    20.2   08:07     33.7     00.0   00.00   01.6     28.8    23:21      NW
10    44.4   056.2   14:28    32.6   00:00     20.5     00.0   00.00   04.7     28.8    01:07      NW
11    25.2   032.5   00:05    21.8   20:48     39.8     00.0   00.00   01.6     14.9    13:47      N 
12    21.8   030.1   15:00    15.3   07:04     43.1     00.0   00.07   00.3     10.3    01:52      NW
13    36.1   050.4   15:49    18.4   00:02     28.8     00.0   00.08   01.1     11.5    12:09      NW
14    48.4   062.1   14:59    32.9   03:43     16.5     00.0   00.00   02.7     17.3    21:10      W 
15    49.7   059.1   13:34    36.8   00:00     15.3     00.0   00.00   04.0     21.9    00:40     WNW
16    48.4   062.0   15:21    34.1   03:57     16.5     00.0   00.00   07.1     39.1    10:12      NW
17    27.2   038.3   00:03    20.8   23:30     37.7     00.0   00.01   01.3     14.9    09:15     ENE
18    32.6   048.4   15:35    17.6   06:59     32.3     00.0   00.08   01.2     16.1    11:12      W 
19    36.2   049.1   14:10    26.9   06:30     28.8     00.0   00.00   00.9     10.3    09:54     NNW
20    38.1   056.5   14:36    25.5   05:14     26.8     00.0   00.00   00.7     10.3    12:18     WSW
21    45.6   061.2   16:05    31.7   03:17     19.3     00.0   00.00   02.0     12.7    21:38     WNW
22    48.1   057.7   12:10    37.4   03:33     16.9     00.0   00.00   03.3     27.6    17:37     WNW
23    45.7   049.8   13:43    38.2   04:52     19.2     00.0   00.00   10.8     42.5    12:28      NW
24    38.5   057.6   12:12    29.3   21:53     26.4     00.0   00.00   06.3     36.8    12:43     NNW
25    33.6   042.1   13:21    23.7   06:19     31.4     00.0   00.00   05.8     29.9    13:38     NNW
26    37.1   049.8   14:25    21.6   04:23     27.9     00.0   00.00   04.5     33.4    20:43      NW
27    48.2   057.8   14:35    34.5   06:05     16.7     00.0   00.00   09.4     42.5    14:27      NW
28    50.8   057.9   12:25    38.3   21:50     14.1     00.0   00.00   07.4     42.5    06:33      NW
29    39.1   045.9   14:54    31.7   00:00     25.8     00.0   00.00   01.0     10.3    13:49      NE
30    31.6   034.6   14:41    26.2   04:59     33.4     00.0   00.00   00.4     09.2    13:17      NE
--------------------------------------------------------------------------------------------------------
39.5 (39.6)   62.1  day 14     15.3  day 12   762.1    000.0   01.02   03.5     42.6   day 04      NW
Max  0.8in)