NOAA-Style Climate Reports


Report for 2018 December

Daily noaa report



                            MONTHLY CLIMATOLOGICAL SUMMARY for DEC. 2018

NAME: Rockcreek-Hillcrest   CITY: Superior STATE: Colorado
ELEV: 5612 ft LAT: 039:55:38 LONG: 0105:09:26

                            TEMPERATURE ( °F), RAIN (in.), WIND SPEED (mph)

                                               HEAT     COOL           AVG
      MEAN                                     DEG      DEG            WIND                       DOM
DAY   TEMP    HIGH   TIME     LOW    TIME      DAYS     DAYS    RAIN   SPEED    HIGH    TIME      DIR
--------------------------------------------------------------------------------------------------------
01    34.9   045.7   13:58    25.2   00:00     30.1     00.0   00.00   04.4     32.2    17:43      NW
02    28.7   035.8   14:16    18.6   07:42     36.3     00.0   00.00   01.2     12.7    12:40     SSE
03    27.0   032.6   14:06    22.0   00:00     37.9     00.0   00.01   00.3     10.3    11:47      SE
04    28.1   036.7   15:28    19.1   01:56     36.9     00.0   00.00   06.8     36.8    05:56      NW
05    31.1   050.3   13:51    16.5   03:05     33.9     00.0   00.00   02.0     26.4    08:48     ENE
06    22.1   027.1   14:45    19.2   21:25     42.8     00.0   00.00   00.5     11.5    00:26      E 
07    28.4   040.5   15:08    19.6   07:07     36.6     00.0   00.00   00.9     12.7    02:02     ENE
08    32.5   047.1   13:47    20.0   03:36     32.4     00.0   00.00   01.1     12.7    12:11      E 
09    33.3   043.9   13:28    24.3   07:34     31.7     00.0   00.00   01.7     11.5    22:16     WNW
10    43.4   056.5   12:53    32.0   06:02     21.5     00.0   00.00   01.7     14.9    02:32      W 
11    49.1   055.3   12:24    33.8   00:00     15.9     00.0   00.00   06.5     38.0    12:52      NW
12    41.8   054.3   12:22    29.3   01:39     23.2     00.0   00.00   08.6     42.5    12:07      NW
13    30.8   042.8   13:59    19.6   07:27     34.1     00.0   00.00   01.5     19.6    00:02      S 
14    37.9   053.6   14:44    25.9   01:58     27.0     00.0   00.00   00.9     16.1    12:07      W 
15    46.4   056.1   13:32    32.0   00:04     18.5     00.0   00.00   04.6     32.2    10:42      NW
16    41.8   055.6   13:15    32.0   23:07     23.1     00.0   00.00   01.2     09.2    23:33     WNW
17    45.7   057.5   14:21    29.3   05:21     19.3     00.0   00.00   01.6     14.9    20:52     WNW
18    47.4   053.8   12:33    37.4   07:57     17.6     00.0   00.00   05.5     26.4    23:19      NW
19    41.0   049.2   01:05    27.5   21:10     23.9     00.0   00.00   06.4     33.4    13:19     NNW
20    36.2   046.9   15:01    28.6   05:01     28.8     00.0   00.00   01.4     18.4    05:41     SSW
21    48.9   060.6   09:20    29.9   00:50     16.1     00.0   00.00   09.8     42.5    13:43      NW
22    32.6   045.9   00:08    23.5   19:53     32.3     00.0   00.00   02.9     28.8    07:05     NNW
23    37.8   051.4   14:48    18.5   04:55     27.1     00.0   00.00   05.8     32.2    19:54      NW
24    37.3   047.8   14:38    30.3   00:00     27.6     00.0   00.00   01.8     23.0    15:14     WNW
25    32.8   041.9   14:26    26.4   04:22     32.2     00.0   00.00   00.4     09.2    15:29     NNE
26    28.0   035.4   12:16    18.3   07:28     36.9     00.0   00.00   01.9     14.9    14:12     ENE
27    23.5   029.7   12:15    20.0   23:57     41.5     00.0   00.00   01.8     20.7    16:12     ENE
28    18.0   022.2   15:21    15.1   07:53     46.9     00.0   00.00   00.6     10.3    10:35      S 
29    23.9   040.1   15:50    08.7   07:42     41.1     00.0   00.00   01.1     23.0    18:47      W 
30    42.2   050.8   12:57    31.0   00:03     22.8     00.0   00.00   05.4     28.8    15:12      NW
31    15.8   036.5   00:17    02.7   22:30     49.1     00.0   00.00   03.6     19.6    06:20      N 
--------------------------------------------------------------------------------------------------------
34.5 (34.5)   60.6  day 21     02.7  day 31   945.0    000.0   00.31   03.0     42.6   day 12      NW
Max