NOAA-Style Climate Reports


Report for 2019 January

Daily noaa report



                            MONTHLY CLIMATOLOGICAL SUMMARY for JAN. 2019

NAME: Rockcreek-Hillcrest   CITY: Superior STATE: Colorado
ELEV: 5612 ft LAT: 039:55:38 LONG: 0105:09:26

                            TEMPERATURE ( °F), RAIN (in.), WIND SPEED (mph)

                                               HEAT     COOL           AVG
      MEAN                                     DEG      DEG            WIND                       DOM
DAY   TEMP    HIGH   TIME     LOW    TIME      DAYS     DAYS    RAIN   SPEED    HIGH    TIME      DIR
--------------------------------------------------------------------------------------------------------
01    07.7   014.0   15:33    03.4   07:21     57.3     00.0   00.00   00.7     10.3    03:01      N 
02    24.1   040.9   15:39    08.8   02:57     40.8     00.0   00.01   00.5     10.3    05:20      NW
03    39.5   054.2   15:12    21.0   00:55     25.4     00.0   00.00   02.2     13.8    14:13      NW
04    47.8   061.7   15:35    34.9   07:06     17.2     00.0   00.00   02.0     19.6    03:05     WNW
05    47.3   056.6   13:54    37.0   07:58     17.6     00.0   00.00   01.3     16.1    02:27      NW
06    44.2   057.2   12:36    31.5   06:07     20.7     00.0   00.00   06.1     47.1    20:06      NW
07    43.3   049.1   14:42    32.6   07:44     21.7     00.0   00.01   10.9     49.5    14:17      NW
08    32.6   046.1   00:01    25.6   07:43     32.3     00.0   00.00   01.8     42.5    00:04      N 
09    35.1   047.6   15:11    24.5   01:10     29.9     00.0   00.00   00.5     11.5    20:51     NNW
10    45.5   055.2   13:46    33.7   00:04     19.4     00.0   00.00   00.9     09.2    23:59      N 
11    35.0   042.7   00:01    32.5   00:00     30.0     00.0   00.27   02.3     13.8    02:47      N 
12    31.4   038.8   13:09    24.0   23:59     33.6     00.0   00.20   00.5     08.1    12:06      N 
13    27.9   038.5   15:11    19.3   07:37     37.0     00.0   00.01   01.0     10.3    00:51     NNW
14    31.4   047.0   13:36    21.4   04:16     33.5     00.0   00.00   01.2     12.7    20:31      NW
15    34.7   047.8   13:50    24.5   06:53     30.3     00.0   00.00   00.6     08.1    07:46      NW
16    39.6   050.7   13:29    30.0   07:38     25.3     00.0   00.00   03.1     31.1    23:53     NNW
17    46.0   055.6   14:04    38.4   05:42     18.9     00.0   00.00   03.8     27.6    02:44     NNW
18    34.2   046.3   00:49    25.1   21:23     30.8     00.0   00.09   01.9     31.1    00:43      N 
19    39.6   047.1   12:46    23.9   04:12     25.4     00.0   00.06   06.6     35.6    18:29      NW
20    45.8   054.6   11:42    35.0   22:40     19.2     00.0   00.00   01.9     25.3    01:53     NNW
21    37.2   050.3   00:43    25.4   23:44     27.7     00.0   00.00   02.9     36.8    15:12      N 
22    26.7   031.3   13:30    21.7   23:06     38.2     00.0   00.00   06.1     33.4    04:52      N 
23    34.3   044.5   14:23    27.2   00:05     30.6     00.0   00.00   11.2     43.7    17:16      NW
24    23.3   029.3   01:06    17.1   21:55     41.6     00.0   00.01   01.5     21.9    07:17     WNW
25    26.8   041.3   14:24    15.3   04:39     38.2     00.0   00.02   01.0     17.3    12:22      W 
26    38.3   045.7   16:10    30.5   01:32     26.7     00.0   00.00   08.3     35.6    08:42      NW
27    45.3   052.5   16:34    33.5   00:00     19.7     00.0   00.00   14.7     58.6    21:01      NW
28    24.0   033.3   00:01    13.8   00:00     40.9     00.0   00.09   01.3     13.8    07:17     SSW
29    19.3   030.7   15:45    11.2   03:24     45.7     00.0   00.02   00.3     09.2    00:47      NW
30    32.6   046.4   15:58    08.2   06:49     32.3     00.0   00.03   06.8     38.0    19:36     NNW
31    38.7   048.4   12:35    29.6   03:53     26.2     00.0   00.00   01.1     11.5    15:34      N 
--------------------------------------------------------------------------------------------------------
34.8 (34.9)   61.7  day 04     03.4  day 01   934.0    000.0   00.00   03.4     58.7   day 27     NNW
Max