NOAA-Style Climate Reports


Report for 2019 February

Daily noaa report



                            MONTHLY CLIMATOLOGICAL SUMMARY for FEB. 2019

NAME: Rockcreek-Hillcrest   CITY: Superior STATE: Colorado
ELEV: 5612 ft LAT: 039:55:38 LONG: 0105:09:26

                            TEMPERATURE ( °F), RAIN (in.), WIND SPEED (mph)

                                               HEAT     COOL           AVG
      MEAN                                     DEG      DEG            WIND                       DOM
DAY   TEMP    HIGH   TIME     LOW    TIME      DAYS     DAYS    RAIN   SPEED    HIGH    TIME      DIR
--------------------------------------------------------------------------------------------------------
01    41.7   056.2   14:34    28.1   04:15     23.2     00.0   00.00   01.2     11.5    00:16     WNW
02    48.1   058.8   13:57    35.2   04:43     16.9     00.0   00.00   05.1     34.5    08:07      NW
03    45.8   059.7   13:05    38.4   22:31     19.2     00.0   00.00   06.4     36.8    13:53      NW
04    39.3   053.9   11:15    24.2   00:00     25.7     00.0   00.00   04.4     24.1    03:46      N 
05    29.7   045.1   15:10    17.9   07:38     35.2     00.0   00.00   00.8     10.3    12:56      NE
06    14.5   026.0   00:42    01.5   00:00     50.5     00.0   00.00   01.2     10.3    18:41     ENE
07    06.0   020.7   20:41   -06.1   06:25     58.9     00.0   00.02   01.5     33.4    20:23      N 
08    12.8   028.3   14:27   -00.5   03:09     52.1     00.0   00.02   00.3     06.9    05:58     NNE
09    26.2   039.8   10:43    14.0   00:48     38.8     00.0   00.03   01.2     13.8    20:12      NE
10    21.9   028.5   15:45    14.8   00:00     43.0     00.0   00.00   01.0     11.5    13:17      NE
11    23.3   034.7   16:45    12.0   10:26     41.7     00.0   00.00   04.0     39.1    19:50     NNW
12    39.7   049.4   14:55    28.5   07:00     25.2     00.0   00.00   05.7     34.5    18:04     NNW
13    45.9   058.2   15:43    34.1   07:04     19.0     00.0   00.01   06.2     65.5    20:17     NNW
14    43.7   057.1   10:33    28.2   00:00     21.3     00.0   00.00   06.2     57.5    04:37      N 
15    37.4   058.9   16:15    21.4   07:14     27.5     00.0   00.00   02.5     35.6    12:48      N 
16    28.3   040.1   09:14    20.4   04:03     36.6     00.0   00.00   02.3     21.9    19:27     NNE
17    25.3   033.2   09:55    14.9   00:00     39.6     00.0   00.00   04.9     26.4    04:31     NNE
18    13.0   017.3   15:37    07.7   07:22     51.9     00.0   00.00   00.7     11.5    12:29     ESE
19    15.3   019.0   14:40    11.0   23:39     49.6     00.0   00.00   00.5     10.3    11:26     NNE
20    24.5   036.8   15:43    10.6   00:45     40.5     00.0   00.00   08.3     38.0    11:52      N 
21    23.2   031.6   15:54    13.3   06:00     41.7     00.0   00.00   01.5     14.9    13:42      E 
22    22.2   024.5   00:00    20.8   03:33     42.7     00.0   00.00   00.5     09.2    14:50      E 
23    28.9   037.9   13:47    17.7   07:01     36.1     00.0   00.11   07.9     42.5    17:52      N 
24    34.8   043.5   14:29    25.5   06:59     30.1     00.0   00.00   04.0     34.5    02:57      N 
25    31.3   049.6   14:04    17.3   06:24     33.7     00.0   00.00   01.7     16.1    14:38     NNE
26    32.5   049.5   16:23    20.6   05:42     32.4     00.0   00.00   01.3     16.1    13:57     NNE
27    23.8   032.6   00:08    15.8   08:31     41.1     00.0   00.00   01.4     11.5    13:03      N 
28    38.7   056.0   15:17    21.0   06:11     26.3     00.0   00.00   02.1     19.6    16:25     NNE
--------------------------------------------------------------------------------------------------------
29.2 (29.6)   59.7  day 03    -06.1  day 07   1000.6    000.0   00.82   03.0     65.6   day 13      N 
Max