NOAA-Style Climate Reports


Report for 2019 March

Daily noaa report



                            MONTHLY CLIMATOLOGICAL SUMMARY for MAR. 2019

NAME: Rockcreek-Hillcrest   CITY: Superior STATE: Colorado
ELEV: 5612 ft LAT: 039:55:38 LONG: 0105:09:26

                            TEMPERATURE ( °F), RAIN (in.), WIND SPEED (mph)

                                               HEAT     COOL           AVG
      MEAN                                     DEG      DEG            WIND                       DOM
DAY   TEMP    HIGH   TIME     LOW    TIME      DAYS     DAYS    RAIN   SPEED    HIGH    TIME      DIR
--------------------------------------------------------------------------------------------------------
01    38.7   049.2   11:59    30.0   00:00     26.3     00.0   00.00   03.8     26.4    06:37      SE
02    19.2   030.0   00:03    03.5   00:00     45.8     00.0   00.00   04.6     19.6    04:16     NNE
03    02.7   010.2   13:27   -01.9   06:41     62.2     00.0   00.00   00.7     09.2    03:26      NE
04    08.0   017.5   15:21   -03.1   03:23     57.0     00.0   00.01   00.3     08.1    14:41      N 
05    17.0   028.9   14:50    05.2   01:07     47.9     00.0   00.03   00.5     10.3    01:37      N 
06    29.1   039.6   13:48    17.6   04:16     35.8     00.0   00.02   01.4     11.5    21:03     NNE
07    35.6   052.7   16:46    25.4   07:13     29.4     00.0   00.11   02.5     34.5    13:26      NE
08    39.3   047.3   13:03    28.3   05:51     25.7     00.0   00.01   03.1     42.5    19:21      N 
09    39.5   048.1   11:45    27.9   22:53     25.5     00.0   00.00   07.5     43.7    13:05     NNW
10    35.3   046.4   17:22    24.6   06:01     29.7     00.0   00.00   01.6     14.9    13:36     ENE
11    39.6   053.5   18:15    28.7   05:41     25.4     00.0   00.00   01.5     21.9    16:11     NNW
12    44.8   057.1   14:33    31.2   07:55     20.1     00.0   00.01   01.9     13.8    23:26     NNE
13    34.4   044.2   00:03    27.6   13:47     30.6     00.0   00.62   09.4     35.6    11:11     NNE
14    30.3   037.9   15:11    24.1   00:00     34.7     00.0   00.00   03.7     26.4    02:55     NNE
15    32.8   049.9   17:06    20.4   06:46     32.2     00.0   00.00   01.2     13.8    00:21     WSW
16    35.9   047.1   13:16    24.5   06:59     29.0     00.0   00.00   02.1     18.4    14:56      S 
17    39.5   050.9   13:55    26.1   07:20     25.5     00.0   00.00   01.9     16.1    14:30     SSE
18    36.9   046.0   16:05    28.7   07:50     28.0     00.0   00.00   01.9     12.7    23:11     NNE
19    38.0   048.5   15:01    29.2   05:10     27.0     00.0   00.00   02.8     19.6    16:14     ESE
20    42.3   057.8   16:55    25.6   06:21     22.6     00.0   00.00   01.6     14.9    15:11      SE
21    45.5   058.2   13:37    32.0   06:28     19.4     00.0   00.00   01.7     14.9    13:31      N 
22    43.2   053.2   15:37    36.7   06:23     21.7     00.0   00.00   03.4     27.6    17:54     NNE
23    41.7   049.5   13:40    36.8   06:36     23.2     00.0   00.00   04.9     18.4    22:22      S 
24    43.2   057.0   13:43    32.6   06:59     21.8     00.0   00.00   02.2     25.3    16:58      NW
25    43.9   058.9   15:34    35.3   06:45     21.1     00.0   00.00   01.8     25.3    15:33     NNE
--------------------------------------------------------------------------------------------------------
34.2 (34.7)   58.9  day 25    -03.1  day 04   767.3    000.0   00.81   02.7     43.7   day 09     NNE
Max