NOAA-Style Climate Reports


Report for 2019 April

Daily noaa report



                            MONTHLY CLIMATOLOGICAL SUMMARY for APR. 2019

NAME: Rockcreek-Hillcrest   CITY: Superior STATE: Colorado
ELEV: 5612 ft LAT: 039:55:38 LONG: 0105:09:26

                            TEMPERATURE ( °F), RAIN (in.), WIND SPEED (mph)

                                               HEAT     COOL           AVG
      MEAN                                     DEG      DEG            WIND                       DOM
DAY   TEMP    HIGH   TIME     LOW    TIME      DAYS     DAYS    RAIN   SPEED    HIGH    TIME      DIR
--------------------------------------------------------------------------------------------------------
01    44.2   056.7   16:09    30.2   07:05     20.8     00.0   00.00   02.9     23.0    12:48      NW
02    42.0   053.3   14:58    33.3   05:13     22.9     00.0   00.00   02.2     11.5    11:35     NNE
03    46.2   058.7   16:15    34.8   07:06     18.7     00.0   00.01   02.0     25.3    16:29      N 
04    50.6   065.2   16:27    35.6   06:04     14.3     00.0   00.00   01.6     12.7    16:31     WSW
05    56.8   071.4   16:14    42.8   06:06     08.2     00.0   00.00   03.2     21.9    21:29     NNW
06    56.2   067.1   12:50    42.5   05:49     08.7     00.0   00.00   04.4     29.9    23:49      NW
07    60.6   068.6   16:06    49.5   03:16     04.3     00.0   00.00   09.4     33.4    22:22      NW
08    62.8   071.4   16:49    53.6   02:38     02.1     00.0   00.00   08.3     32.2    14:01      NW
09    62.9   076.0   14:35    52.0   03:48     02.1     00.0   00.00   03.7     33.4    20:22     WSW
10    35.2   061.8   00:02    20.9   21:01     29.7     00.0   00.13   04.3     20.7    00:21     NNW
11    29.0   040.6   15:48    18.2   03:58     36.0     00.0   00.11   01.4     11.5    20:18     SSE
12    32.1   043.7   15:54    25.4   07:46     32.9     00.0   00.00   01.1     10.3    15:59     SSE
13    35.4   047.2   16:48    27.7   06:32     29.6     00.0   00.09   01.3     13.8    01:02      SE
14    48.8   063.3   18:44    33.0   00:16     16.2     00.0   00.00   04.4     41.4    13:29     WNW
15    58.6   073.3   16:19    44.3   06:51     06.4     00.0   00.00   02.5     23.0    10:28     WSW
16    51.5   062.3   15:22    40.0   06:36     13.4     00.0   00.00   01.9     23.0    18:32     NNW
17    52.1   065.0   17:00    45.7   00:00     12.9     00.0   00.00   02.6     24.1    17:40     NNW
18    49.1   063.4   16:23    39.1   06:51     15.9     00.0   00.00   03.2     18.4    17:39     SSE
19    55.5   072.0   17:02    35.4   05:32     09.5     00.0   00.00   02.5     17.3    14:37     SSE
20    66.2   079.1   15:29    53.8   01:02     00.0     01.3   00.00   04.1     25.3    23:46      W 
21    55.8   067.1   10:57    45.2   21:35     09.2     00.0   00.13   04.0     28.8    15:37     WNW
22    42.2   045.5   00:02    39.5   09:56     22.8     00.0   00.05   01.7     12.7    03:28      N 
23    52.0   065.7   18:24    42.3   05:45     13.0     00.0   00.00   01.5     12.7    16:09      NW
24    61.1   074.3   15:28    48.9   06:25     03.9     00.0   00.00   02.8     14.9    16:42      W 
25    53.4   064.8   16:14    42.9   06:44     11.6     00.0   00.00   03.6     35.6    22:37     NNE
26    55.8   076.0   15:26    40.8   05:13     09.1     00.0   00.00   04.2     41.4    18:52     WNW
27    54.6   067.6   17:43    41.1   06:55     10.4     00.0   00.01   04.4     29.9    02:56      S 
28    56.7   073.9   12:19    41.3   00:00     08.3     00.0   00.00   06.9     42.5    13:02      NW
29    33.2   041.3   00:13    29.1   23:44     31.7     00.0   00.00   00.8     13.8    03:55     ESE
30    33.0   036.3   18:35    29.2   00:56     31.9     00.0   00.26   01.3     12.7    14:17      NE
--------------------------------------------------------------------------------------------------------
49.8 (50.5)   79.1  day 20     18.2  day 11   456.1    001.3   00.79   03.3     42.6   day 10      NW
Min  .08in) 0 (> 0.8in)