NOAA-Style Climate Reports


Report for 2019 May

Daily noaa report



                            MONTHLY CLIMATOLOGICAL SUMMARY for MAY. 2019

NAME: Rockcreek-Hillcrest   CITY: Superior STATE: Colorado
ELEV: 5612 ft LAT: 039:55:38 LONG: 0105:09:26

                            TEMPERATURE ( °F), RAIN (in.), WIND SPEED (mph)

                                               HEAT     COOL           AVG
      MEAN                                     DEG      DEG            WIND                       DOM
DAY   TEMP    HIGH   TIME     LOW    TIME      DAYS     DAYS    RAIN   SPEED    HIGH    TIME      DIR
--------------------------------------------------------------------------------------------------------
01    38.0   044.1   16:30    33.8   04:35     26.9     00.0   00.08   01.9     11.5    15:42      E 
02    46.9   059.7   17:37    34.8   06:39     18.0     00.0   00.02   01.9     17.3    21:51      NE
03    54.9   071.2   17:29    38.1   06:13     10.0     00.0   00.00   01.3     14.9    12:52     WNW
04    56.6   072.5   15:39    39.1   06:10     08.3     00.0   00.00   03.4     25.3    20:25      NW
05    62.4   074.2   14:50    50.9   04:47     02.6     00.0   00.00   04.5     26.4    16:56      NW
06    58.3   070.3   15:11    49.1   00:00     06.7     00.0   00.02   02.6     20.7    19:07     NNE
07    46.2   049.3   23:40    43.8   06:49     18.7     00.0   00.18   00.8     14.9    23:57     NNE
08    40.6   048.7   00:01    33.0   23:42     24.3     00.0   00.27   02.8     18.4    13:14     NNW
09    34.5   039.6   16:32    31.3   07:06     30.4     00.0   00.22   00.6     10.3    12:10      NW
10    45.1   054.9   13:47    35.7   01:59     19.8     00.0   00.00   01.4     18.4    15:19      NW
11    50.5   063.2   10:48    40.2   04:40     14.4     00.0   00.00   03.8     21.9    14:45      N 
12    58.0   074.4   17:52    38.9   02:34     06.9     00.0   00.00   02.3     19.6    00:00      S 
13    64.0   080.8   15:08    47.0   05:34     00.9     00.0   00.00   02.9     20.7    16:12      NW
14    67.6   083.1   13:57    54.2   00:00     00.0     02.6   00.00   02.8     19.6    11:46     WNW
15    67.5   084.4   16:58    49.6   04:49     00.0     02.5   00.00   02.2     32.2    14:26     WSW
16    66.0   080.3   14:45    54.5   05:39     00.0     01.1   00.00   02.2     28.8    17:14     WSW
17    55.6   068.2   12:32    44.5   23:54     09.3     00.0   00.08   03.7     32.2    13:39     NNW
18    51.3   061.1   16:46    39.7   06:25     13.7     00.0   00.01   02.5     24.1    20:22     NNE
19    43.0   049.0   15:31    36.2   08:14     22.0     00.0   00.00   02.6     18.4    23:50      N 
20    36.8   042.1   00:01    32.7   00:00     28.1     00.0   00.25   01.5     16.1    00:39      NE
21    35.5   040.0   17:03    32.0   06:21     29.5     00.0   00.49   02.0     16.1    14:39      N 
22    40.7   047.0   16:58    32.4   05:37     24.2     00.0   00.09   01.0     13.8    14:53     SSW
23    40.7   044.9   19:08    37.7   00:00     24.3     00.0   00.08   00.9     13.8    05:52      SW
24    55.6   070.6   16:25    37.4   00:19     09.3     00.0   00.01   05.7     26.4    05:18     WNW
25    60.4   077.5   16:51    41.1   05:36     04.5     00.0   00.00   02.8     23.0    13:30     SSW
26    58.5   069.7   12:40    47.9   03:24     06.5     00.0   00.00   03.1     17.3    18:34      N 
27    55.0   068.1   17:27    45.6   05:52     09.9     00.0   00.00   02.9     26.4    20:05     NNW
28    47.3   058.6   14:29    37.6   06:22     17.6     00.0   01.12   02.6     23.0    19:47      N 
29    49.0   060.1   15:41    40.5   06:12     15.9     00.0   00.00   01.7     13.8    18:08      NE
30    56.0   068.7   13:41    40.3   05:05     08.9     00.0   00.00   02.6     13.8    14:16      SE
31    61.5   077.2   15:52    47.4   03:25     03.5     00.0   00.00   03.0     24.1    15:14     WNW
--------------------------------------------------------------------------------------------------------
51.7 (51.9)   84.4  day 15     31.3  day 09   415.2    006.2   02.93   02.5     32.2   day 02      NW
Min  .008in) 10 (> .08in) 1 (> 0.8in)