NOAA-Style Climate Reports


Report for 2019 June

Daily noaa report



                            MONTHLY CLIMATOLOGICAL SUMMARY for JUN. 2019

NAME: Rockcreek-Hillcrest   CITY: Superior STATE: Colorado
ELEV: 5612 ft LAT: 039:55:38 LONG: 0105:09:26

                            TEMPERATURE ( °F), RAIN (in.), WIND SPEED (mph)

                                               HEAT     COOL           AVG
      MEAN                                     DEG      DEG            WIND                       DOM
DAY   TEMP    HIGH   TIME     LOW    TIME      DAYS     DAYS    RAIN   SPEED    HIGH    TIME      DIR
--------------------------------------------------------------------------------------------------------
01    61.7   075.0   18:14    49.2   06:10     03.2     00.0   00.00   01.8     16.1    16:10      NW
02    63.3   075.8   11:09    50.8   06:19     01.6     00.0   00.32   01.6     24.1    15:26     NNW
03    63.9   079.0   13:33    51.8   05:15     01.1     00.0   00.00   02.6     26.4    17:06     WSW
04    65.8   080.2   14:53    53.4   02:23     00.0     00.9   00.00   02.4     26.4    16:25     WSW
05    61.3   079.7   15:05    32.0   13:01     03.7     00.0   00.00   01.3     12.7    15:18     WSW
06    75.1   083.6   13:24    60.5   00:00     00.0     10.2   00.41   04.0     43.7    21:15     SSE
07    68.6   087.9   14:59    55.7   04:22     00.0     03.7   00.00   01.6     34.5    16:51      NW
08    65.3   079.1   10:44    49.2   00:00     00.0     00.3   00.05   03.9     29.9    06:49     NNW
09    53.0   064.3   17:37    43.1   04:47     11.9     00.0   00.00   02.0     14.9    01:27     WSW
10    62.1   082.2   16:53    43.4   06:15     02.8     00.0   00.00   02.1     16.1    12:22     WNW
11    64.7   075.6   11:09    53.8   04:14     00.3     00.0   00.00   03.0     23.0    15:09     NNW
12    63.9   074.9   15:41    54.2   06:32     01.1     00.0   00.00   01.9     14.9    18:14     NNW
13    69.3   089.1   14:30    52.3   06:10     00.0     04.4   00.04   05.5     38.0    20:34     WNW
14    71.4   082.0   12:26    63.9   15:35     00.0     06.4   00.10   05.7     38.0    21:01      NW
15    67.4   078.8   13:27    56.8   00:00     00.0     02.5   00.00   02.1     20.7    18:12     NNW
16    62.6   079.0   14:06    51.8   04:02     02.3     00.0   00.47   01.8     19.6    15:23     NNW
17    60.5   073.1   14:00    53.8   01:43     04.5     00.0   00.40   01.6     26.4    15:18     NNW
18    59.6   072.2   16:17    54.4   05:59     05.4     00.0   00.15   01.4     32.2    16:35     NNW
19    69.5   081.6   13:56    53.9   05:52     00.0     04.6   00.00   05.0     38.0    14:27     NNW
20    69.0   082.8   18:10    56.8   06:42     00.0     04.1   00.00   04.8     42.5    19:56      NW
21    56.2   065.7   11:13    49.7   00:00     08.7     00.0   00.29   02.7     19.6    13:09     NNW
22    51.1   058.7   14:20    45.5   06:32     13.9     00.0   00.51   02.1     26.4    07:24     SSW
23    53.6   066.1   18:28    44.8   05:01     11.3     00.0   00.00   02.5     19.6    12:30     NNW
24    68.1   082.0   15:55    50.8   01:10     00.0     03.2   00.00   03.5     26.4    08:26     NNW
25    69.3   083.2   19:39    55.3   04:27     00.0     04.3   00.00   02.4     32.2    16:06      NW
26    71.7   087.9   15:22    55.5   05:31     00.0     06.8   00.00   02.8     32.2    14:24      NW
27    76.0   089.2   13:22    57.0   05:45     00.0     11.1   00.00   02.7     17.3    11:49     NNW
28    78.4   097.6   14:11    58.9   04:13     00.0     13.5   00.00   02.3     19.6    21:20      NW
29    80.0   091.3   13:17    69.8   04:22     00.0     15.0   00.00   02.6     21.9    14:53      W 
30    73.1   090.3   12:16    62.0   04:15     00.0     08.2   00.18   02.1     29.9    18:04      NW
--------------------------------------------------------------------------------------------------------
65.9 (66.3)   97.6  day 28     32.0  day 05   071.7    099.3   02.92   02.7     43.7   day 13      NW
Max >=  86: 7
Min  .008in) 9 (> .08in) 0 (> 0.8in)