NOAA-Style Climate Reports


Report for 2019 July

Daily noaa report



                            MONTHLY CLIMATOLOGICAL SUMMARY for JUL. 2019

NAME: Rockcreek-Hillcrest   CITY: Superior STATE: Colorado
ELEV: 5612 ft LAT: 039:55:38 LONG: 0105:09:26

                            TEMPERATURE ( °F), RAIN (in.), WIND SPEED (mph)

                                               HEAT     COOL           AVG
      MEAN                                     DEG      DEG            WIND                       DOM
DAY   TEMP    HIGH   TIME     LOW    TIME      DAYS     DAYS    RAIN   SPEED    HIGH    TIME      DIR
--------------------------------------------------------------------------------------------------------
01    69.6   083.0   14:15    60.2   04:39     00.0     04.7   00.38   02.5     20.7    16:52      NW
02    70.1   085.4   15:58    57.0   05:04     00.0     05.2   00.00   02.1     16.1    17:00     WNW
03    78.8   091.2   16:55    62.8   00:55     00.0     13.9   00.00   02.8     13.8    22:26      NW
04    70.0   086.2   17:55    60.1   05:29     00.0     05.1   00.54   02.3     19.6    18:50     NNW
05    67.2   082.5   16:05    57.2   20:10     00.0     02.2   00.69   02.4     43.7    19:34      NW
06    67.9   080.6   19:06    57.3   06:22     00.0     02.9   00.00   01.4     13.8    15:40      N 
07    70.3   088.6   15:24    57.8   06:32     00.0     05.4   00.04   01.6     17.3    18:15     NNW
08    71.1   085.1   17:43    57.6   06:11     00.0     06.1   00.01   02.0     31.1    23:39     WSW
09    74.7   091.7   14:09    58.2   04:44     00.0     09.7   00.00   03.4     24.1    16:07      W 
10    68.7   085.4   16:49    53.7   06:13     00.0     03.8   00.00   02.0     16.1    16:13      N 
11    85.7   093.9   17:28    72.6   00:00     00.0     20.8   00.00   04.0     40.3    21:30      NW
12    76.2   092.3   15:31    66.0   22:17     00.0     11.3   00.00   02.3     25.3    18:35     WNW
13    74.7   090.4   13:57    59.5   06:30     00.0     09.8   00.11   02.9     19.6    20:30      W 
14    76.5   090.6   17:29    66.2   04:20     00.0     11.5   00.00   01.8     20.7    23:42     WNW
15    73.5   090.1   12:07    62.0   06:37     00.0     08.6   00.02   03.2     33.4    12:24     NNW
16    74.9   089.7   16:04    57.2   05:58     00.0     10.0   00.10   01.7     24.1    16:34      NW
17    81.7   094.6   15:25    69.2   00:16     00.0     16.8   00.00   03.0     24.1    12:34      NW
18    83.1   101.5   16:45    62.9   05:57     00.0     18.2   00.00   02.6     19.6    19:09      W 
19    84.6   100.8   16:37    69.4   06:22     00.0     19.6   00.00   02.0     17.3    08:34     WNW
20    73.9   084.3   09:07    59.7   19:03     00.0     08.9   00.31   02.5     26.4    18:04      NW
21    70.0   084.1   14:12    56.9   06:28     00.0     05.1   00.05   02.0     19.6    20:14     NNW
22    69.6   081.9   15:58    61.8   00:04     00.0     04.6   00.00   02.3     23.0    16:11     NNW
23    72.3   086.6   15:35    57.9   06:42     00.0     07.3   00.00   01.5     11.5    22:20      NW
24    77.0   095.2   14:37    62.1   05:32     00.0     12.1   00.00   02.4     26.4    17:59     WNW
25    75.3   088.1   14:59    64.6   06:47     00.0     10.3   00.00   02.8     27.6    16:48     WNW
26    77.6   092.1   13:23    62.9   06:13     00.0     12.7   00.00   01.8     19.6    17:59     NNW
27    75.0   085.4   15:21    65.5   04:50     00.0     10.0   00.00   02.1     23.0    18:13     WNW
28    77.5   089.2   16:40    64.8   03:34     00.0     12.5   00.00   02.4     18.4    10:24     NNW
29    76.7   091.2   16:29    57.5   06:31     00.0     11.8   00.00   02.2     21.9    16:54     NNW
30    73.4   090.6   14:59    56.4   06:24     00.0     08.5   00.09   02.6     38.0    16:30      NW
31    77.5   088.5   13:53    66.8   21:37     00.0     12.5   00.04   02.5     21.9    20:34     NNW
--------------------------------------------------------------------------------------------------------
74.7 (75.2)   101.5  day 18     53.7  day 10   000.0    301.9   02.38   02.4     43.7   day 22      NW
Max >=  86: 21
Min  .008in) 7 (> .08in) 0 (> 0.8in)