NOAA-Style Climate Reports


Report for 2019 August

Daily noaa report



                            MONTHLY CLIMATOLOGICAL SUMMARY for AUG. 2019

NAME: Rockcreek-Hillcrest   CITY: Superior STATE: Colorado
ELEV: 5612 ft LAT: 039:55:38 LONG: 0105:09:26

                            TEMPERATURE ( °F), RAIN (in.), WIND SPEED (mph)

                                               HEAT     COOL           AVG
      MEAN                                     DEG      DEG            WIND                       DOM
DAY   TEMP    HIGH   TIME     LOW    TIME      DAYS     DAYS    RAIN   SPEED    HIGH    TIME      DIR
--------------------------------------------------------------------------------------------------------
01    70.5   081.0   12:38    62.3   05:42     00.0     05.5   00.10   01.4     16.1    00:02     NNW
02    73.4   086.1   15:02    60.1   05:23     00.0     08.4   00.00   02.1     18.4    16:23     NNW
03    84.8   092.6   14:01    70.5   23:52     00.0     19.8   00.00   02.2     16.1    19:31      S 
04    76.8   086.8   13:21    64.0   05:22     00.0     11.8   00.00   04.3     34.5    21:36      NW
05    76.0   088.6   14:38    65.2   06:57     00.0     11.1   00.00   02.7     26.4    00:08     NNW
06    77.9   094.1   15:30    60.4   06:20     00.0     12.9   00.00   01.2     12.7    15:00     NNW
07    74.8   085.9   16:35    65.5   00:00     00.0     09.9   00.01   01.3     19.6    17:28     NNW
08    68.9   078.2   12:07    61.5   03:43     00.0     04.0   00.03   01.1     14.9    16:43     NNW
09    76.4   093.9   18:09    63.2   06:54     00.0     11.4   00.01   03.0     32.2    18:35     WNW
10    75.1   082.4   16:55    67.2   06:53     00.0     10.2   00.00   02.0     20.7    14:30     NNW
11    71.7   082.6   12:29    63.4   07:18     00.0     06.8   00.00   02.9     27.6    14:00      NW
12    76.3   088.2   13:45    63.5   03:58     00.0     11.4   00.00   03.2     33.4    13:49      NW
13    72.9   085.3   13:43    56.1   05:55     00.0     07.9   00.00   02.8     20.7    15:02     NNW
14    72.1   088.5   17:33    57.0   06:41     00.0     07.2   00.00   01.5     16.1    17:58     NNW
15    78.2   092.4   15:03    60.2   04:13     00.0     13.2   00.00   04.6     34.5    14:40      NW
16    71.5   089.5   17:54    59.2   07:02     00.0     06.5   00.00   02.7     20.7    18:48      NW
17    76.3   089.7   14:46    62.2   06:40     00.0     11.3   00.00   03.5     34.5    17:53      W 
18    71.8   088.8   18:41    57.5   06:42     00.0     06.9   00.00   01.4     13.8    01:36     NNW
19    81.9   097.0   16:39    65.9   05:35     00.0     16.9   00.00   02.0     16.1    14:08      NW
20    79.2   096.0   16:34    65.0   06:55     00.0     14.3   00.00   02.5     26.4    17:45     NNW
21    70.3   080.0   14:57    63.3   00:00     00.0     05.3   00.05   02.5     19.6    21:39     WNW
22    71.1   087.2   15:03    56.2   07:07     00.0     06.2   00.00   02.1     33.4    14:26     WNW
23    73.0   088.2   15:31    65.0   07:00     00.0     08.1   00.00   02.3     23.0    12:42      NW
24    70.0   087.0   16:35    53.3   06:48     00.0     05.0   00.00   01.5     12.7    16:43     NNW
25    80.7   094.3   17:16    61.9   04:10     00.0     15.8   00.00   04.6     31.1    12:39      NW
26    68.6   083.3   00:13    56.8   07:03     00.0     03.7   00.00   01.9     26.4    03:41     NNW
27    63.3   074.6   16:38    53.1   06:44     01.7     00.0   00.00   02.3     18.4    17:12     NNW
28    71.6   091.2   18:55    50.6   06:05     00.0     06.6   00.00   02.0     16.1    14:08     NNW
29    76.7   086.3   14:54    62.5   00:00     00.0     11.8   00.00   04.3     21.9    09:11     WNW
30    68.5   084.2   17:23    54.9   06:31     00.0     03.5   00.00   01.3     13.8    15:28      NW
31    73.0   088.6   15:35    56.9   07:22     00.0     08.1   00.00   01.5     13.8    17:36     NNW
--------------------------------------------------------------------------------------------------------
74.0 (74.1)   97.0  day 19     50.6  day 28   001.7    281.7   00.20   02.4     34.5   day 17      NW
Max >=  86: 21
Min  .008in) 1 (> .08in) 0 (> 0.8in)