NOAA-Style Climate Reports


Report for 2019 September

Daily noaa report



                            MONTHLY CLIMATOLOGICAL SUMMARY for SEP. 2019

NAME: Rockcreek-Hillcrest   CITY: Superior STATE: Colorado
ELEV: 5612 ft LAT: 039:55:38 LONG: 0105:09:26

                            TEMPERATURE ( °F), RAIN (in.), WIND SPEED (mph)

                                               HEAT     COOL           AVG
      MEAN                                     DEG      DEG            WIND                       DOM
DAY   TEMP    HIGH   TIME     LOW    TIME      DAYS     DAYS    RAIN   SPEED    HIGH    TIME      DIR
--------------------------------------------------------------------------------------------------------
01    77.0   095.4   15:33    58.8   06:59     00.0     12.1   00.00   00.8     16.1    13:25      NW
02    83.0   096.3   14:59    70.0   02:58     00.0     18.0   00.00   02.7     14.9    07:29     WNW
03    74.7   081.2   17:34    66.9   07:30     00.0     09.7   00.00   02.6     17.3    06:32      NW
04    73.0   086.0   15:13    59.0   03:39     00.0     08.0   00.00   02.2     20.7    20:19      NW
05    81.1   094.9   14:27    69.3   23:35     00.0     16.2   00.00   02.6     24.1    15:53      NW
06    68.6   076.9   13:06    59.4   06:49     00.0     03.7   00.33   00.3     12.7    01:07      NW
07    74.6   087.2   17:15    62.3   05:53     00.0     09.6   00.00   05.0     29.9    12:13      NW
08    61.7   073.8   14:32    52.8   06:56     03.3     00.0   00.23   01.4     24.1    00:35     NNW
09    67.1   082.0   16:31    52.6   07:29     00.0     02.1   00.01   01.6     13.8    15:42     SSE
10    70.0   082.3   16:00    58.7   06:30     00.0     05.0   00.00   01.8     17.3    16:22     NNW
11    64.2   075.8   14:46    55.4   07:13     00.7     00.0   00.00   02.8     27.6    20:52     NNW
12    64.0   076.1   16:20    53.2   06:02     00.9     00.0   00.00   00.7     16.1    18:07     NNW
13    62.6   079.6   18:17    48.3   04:45     02.4     00.0   00.00   01.0     11.5    16:26      N 
14    70.5   088.2   16:38    55.7   07:12     00.0     05.5   00.00   02.3     24.1    11:41      NW
15    70.8   086.1   15:43    53.0   07:08     00.0     05.8   00.00   01.1     11.5    17:00     WNW
16    72.9   086.8   15:13    60.4   06:32     00.0     07.9   00.00   01.7     13.8    11:38     SSW
17    74.5   086.0   15:20    66.3   07:49     00.0     09.6   00.00   03.8     21.9    11:13     WNW
18    65.1   076.8   16:43    53.7   07:36     00.0     00.2   00.00   02.0     16.1    12:40      N 
19    66.9   084.5   15:23    48.7   06:34     00.0     01.9   00.00   01.5     14.9    21:54     NNW
20    71.3   086.3   15:50    56.7   07:19     00.0     06.3   00.00   05.5     34.5    22:13     WNW
21    62.6   074.2   13:39    50.0   00:00     02.4     00.0   00.01   02.9     23.0    02:57     NNW
22    57.9   075.5   17:40    43.9   07:06     07.1     00.0   00.00   01.3     17.3    15:59     NNW
23    63.0   080.1   15:28    46.3   07:11     01.9     00.0   00.00   01.0     10.3    12:37     NNW
24    72.7   085.0   14:50    61.7   00:03     00.0     07.8   00.00   03.2     25.3    11:09      NW
25    65.8   079.4   16:35    54.7   07:21     00.0     00.8   00.00   01.9     16.1    13:46      E 
26    63.8   086.2   16:46    41.8   06:43     01.2     00.0   00.00   03.2     29.9    17:40      NW
27    60.5   074.0   00:22    47.0   07:13     04.4     00.0   00.01   03.4     25.3    16:45     NNW
28    56.8   070.2   16:49    47.1   07:17     08.2     00.0   00.01   00.9     11.5    15:57     NNW
29    66.6   087.4   15:26    45.9   07:33     00.0     01.7   00.00   04.7     40.3    20:42      SW
30    59.5   069.2   16:11    50.1   06:48     05.4     00.0   00.00   03.1     19.6    18:11     NNW
--------------------------------------------------------------------------------------------------------
68.1 (68.6)   96.3  day 02     41.8  day 26   037.8    132.1   00.60   02.3     40.3   day 12      NW
Max >=  86: 12
Min  .008in) 2 (> .08in) 0 (> 0.8in)