NOAA-Style Climate Reports


Report for 2019 October

Daily noaa report



                            MONTHLY CLIMATOLOGICAL SUMMARY for OCT. 2019

NAME: Rockcreek-Hillcrest   CITY: Superior STATE: Colorado
ELEV: 5612 ft LAT: 039:55:38 LONG: 0105:09:26

                            TEMPERATURE ( °F), RAIN (in.), WIND SPEED (mph)

                                               HEAT     COOL           AVG
      MEAN                                     DEG      DEG            WIND                       DOM
DAY   TEMP    HIGH   TIME     LOW    TIME      DAYS     DAYS    RAIN   SPEED    HIGH    TIME      DIR
--------------------------------------------------------------------------------------------------------
01    47.6   051.7   00:01    43.2   00:00     17.3     00.0   00.11   01.2     11.5    10:17     NNW
02    48.2   063.0   17:27    40.8   07:21     16.7     00.0   00.03   01.0     10.3    14:39     NNW
03    52.4   065.7   16:17    44.2   08:21     12.6     00.0   00.00   00.2     10.3    15:12      NW
04    54.8   070.5   16:10    37.8   06:46     10.1     00.0   00.01   02.2     38.0    00:00      NW
05    55.8   065.6   17:02    46.1   23:22     09.1     00.0   00.00   02.9     48.3    00:31      NW
06    50.1   061.2   17:14    41.4   00:00     14.9     00.0   00.00   00.0     00.0    00:00     NNW
07    53.0   077.1   17:54    34.0   07:09     11.9     00.0   00.00   00.0     01.1    15:45      NW
08    65.8   078.4   14:19    48.4   00:01     00.0     00.9   00.00   00.0     00.0    00:00      NW
09    59.3   078.6   15:02    30.7   00:00     05.6     00.0   00.01   00.3     11.5    23:57      NW
10    23.5   030.7   00:07    20.6   23:02     41.4     00.0   00.01   01.7     19.6    00:57      N 
11    35.6   052.3   15:52    16.7   05:49     29.3     00.0   00.04   01.5     33.4    09:02     NNW
12    45.2   066.5   15:47    30.7   05:42     19.8     00.0   00.00   01.9     26.4    16:28      NW
13    53.0   073.3   14:50    35.9   05:09     12.0     00.0   00.00   00.1     09.2    09:57     NNW
14    62.2   075.0   15:19    49.3   07:00     02.7     00.0   00.00   00.0     00.0    00:00      N 
15    46.9   059.9   17:04    32.4   07:21     18.1     00.0   00.00   00.0     00.0    00:00      N 
16    56.6   079.5   15:51    36.3   05:20     08.3     00.0   00.00   00.0     00.0    00:00      N 
17    63.1   076.9   15:15    50.2   05:31     01.9     00.0   00.00   00.0     00.0    00:00      N 
18    56.5   063.2   00:02    48.4   22:07     08.4     00.0   00.00   00.0     12.7    13:54      N 
19    50.9   061.9   16:27    40.2   07:36     14.0     00.0   00.00   00.0     00.0    00:00      N 
20    42.4   049.2   02:16    37.3   00:00     22.5     00.0   00.00   00.0     00.0    00:00      N 
21    41.3   051.3   14:57    32.2   03:13     23.6     00.0   00.00   00.0     00.0    00:00      N 
22    50.6   059.4   16:06    36.8   00:26     14.3     00.0   00.00   00.0     00.0    00:00      N 
23    43.3   056.3   00:36    29.9   00:00     21.7     00.0   00.00   00.0     00.0    00:00      N 
24    32.5   040.5   14:52    25.4   07:53     32.4     00.0   00.40   00.0     00.0    00:00      N 
25    44.8   061.3   16:40    27.8   04:20     20.2     00.0   00.00   00.7     08.1    23:23      NW
26    55.1   072.5   14:45    33.6   00:00     09.8     00.0   00.00   07.0     35.6    18:15     WNW
27    23.0   033.6   00:01    16.8   23:39     41.9     00.0   00.00   04.7     17.3    00:12     NNE
28    19.9   028.0   15:23    16.5   05:27     45.0     00.0   00.13   00.7     05.8    02:14      E 
29    13.4   020.2   02:50    07.7   23:58     51.5     00.0   00.00   00.0     00.0    00:00      N 
30    14.7   026.6   22:36    06.4   07:53     50.3     00.0   00.02   03.7     24.1    23:34     WSW
31    27.3   042.2   14:54    13.9   06:33     37.6     00.0   00.12   02.4     18.4    18:25     WNW
--------------------------------------------------------------------------------------------------------
44.8 (45.2)   79.5  day 16     06.4  day 30   625.0    000.9   00.88   01.0     48.3   day 02     NNW
Max