NOAA-Style Climate Reports


Report for 2019 November

Daily noaa report



                            MONTHLY CLIMATOLOGICAL SUMMARY for NOV. 2019

NAME: Rockcreek-Hillcrest   CITY: Superior STATE: Colorado
ELEV: 5612 ft LAT: 039:55:38 LONG: 0105:09:26

                            TEMPERATURE ( °F), RAIN (in.), WIND SPEED (mph)

                                               HEAT     COOL           AVG
      MEAN                                     DEG      DEG            WIND                       DOM
DAY   TEMP    HIGH   TIME     LOW    TIME      DAYS     DAYS    RAIN   SPEED    HIGH    TIME      DIR
--------------------------------------------------------------------------------------------------------
01    31.4   042.7   00:47    23.2   23:42     33.5     00.0   00.00   03.7     13.8    02:22     SSE
02    31.6   044.1   17:03    20.5   03:34     33.3     00.0   00.00   02.6     11.5    15:04      W 
03    42.8   055.3   16:03    29.0   03:43     22.1     00.0   00.00   03.6     28.8    07:45      W 
04    38.8   046.1   13:12    31.9   22:13     26.1     00.0   00.00   02.7     12.7    11:24      NW
05    42.3   058.3   14:32    30.0   05:35     22.7     00.0   00.00   02.5     10.3    20:47      SW
06    36.8   052.4   09:12    27.3   00:00     28.2     00.0   00.00   04.6     19.6    12:50      NE
07    35.0   046.3   16:11    27.3   00:16     30.0     00.0   00.02   02.2     10.3    14:39      SE
08    49.9   067.9   13:25    28.7   04:00     15.0     00.0   00.00   06.9     28.8    15:12      W 
09    60.6   075.6   13:10    46.7   05:44     04.3     00.0   00.00   05.8     20.7    13:48     WSW
10    50.8   067.8   13:39    24.1   00:00     14.1     00.0   00.00   06.2     31.1    23:37      NE
11    18.7   025.7   16:05    11.7   08:23     46.2     00.0   00.00   03.5     19.6    00:58     ENE
12    40.8   061.9   14:09    18.2   01:10     24.1     00.0   00.01   03.9     29.9    23:52      W 
13    50.2   058.4   00:07    36.2   22:20     14.7     00.0   00.00   07.6     41.4    10:42     WSW
14    41.4   052.8   13:09    32.4   07:30     23.6     00.0   00.00   02.6     11.5    13:52     SSE
15    52.1   069.2   15:13    37.6   02:43     12.9     00.0   00.00   03.6     19.6    11:15     SSW
16    52.1   063.1   14:17    36.0   00:00     12.8     00.0   00.00   08.4     33.4    17:34      W 
17    46.4   057.6   22:48    33.7   03:23     18.5     00.0   00.00   05.3     34.5    23:13      SW
18    57.1   064.6   13:45    44.9   00:00     07.8     00.0   00.00   13.2     43.7    01:07      W 
19    48.8   061.0   14:34    36.9   06:35     16.2     00.0   00.00   03.3     16.1    11:55      SW
20    41.6   050.1   09:14    28.1   00:00     23.3     00.0   00.04   03.8     18.4    14:48      N 
21    26.8   028.3   15:21    25.6   09:30     38.2     00.0   00.00   01.9     08.1    03:43     ENE
22    30.0   036.9   23:01    26.3   21:03     34.9     00.0   00.23   01.9     16.1    22:41      W 
23    43.6   056.6   15:14    35.6   00:01     21.3     00.0   00.04   06.5     27.6    20:52     WSW
24    52.7   060.9   13:42    38.9   00:01     12.2     00.0   00.00   12.3     47.1    12:13      W 
25    35.7   048.9   01:33    25.3   00:00     29.2     00.0   00.00   05.8     27.6    00:26     NNW
26    21.2   025.3   00:07    10.6   23:51     43.7     00.0   00.00   05.5     23.0    01:42     NNW
27    13.1   021.9   12:16    07.0   03:20     51.9     00.0   00.01   02.3     11.5    15:11      W 
28    16.7   025.6   13:39    12.6   06:29     48.2     00.0   00.03   02.1     09.2    13:49      W 
29    20.5   034.5   23:55    11.5   00:55     44.4     00.0   00.00   03.5     40.3    23:54     WNW
30    33.1   036.4   04:35    23.4   20:02     31.9     00.0   00.03   10.7     50.6    02:37     WNW
--------------------------------------------------------------------------------------------------------
38.8 (38.6)   75.6  day 09     07.0  day 27   785.6    000.0   00.41   05.0     50.6   day 29      W 
Max