NOAA-Style Climate Reports


Report for 2019 December

Daily noaa report



                            MONTHLY CLIMATOLOGICAL SUMMARY for DEC. 2019

NAME: Rockcreek-Hillcrest   CITY: Superior STATE: Colorado
ELEV: 5612 ft LAT: 039:55:38 LONG: 0105:09:26

                            TEMPERATURE ( °F), RAIN (in.), WIND SPEED (mph)

                                               HEAT     COOL           AVG
      MEAN                                     DEG      DEG            WIND                       DOM
DAY   TEMP    HIGH   TIME     LOW    TIME      DAYS     DAYS    RAIN   SPEED    HIGH    TIME      DIR
--------------------------------------------------------------------------------------------------------
01    26.5   035.1   05:48    21.2   19:20     38.4     00.0   00.01   03.4     26.4    00:02      W 
02    41.1   053.1   18:32    23.5   00:01     23.8     00.0   00.10   04.4     29.9    18:20      W 
03    48.2   053.2   14:28    38.0   21:01     16.8     00.0   00.00   11.7     51.8    07:57      W 
04    40.9   050.9   15:28    33.4   20:47     24.0     00.0   00.00   02.5     18.4    00:27     WSW
05    37.3   042.9   01:42    30.1   00:00     27.7     00.0   00.03   01.1     16.1    14:17      NW
06    34.6   050.1   15:07    25.5   04:43     30.4     00.0   00.02   00.3     09.2    17:18     WSW
07    46.3   059.5   12:46    31.4   02:32     18.6     00.0   00.01   09.3     40.3    14:38     WSW
08    48.0   055.5   14:41    40.1   08:26     17.0     00.0   00.00   08.8     34.5    13:14      W 
09    30.3   043.8   00:15    24.5   22:39     34.7     00.0   00.00   03.5     34.5    00:07     ESE
10    29.7   041.7   20:40    20.6   05:50     35.2     00.0   00.00   02.5     14.9    20:24      W 
11    41.4   053.0   15:38    28.8   04:02     23.6     00.0   00.00   06.4     35.6    15:39      W 
12    44.5   052.3   13:09    36.7   10:04     20.4     00.0   00.00   09.9     39.1    15:09      W 
13    38.8   044.8   01:11    31.2   00:00     26.2     00.0   00.00   06.4     26.4    01:27      W 
14    29.8   035.1   12:29    24.7   23:57     35.1     00.0   00.00   03.5     17.3    14:56      NW
15    26.6   043.8   05:57    20.8   07:34     38.4     00.0   00.00   03.4     19.6    21:52     SSE
16    26.0   033.5   15:13    21.2   06:48     38.9     00.0   00.00   04.6     23.0    23:59      W 
17    32.4   044.6   12:53    23.9   00:43     32.6     00.0   00.00   06.0     26.4    16:47      W 
18    38.8   052.5   14:32    24.7   00:22     26.2     00.0   00.00   02.9     13.8    05:18     WSW
19    38.7   047.5   12:38    29.7   02:44     26.2     00.0   00.00   05.0     31.1    08:02     WSW
20    42.4   053.4   14:15    33.2   07:43     22.5     00.0   00.00   05.9     21.9    02:35     WSW
21    48.3   065.2   14:42    37.5   06:01     16.6     00.0   00.00   03.6     14.9    03:49      SW
22    51.5   065.3   13:49    41.9   04:18     13.4     00.0   00.00   03.0     11.5    13:14      SW
23    47.9   059.4   13:34    41.6   04:21     17.1     00.0   00.00   02.4     09.2    00:51     WSW
24    44.5   054.3   12:08    37.0   18:56     20.4     00.0   00.00   03.2     13.8    12:26      W 
25    38.1   051.9   12:06    28.8   23:57     26.8     00.0   00.00   04.2     28.8    14:52      W 
26    28.4   034.0   15:27    23.9   20:35     36.6     00.0   00.00   02.9     11.5    14:22      W 
27    28.0   034.7   14:21    21.4   07:48     37.0     00.0   00.00   02.7     11.5    14:48     NNW
28    25.6   029.2   11:01    21.0   23:36     39.3     00.0   00.00   05.9     32.2    12:40      N 
29    24.4   032.8   14:15    18.6   23:12     40.6     00.0   00.00   06.2     26.4    18:25     WSW
30    26.3   035.7   15:15    20.2   00:09     38.7     00.0   00.00   05.3     17.3    21:05      SW
31    37.0   049.4   13:46    19.2   06:17     27.9     00.0   00.00   08.4     31.1    21:35     WSW
--------------------------------------------------------------------------------------------------------
36.8 (37.6)   65.3  day 22     18.6  day 29   870.8    000.0   00.17   04.8     51.8   day 03      W 
Max  0.8in)